--
--


SET transaction_timeout = 0;
SELECT pg_catalog.set_config('search_path', '', false);

ALTER TABLE ONLY public.ressource_ressource DROP CONSTRAINT ressource_ressource_type_ressource_id_7c9df559_fk_params_ty;
ALTER TABLE ONLY public.ressource_ressource_pays DROP CONSTRAINT ressource_ressource_pays_pays_id_8f0aa42a_fk_params_pays_id;
ALTER TABLE ONLY public.ressource_ressource_mots_cles DROP CONSTRAINT ressource_ressource_mots_cles_tag_id_4662b45e_fk_params_tag_id;
ALTER TABLE ONLY public.ressource_ressource DROP CONSTRAINT ressource_ressource_contributeur_id_f714d0fc_fk_accounts_;
ALTER TABLE ONLY public.ressource_ressource_secteurs DROP CONSTRAINT ressource_ressource__secteur_id_8dbd51d8_fk_params_se;
ALTER TABLE ONLY public.ressource_ressource_secteurs DROP CONSTRAINT ressource_ressource__ressource_id_c331a869_fk_ressource;
ALTER TABLE ONLY public.ressource_ressource_mots_cles DROP CONSTRAINT ressource_ressource__ressource_id_b7e9a6cf_fk_ressource;
ALTER TABLE ONLY public.ressource_ressource_pays DROP CONSTRAINT ressource_ressource__ressource_id_2c63be76_fk_ressource;
ALTER TABLE ONLY public.ressource_opportunite DROP CONSTRAINT ressource_opportunite_secteur_id_18344221_fk_params_secteur_id;
ALTER TABLE ONLY public.ressource_opportunite DROP CONSTRAINT ressource_opportunite_pays_cible_id_3b225222_fk_params_pays_id;
ALTER TABLE ONLY public.ressource_opportunite DROP CONSTRAINT ressource_opportunit_utilisateur_id_8b31ffe6_fk_accounts_;
ALTER TABLE ONLY public.ressource_opportunite DROP CONSTRAINT ressource_opportunit_type_opportunite_id_f98df40b_fk_params_ty;
ALTER TABLE ONLY public.ressource_opportunite_mots_cles DROP CONSTRAINT ressource_opportunit_tag_id_186bcc7a_fk_params_ta;
ALTER TABLE ONLY public.ressource_opportunite DROP CONSTRAINT ressource_opportunit_statut_id_9c43489d_fk_params_st;
ALTER TABLE ONLY public.ressource_opportunite_mots_cles DROP CONSTRAINT ressource_opportunit_opportunite_id_27333f1d_fk_ressource;
ALTER TABLE ONLY public.ressource_opportunite DROP CONSTRAINT ressource_opportunit_entreprise_id_e8179f01_fk_entrepris;
ALTER TABLE ONLY public.params_typeusager DROP CONSTRAINT params_typeuser_user_group_id_8826c72b_fk_auth_group_id;
ALTER TABLE ONLY public.params_secteur DROP CONSTRAINT params_secteur_parent_id_6da6de6f_fk_params_secteur_id;
ALTER TABLE ONLY public.pages_url DROP CONSTRAINT pages_url_tile_id_08a73258_fk_pages_tile_id;
ALTER TABLE ONLY public.pages_tile DROP CONSTRAINT pages_tile_bloc_id_ded92256_fk_pages_bloc_id;
ALTER TABLE ONLY public.pages_media DROP CONSTRAINT pages_media_page_id_410dcb3a_fk_pages_cus;
ALTER TABLE ONLY public.pages_custompage DROP CONSTRAINT "pages_custompage_flatpage_ptr_id_90a354ae_fk_betterFla";
ALTER TABLE ONLY public.pages_custompage DROP CONSTRAINT pages_custompage_bloc_id_545e8b56_fk_pages_bloc_id;
ALTER TABLE ONLY public.notifications_notification DROP CONSTRAINT notifications_notifi_target_content_type__ccb24d88_fk_django_co;
ALTER TABLE ONLY public.notifications_notification DROP CONSTRAINT notifications_notifi_recipient_id_d055f3f0_fk_accounts_;
ALTER TABLE ONLY public.notifications_notification DROP CONSTRAINT notifications_notifi_actor_content_type_i_0c69d7b7_fk_django_co;
ALTER TABLE ONLY public.notifications_notification DROP CONSTRAINT notifications_notifi_action_object_conten_7d2b8ee9_fk_django_co;
ALTER TABLE ONLY public.message_message DROP CONSTRAINT message_message_sender_id_b8690ab2_fk_accounts_user_id;
ALTER TABLE ONLY public.message_message DROP CONSTRAINT message_message_receiver_id_dc38e7dd_fk_accounts_user_id;
ALTER TABLE ONLY public.message_message DROP CONSTRAINT message_message_parent_id_068d3893_fk_message_message_id;
ALTER TABLE ONLY public.message_message DROP CONSTRAINT message_message_discussion_id_1f779537_fk_message_discussion_id;
ALTER TABLE ONLY public.message_matchmaking DROP CONSTRAINT message_matchmaking_user2_id_0a4f0401_fk_accounts_user_id;
ALTER TABLE ONLY public.message_matchmaking DROP CONSTRAINT message_matchmaking_user1_id_1ca14b1b_fk_accounts_user_id;
ALTER TABLE ONLY public.message_discussion DROP CONSTRAINT message_discussion_parent_id_16e08740_fk_message_discussion_id;
ALTER TABLE ONLY public.message_discussion DROP CONSTRAINT message_discussion_entreprise_id_f2c8c8f9_fk_entrepris;
ALTER TABLE ONLY public.message_discussion DROP CONSTRAINT message_discussion_communaute_id_6599a370_fk_entrepris;
ALTER TABLE ONLY public.message_discussion DROP CONSTRAINT message_discussion_auteur_id_cfa9c818_fk_accounts_user_id;
ALTER TABLE ONLY public.extension_marketplace DROP CONSTRAINT extension_marketplace_vendeur_id_0554463f_fk_accounts_user_id;
ALTER TABLE ONLY public.extension_marketplace_tags DROP CONSTRAINT extension_marketplace_tags_tag_id_a5f50c34_fk_params_tag_id;
ALTER TABLE ONLY public.extension_marketplace_tags DROP CONSTRAINT extension_marketplac_marketplace_id_4ab8a91e_fk_extension;
ALTER TABLE ONLY public.extension_cours_tags DROP CONSTRAINT extension_cours_tags_tag_id_25155507_fk_params_tag_id;
ALTER TABLE ONLY public.extension_cours_tags DROP CONSTRAINT extension_cours_tags_cours_id_8ac71812_fk_extension_cours_id;
ALTER TABLE ONLY public.extension_cours_secteurs DROP CONSTRAINT extension_cours_sect_secteur_id_b3bc78d6_fk_params_se;
ALTER TABLE ONLY public.extension_cours_secteurs DROP CONSTRAINT extension_cours_sect_cours_id_d53e48f2_fk_extension;
ALTER TABLE ONLY public.extension_cours_pays DROP CONSTRAINT extension_cours_pays_pays_id_b911fc7e_fk_params_pays_id;
ALTER TABLE ONLY public.extension_cours_pays DROP CONSTRAINT extension_cours_pays_cours_id_b13e5be2_fk_extension_cours_id;
ALTER TABLE ONLY public.extension_cours_participants DROP CONSTRAINT extension_cours_part_user_id_1fcbf9ce_fk_accounts_;
ALTER TABLE ONLY public.extension_cours_participants DROP CONSTRAINT extension_cours_part_cours_id_4d0e08aa_fk_extension;
ALTER TABLE ONLY public.extension_cours DROP CONSTRAINT extension_cours_instructeur_id_886e8cf1_fk_accounts_user_id;
ALTER TABLE ONLY public.evenement_temoignage DROP CONSTRAINT evenement_temoignage_pays_id_01277bf8_fk_params_pays_id;
ALTER TABLE ONLY public.evenement_temoignage DROP CONSTRAINT evenement_temoignage_organisation_id_41e065e0_fk_entrepris;
ALTER TABLE ONLY public.evenement_temoignage DROP CONSTRAINT evenement_temoignage_mission_id_5a51d01d_fk_evenement;
ALTER TABLE ONLY public.evenement_temoignage DROP CONSTRAINT evenement_temoignage_auteur_user_id_eff99ce0_fk_accounts_;
ALTER TABLE ONLY public.evenement_missionstat DROP CONSTRAINT evenement_missionsta_mission_id_5fe98be8_fk_evenement;
ALTER TABLE ONLY public.evenement_missioneconomique DROP CONSTRAINT evenement_missioneconomique_pays_id_63a2b591_fk_params_pays_id;
ALTER TABLE ONLY public.evenement_missioneconomique DROP CONSTRAINT evenement_missioneco_secteur_id_09c68d6e_fk_params_se;
ALTER TABLE ONLY public.evenement_inscriptionevenement DROP CONSTRAINT evenement_inscriptio_utilisateur_id_fdc11292_fk_accounts_;
ALTER TABLE ONLY public.evenement_inscriptionevenement DROP CONSTRAINT evenement_inscriptio_evenement_id_3e3959d5_fk_evenement;
ALTER TABLE ONLY public.evenement_evenement DROP CONSTRAINT evenement_evenement_type_evenement_id_5d6b118c_fk_params_ty;
ALTER TABLE ONLY public.evenement_evenement_tags DROP CONSTRAINT evenement_evenement_tags_tag_id_60774767_fk_params_tag_id;
ALTER TABLE ONLY public.evenement_evenement DROP CONSTRAINT evenement_evenement_organisateur_id_31de1f59_fk_accounts_;
ALTER TABLE ONLY public.evenement_evenement_secteur_concernees DROP CONSTRAINT evenement_evenement__secteur_id_144de28d_fk_params_se;
ALTER TABLE ONLY public.evenement_evenement_pays_concernees DROP CONSTRAINT evenement_evenement__pays_id_5b1c2002_fk_params_pa;
ALTER TABLE ONLY public.evenement_evenement_multimedia DROP CONSTRAINT evenement_evenement__multimedia_id_453f5287_fk_params_mu;
ALTER TABLE ONLY public.evenement_evenement_pays_concernees DROP CONSTRAINT evenement_evenement__evenement_id_e8c4f8ed_fk_evenement;
ALTER TABLE ONLY public.evenement_evenement_multimedia DROP CONSTRAINT evenement_evenement__evenement_id_cfe1d2f4_fk_evenement;
ALTER TABLE ONLY public.evenement_evenement_tags DROP CONSTRAINT evenement_evenement__evenement_id_944ae005_fk_evenement;
ALTER TABLE ONLY public.evenement_evenement_secteur_concernees DROP CONSTRAINT evenement_evenement__evenement_id_67cfb080_fk_evenement;
ALTER TABLE ONLY public.evenement_bloccontenu DROP CONSTRAINT evenement_blocconten_mission_id_608e362d_fk_evenement;
ALTER TABLE ONLY public.entreprise_membrecommunaute DROP CONSTRAINT entreprise_membrecom_utilisateur_id_3f32ecba_fk_accounts_;
ALTER TABLE ONLY public.entreprise_membrecommunaute DROP CONSTRAINT entreprise_membrecom_communaute_id_ef77bec1_fk_entrepris;
ALTER TABLE ONLY public.entreprise_entreprise DROP CONSTRAINT entreprise_entreprise_user_id_41c525ea_fk_accounts_user_id;
ALTER TABLE ONLY public.entreprise_entreprise DROP CONSTRAINT entreprise_entreprise_taille_id_018eab27_fk_params_taille_id;
ALTER TABLE ONLY public.entreprise_entreprise_tags DROP CONSTRAINT entreprise_entreprise_tags_tag_id_8df22273_fk_params_tag_id;
ALTER TABLE ONLY public.entreprise_entreprise DROP CONSTRAINT entreprise_entrepris_verification_statut__98ea2fdb_fk_params_ve;
ALTER TABLE ONLY public.entreprise_entreprise_secteurs DROP CONSTRAINT entreprise_entrepris_secteur_id_b3c965ed_fk_params_se;
ALTER TABLE ONLY public.entreprise_entreprise DROP CONSTRAINT entreprise_entrepris_pays_origine_id_170877d7_fk_params_pa;
ALTER TABLE ONLY public.entreprise_entreprise_marches_actuels DROP CONSTRAINT entreprise_entrepris_pays_id_91766056_fk_params_pa;
ALTER TABLE ONLY public.entreprise_entreprise_marche_cibles DROP CONSTRAINT entreprise_entrepris_pays_id_5c4c238f_fk_params_pa;
ALTER TABLE ONLY public.entreprise_entreprise_objectifs DROP CONSTRAINT entreprise_entrepris_objectif_id_b4761b5e_fk_params_ob;
ALTER TABLE ONLY public.entreprise_entreprise_multimedia DROP CONSTRAINT entreprise_entrepris_multimedia_id_011f348e_fk_params_mu;
ALTER TABLE ONLY public.entreprise_entreprise_missions_participes DROP CONSTRAINT entreprise_entrepris_mission_id_559bbf48_fk_params_mi;
ALTER TABLE ONLY public.entreprise_entreprise DROP CONSTRAINT entreprise_entrepris_forme_juridique_id_c37056e5_fk_params_fo;
ALTER TABLE ONLY public.entreprise_entreprise DROP CONSTRAINT entreprise_entrepris_experience_internati_e493037c_fk_params_ex;
ALTER TABLE ONLY public.entreprise_entreprise_tags DROP CONSTRAINT entreprise_entrepris_entreprise_id_f26efd22_fk_entrepris;
ALTER TABLE ONLY public.entreprise_entreprise_multimedia DROP CONSTRAINT entreprise_entrepris_entreprise_id_e375e000_fk_entrepris;
ALTER TABLE ONLY public.entreprise_entreprise_secteurs DROP CONSTRAINT entreprise_entrepris_entreprise_id_be3fa258_fk_entrepris;
ALTER TABLE ONLY public.entreprise_entreprise_missions_participes DROP CONSTRAINT entreprise_entrepris_entreprise_id_5b6873e6_fk_entrepris;
ALTER TABLE ONLY public.entreprise_entreprise_marches_actuels DROP CONSTRAINT entreprise_entrepris_entreprise_id_3ce33332_fk_entrepris;
ALTER TABLE ONLY public.entreprise_entreprise_marche_cibles DROP CONSTRAINT entreprise_entrepris_entreprise_id_2a16725c_fk_entrepris;
ALTER TABLE ONLY public.entreprise_entreprise_objectifs DROP CONSTRAINT entreprise_entrepris_entreprise_id_03d91027_fk_entrepris;
ALTER TABLE ONLY public.entreprise_entreprise DROP CONSTRAINT entreprise_entrepris_chiffre_affaires_id_9eaec2c9_fk_params_ch;
ALTER TABLE ONLY public.entreprise_documentverification DROP CONSTRAINT entreprise_documentv_type_document_id_8afce92b_fk_params_ty;
ALTER TABLE ONLY public.entreprise_documentverification DROP CONSTRAINT entreprise_documentv_entreprise_id_fc2dbfde_fk_entrepris;
ALTER TABLE ONLY public.entreprise_communaute DROP CONSTRAINT entreprise_communaut_proprietaire_id_a5b0d76d_fk_accounts_;
ALTER TABLE ONLY public.entreprise_communaute DROP CONSTRAINT entreprise_communaut_entreprise_id_848b98c3_fk_entrepris;
ALTER TABLE ONLY public.entreprise_bureau_tags DROP CONSTRAINT entreprise_bureau_tags_tag_id_ae0deecb_fk_params_tag_id;
ALTER TABLE ONLY public.entreprise_bureau_tags DROP CONSTRAINT entreprise_bureau_ta_bureau_id_aacdc78b_fk_entrepris;
ALTER TABLE ONLY public.entreprise_bureau DROP CONSTRAINT entreprise_bureau_secteur_id_1a69ac9c_fk_params_secteur_id;
ALTER TABLE ONLY public.entreprise_bureau DROP CONSTRAINT entreprise_bureau_representant_id_0f3710ab_fk_accounts_user_id;
ALTER TABLE ONLY public.entreprise_bureau DROP CONSTRAINT entreprise_bureau_pays_id_2bc804a3_fk_params_pays_id;
ALTER TABLE ONLY public.entreprise_bureau DROP CONSTRAINT entreprise_bureau_entreprise_id_ffe9d350_fk_entrepris;
ALTER TABLE ONLY public.django_admin_log DROP CONSTRAINT django_admin_log_user_id_c564eba6_fk_accounts_user_id;
ALTER TABLE ONLY public.django_admin_log DROP CONSTRAINT django_admin_log_content_type_id_c4bce8eb_fk_django_co;
ALTER TABLE ONLY public."betterFlatPages_flatpage_sites" DROP CONSTRAINT "betterFlatPages_flat_site_id_204b696a_fk_django_si";
ALTER TABLE ONLY public."betterFlatPages_flatpage_sites" DROP CONSTRAINT "betterFlatPages_flat_flatpage_id_eca6dcef_fk_betterFla";
ALTER TABLE ONLY public.background_task DROP CONSTRAINT background_task_creator_content_type_61cc9af3_fk_django_co;
ALTER TABLE ONLY public.background_task_completedtask DROP CONSTRAINT background_task_comp_creator_content_type_21d6a741_fk_django_co;
ALTER TABLE ONLY public.auth_permission DROP CONSTRAINT auth_permission_content_type_id_2f476e4b_fk_django_co;
ALTER TABLE ONLY public.auth_group_permissions DROP CONSTRAINT auth_group_permissions_group_id_b120cbf9_fk_auth_group_id;
ALTER TABLE ONLY public.auth_group_permissions DROP CONSTRAINT auth_group_permissio_permission_id_84c5c92e_fk_auth_perm;
ALTER TABLE ONLY public.analyses_statistiqueutilisateur DROP CONSTRAINT analyses_statistique_user_id_5a073869_fk_accounts_;
ALTER TABLE ONLY public.analyses_statistiqueutilisateur DROP CONSTRAINT analyses_statistique_type_stat_id_86e4558b_fk_params_st;
ALTER TABLE ONLY public.analyses_autodiaguserresponse DROP CONSTRAINT analyses_autodiaguse_user_id_c433cf55_fk_accounts_;
ALTER TABLE ONLY public.analyses_autodiaguserresponse DROP CONSTRAINT analyses_autodiaguse_selected_answer_id_238f2846_fk_analyses_;
ALTER TABLE ONLY public.analyses_autodiaguserresponse DROP CONSTRAINT analyses_autodiaguse_question_id_0be48144_fk_analyses_;
ALTER TABLE ONLY public.analyses_autodiaguserresponse DROP CONSTRAINT analyses_autodiaguse_autodiag_id_c92ae825_fk_analyses_;
ALTER TABLE ONLY public.analyses_autodiagsession DROP CONSTRAINT analyses_autodiagses_entreprise_id_51f37c90_fk_entrepris;
ALTER TABLE ONLY public.analyses_autodiagsession DROP CONSTRAINT analyses_autodiagses_cree_par_id_8a78ddac_fk_accounts_;
ALTER TABLE ONLY public.analyses_autodiagquestion DROP CONSTRAINT analyses_autodiagque_category_id_b513eb4e_fk_params_ca;
ALTER TABLE ONLY public.analyses_autodiagcomment DROP CONSTRAINT analyses_autodiagcom_ressource_id_82180fb6_fk_ressource;
ALTER TABLE ONLY public.analyses_autodiagcomment DROP CONSTRAINT analyses_autodiagcom_question_id_89d00cbe_fk_analyses_;
ALTER TABLE ONLY public.analyses_autodiaganswer DROP CONSTRAINT analyses_autodiagans_question_id_09a26202_fk_analyses_;
ALTER TABLE ONLY public.accounts_user DROP CONSTRAINT accounts_user_user_type_id_7573edb0_fk_params_typeusager_id;
ALTER TABLE ONLY public.accounts_user_user_permissions DROP CONSTRAINT accounts_user_user_p_user_id_e4f0a161_fk_accounts_;
ALTER TABLE ONLY public.accounts_user_user_permissions DROP CONSTRAINT accounts_user_user_p_permission_id_113bb443_fk_auth_perm;
ALTER TABLE ONLY public.accounts_user DROP CONSTRAINT accounts_user_sexe_id_7362b686_fk_params_sexe_id;
ALTER TABLE ONLY public.accounts_user_secteurs DROP CONSTRAINT accounts_user_secteurs_user_id_6d83dd6b_fk_accounts_user_id;
ALTER TABLE ONLY public.accounts_user_secteurs DROP CONSTRAINT accounts_user_secteurs_secteur_id_5ab41d8f_fk_params_secteur_id;
ALTER TABLE ONLY public.accounts_user_multimedia DROP CONSTRAINT accounts_user_multimedia_user_id_809c3e43_fk_accounts_user_id;
ALTER TABLE ONLY public.accounts_user_multimedia DROP CONSTRAINT accounts_user_multim_multimedia_id_b04735e2_fk_params_mu;
ALTER TABLE ONLY public.accounts_user_groups DROP CONSTRAINT accounts_user_groups_user_id_52b62117_fk_accounts_user_id;
ALTER TABLE ONLY public.accounts_user_groups DROP CONSTRAINT accounts_user_groups_group_id_bd11a704_fk_auth_group_id;
ALTER TABLE ONLY public.accounts_user DROP CONSTRAINT accounts_user_age_id_c02abcf0_fk_params_agerange_id;
ALTER TABLE ONLY public.accounts_favorite DROP CONSTRAINT accounts_favorite_user_id_081a5fb5_fk_accounts_user_id;
DROP INDEX public.ressource_ressource_type_ressource_id_7c9df559;
DROP INDEX public.ressource_ressource_secteurs_secteur_id_8dbd51d8;
DROP INDEX public.ressource_ressource_secteurs_ressource_id_c331a869;
DROP INDEX public.ressource_ressource_pays_ressource_id_2c63be76;
DROP INDEX public.ressource_ressource_pays_pays_id_8f0aa42a;
DROP INDEX public.ressource_ressource_mots_cles_tag_id_4662b45e;
DROP INDEX public.ressource_ressource_mots_cles_ressource_id_b7e9a6cf;
DROP INDEX public.ressource_ressource_contributeur_id_f714d0fc;
DROP INDEX public.ressource_opportunite_utilisateur_id_8b31ffe6;
DROP INDEX public.ressource_opportunite_type_opportunite_id_f98df40b;
DROP INDEX public.ressource_opportunite_statut_id_9c43489d;
DROP INDEX public.ressource_opportunite_secteur_id_18344221;
DROP INDEX public.ressource_opportunite_pays_cible_id_3b225222;
DROP INDEX public.ressource_opportunite_mots_cles_tag_id_186bcc7a;
DROP INDEX public.ressource_opportunite_mots_cles_opportunite_id_27333f1d;
DROP INDEX public.ressource_opportunite_entreprise_id_e8179f01;
DROP INDEX public.params_verificationstatut_libelle_25feb036_like;
DROP INDEX public.params_typeuser_user_group_id_8826c72b;
DROP INDEX public.params_typeuser_libelle_8d53dc92_like;
DROP INDEX public.params_typeuser_code_e50dd3eb_like;
DROP INDEX public.params_typeressource_libelle_50312389_like;
DROP INDEX public.params_typeopportunite_libelle_b04fc88b_like;
DROP INDEX public.params_typeevenement_libelle_19811996_like;
DROP INDEX public.params_typedocument_libelle_ee14d966_like;
DROP INDEX public.params_taille_libelle_d02e9aa4_like;
DROP INDEX public.params_tag_nom_9aba672c_like;
DROP INDEX public.params_statutopportunite_libelle_0302afaf_like;
DROP INDEX public.params_stattype_libelle_0dca8531_like;
DROP INDEX public.params_sexe_libelle_03f67c68_like;
DROP INDEX public.params_secteur_parent_id_6da6de6f;
DROP INDEX public.params_secteur_nom_e253ec3c_like;
DROP INDEX public.params_secteur_code_naf_032e5e98_like;
DROP INDEX public.params_regioncible_libelle_70c0b1d3_like;
DROP INDEX public.params_pays_nom_f28c92ff_like;
DROP INDEX public.params_pays_code_iso_fe54ad8f_like;
DROP INDEX public.params_objectif_libelle_24381900_like;
DROP INDEX public.params_mission_libelle_af755dcb_like;
DROP INDEX public.params_formejuridique_libelle_c7750edc_like;
DROP INDEX public.params_experienceinternationale_libelle_93abcee2_like;
DROP INDEX public.params_contactpageparams_telephone_8df13d7c_like;
DROP INDEX public.params_contactpageparams_prenom_af7111d6_like;
DROP INDEX public.params_contactpageparams_nom_bbaa8547_like;
DROP INDEX public.params_contactpageparams_message_3f48c86d_like;
DROP INDEX public.params_contactpageparams_entreprise_e0f9207e_like;
DROP INDEX public.params_contactpageparams_email_001284e8_like;
DROP INDEX public.params_contactpageparams_destinaire_26bd93b7_like;
DROP INDEX public.params_contactpageparams_confidentialite_8023d9d9_like;
DROP INDEX public.params_chiffreaffaires_libelle_d8a9cf21_like;
DROP INDEX public.params_categoriequestion_libelle_3ee6c176_like;
DROP INDEX public.params_agerange_libelle_42aca0cb_like;
DROP INDEX public.pages_url_tile_id_08a73258;
DROP INDEX public.pages_tile_bloc_id_ded92256;
DROP INDEX public.pages_media_page_id_410dcb3a;
DROP INDEX public.pages_custompage_bloc_id_545e8b56;
DROP INDEX public.notifications_notification_unread_cce4be30;
DROP INDEX public.notifications_notification_timestamp_6a797bad;
DROP INDEX public.notifications_notification_target_content_type_id_ccb24d88;
DROP INDEX public.notifications_notification_recipient_id_unread_253aadc9_idx;
DROP INDEX public.notifications_notification_recipient_id_d055f3f0;
DROP INDEX public.notifications_notification_public_1bc30b1c;
DROP INDEX public.notifications_notification_emailed_23a5ad81;
DROP INDEX public.notifications_notification_deleted_b32b69e6;
DROP INDEX public.notifications_notification_actor_content_type_id_0c69d7b7;
DROP INDEX public.notifications_notification_action_object_content_type_7d2b8ee9;
DROP INDEX public.message_message_sender_id_b8690ab2;
DROP INDEX public.message_message_receiver_id_dc38e7dd;
DROP INDEX public.message_message_parent_id_068d3893;
DROP INDEX public.message_message_discussion_id_1f779537;
DROP INDEX public.message_matchmaking_user2_id_0a4f0401;
DROP INDEX public.message_matchmaking_user1_id_1ca14b1b;
DROP INDEX public.message_discussion_parent_id_16e08740;
DROP INDEX public.message_discussion_entreprise_id_f2c8c8f9;
DROP INDEX public.message_discussion_communaute_id_6599a370;
DROP INDEX public.message_discussion_auteur_id_cfa9c818;
DROP INDEX public.extension_marketplace_vendeur_id_0554463f;
DROP INDEX public.extension_marketplace_tags_tag_id_a5f50c34;
DROP INDEX public.extension_marketplace_tags_marketplace_id_4ab8a91e;
DROP INDEX public.extension_cours_tags_tag_id_25155507;
DROP INDEX public.extension_cours_tags_cours_id_8ac71812;
DROP INDEX public.extension_cours_secteurs_secteur_id_b3bc78d6;
DROP INDEX public.extension_cours_secteurs_cours_id_d53e48f2;
DROP INDEX public.extension_cours_pays_pays_id_b911fc7e;
DROP INDEX public.extension_cours_pays_cours_id_b13e5be2;
DROP INDEX public.extension_cours_participants_user_id_1fcbf9ce;
DROP INDEX public.extension_cours_participants_cours_id_4d0e08aa;
DROP INDEX public.extension_cours_instructeur_id_886e8cf1;
DROP INDEX public.evenement_temoignage_pays_id_01277bf8;
DROP INDEX public.evenement_temoignage_organisation_id_41e065e0;
DROP INDEX public.evenement_temoignage_mission_id_5a51d01d;
DROP INDEX public.evenement_temoignage_auteur_user_id_eff99ce0;
DROP INDEX public.evenement_missionstat_mission_id_5fe98be8;
DROP INDEX public.evenement_missioneconomique_slug_31291d63_like;
DROP INDEX public.evenement_missioneconomique_secteur_id_09c68d6e;
DROP INDEX public.evenement_missioneconomique_pays_id_63a2b591;
DROP INDEX public.evenement_inscriptionevenement_utilisateur_id_fdc11292;
DROP INDEX public.evenement_inscriptionevenement_evenement_id_3e3959d5;
DROP INDEX public.evenement_evenement_type_evenement_id_5d6b118c;
DROP INDEX public.evenement_evenement_tags_tag_id_60774767;
DROP INDEX public.evenement_evenement_tags_evenement_id_944ae005;
DROP INDEX public.evenement_evenement_secteur_concernees_secteur_id_144de28d;
DROP INDEX public.evenement_evenement_secteur_concernees_evenement_id_67cfb080;
DROP INDEX public.evenement_evenement_pays_concernees_pays_id_5b1c2002;
DROP INDEX public.evenement_evenement_pays_concernees_evenement_id_e8c4f8ed;
DROP INDEX public.evenement_evenement_organisateur_id_31de1f59;
DROP INDEX public.evenement_evenement_multimedia_multimedia_id_453f5287;
DROP INDEX public.evenement_evenement_multimedia_evenement_id_cfe1d2f4;
DROP INDEX public.evenement_bloccontenu_mission_id_608e362d;
DROP INDEX public.entreprise_membrecommunaute_utilisateur_id_3f32ecba;
DROP INDEX public.entreprise_membrecommunaute_communaute_id_ef77bec1;
DROP INDEX public.entreprise_entreprise_verification_statut_id_98ea2fdb;
DROP INDEX public.entreprise_entreprise_taille_id_018eab27;
DROP INDEX public.entreprise_entreprise_tags_tag_id_8df22273;
DROP INDEX public.entreprise_entreprise_tags_entreprise_id_f26efd22;
DROP INDEX public.entreprise_entreprise_siret_95474ac1_like;
DROP INDEX public.entreprise_entreprise_secteurs_secteur_id_b3c965ed;
DROP INDEX public.entreprise_entreprise_secteurs_entreprise_id_be3fa258;
DROP INDEX public.entreprise_entreprise_pays_origine_id_170877d7;
DROP INDEX public.entreprise_entreprise_objectifs_objectif_id_b4761b5e;
DROP INDEX public.entreprise_entreprise_objectifs_entreprise_id_03d91027;
DROP INDEX public.entreprise_entreprise_multimedia_multimedia_id_011f348e;
DROP INDEX public.entreprise_entreprise_multimedia_entreprise_id_e375e000;
DROP INDEX public.entreprise_entreprise_missions_participes_mission_id_559bbf48;
DROP INDEX public.entreprise_entreprise_miss_entreprise_id_5b6873e6;
DROP INDEX public.entreprise_entreprise_marches_actuels_pays_id_91766056;
DROP INDEX public.entreprise_entreprise_marches_actuels_entreprise_id_3ce33332;
DROP INDEX public.entreprise_entreprise_marche_cibles_pays_id_5c4c238f;
DROP INDEX public.entreprise_entreprise_marche_cibles_entreprise_id_2a16725c;
DROP INDEX public.entreprise_entreprise_forme_juridique_id_c37056e5;
DROP INDEX public.entreprise_entreprise_experience_internationale_id_e493037c;
DROP INDEX public.entreprise_entreprise_chiffre_affaires_id_9eaec2c9;
DROP INDEX public.entreprise_documentverification_type_document_id_8afce92b;
DROP INDEX public.entreprise_documentverification_entreprise_id_fc2dbfde;
DROP INDEX public.entreprise_communaute_proprietaire_id_a5b0d76d;
DROP INDEX public.entreprise_communaute_entreprise_id_848b98c3;
DROP INDEX public.entreprise_bureau_tags_tag_id_ae0deecb;
DROP INDEX public.entreprise_bureau_tags_bureau_id_aacdc78b;
DROP INDEX public.entreprise_bureau_secteur_id_1a69ac9c;
DROP INDEX public.entreprise_bureau_representant_id_0f3710ab;
DROP INDEX public.entreprise_bureau_pays_id_2bc804a3;
DROP INDEX public.entreprise_bureau_entreprise_id_ffe9d350;
DROP INDEX public.django_site_domain_a2e37b91_like;
DROP INDEX public.django_session_session_key_c0390e0f_like;
DROP INDEX public.django_session_expire_date_a5c62663;
DROP INDEX public.django_admin_log_user_id_c564eba6;
DROP INDEX public.django_admin_log_content_type_id_c4bce8eb;
DROP INDEX public.captcha_captchastore_hashkey_cbe8d15a_like;
DROP INDEX public."betterFlatPages_flatpage_url_34bcd870_like";
DROP INDEX public."betterFlatPages_flatpage_url_34bcd870";
DROP INDEX public."betterFlatPages_flatpage_sites_site_id_204b696a";
DROP INDEX public."betterFlatPages_flatpage_sites_flatpage_id_eca6dcef";
DROP INDEX public.background_task_task_name_4562d56a_like;
DROP INDEX public.background_task_task_name_4562d56a;
DROP INDEX public.background_task_task_hash_d8f233bd_like;
DROP INDEX public.background_task_task_hash_d8f233bd;
DROP INDEX public.background_task_run_at_7baca3aa;
DROP INDEX public.background_task_queue_1d5f3a40_like;
DROP INDEX public.background_task_queue_1d5f3a40;
DROP INDEX public.background_task_priority_88bdbce9;
DROP INDEX public.background_task_locked_by_db7779e3_like;
DROP INDEX public.background_task_locked_by_db7779e3;
DROP INDEX public.background_task_locked_at_0fb0f225;
DROP INDEX public.background_task_failed_at_b81bba14;
DROP INDEX public.background_task_creator_content_type_id_61cc9af3;
DROP INDEX public.background_task_completedtask_task_name_388dabc2_like;
DROP INDEX public.background_task_completedtask_task_name_388dabc2;
DROP INDEX public.background_task_completedtask_task_hash_91187576_like;
DROP INDEX public.background_task_completedtask_task_hash_91187576;
DROP INDEX public.background_task_completedtask_run_at_77c80f34;
DROP INDEX public.background_task_completedtask_queue_61fb0415_like;
DROP INDEX public.background_task_completedtask_queue_61fb0415;
DROP INDEX public.background_task_completedtask_priority_9080692e;
DROP INDEX public.background_task_completedtask_locked_by_edc8a213_like;
DROP INDEX public.background_task_completedtask_locked_by_edc8a213;
DROP INDEX public.background_task_completedtask_locked_at_29c62708;
DROP INDEX public.background_task_completedtask_failed_at_3de56618;
DROP INDEX public.background_task_completedtask_creator_content_type_id_21d6a741;
DROP INDEX public.background_task_completedtask_attempts_772a6783;
DROP INDEX public.background_task_attempts_a9ade23d;
DROP INDEX public.auth_permission_content_type_id_2f476e4b;
DROP INDEX public.auth_group_permissions_permission_id_84c5c92e;
DROP INDEX public.auth_group_permissions_group_id_b120cbf9;
DROP INDEX public.auth_group_name_a6ea08ec_like;
DROP INDEX public.analyses_statistiqueutilisateur_user_id_5a073869;
DROP INDEX public.analyses_statistiqueutilisateur_type_stat_id_86e4558b;
DROP INDEX public.analyses_autodiaguserresponse_user_id_c433cf55;
DROP INDEX public.analyses_autodiaguserresponse_selected_answer_id_238f2846;
DROP INDEX public.analyses_autodiaguserresponse_question_id_0be48144;
DROP INDEX public.analyses_autodiaguserresponse_autodiag_id_c92ae825;
DROP INDEX public.analyses_autodiagsession_entreprise_id_51f37c90;
DROP INDEX public.analyses_autodiagsession_cree_par_id_8a78ddac;
DROP INDEX public.analyses_autodiagquestion_category_id_b513eb4e;
DROP INDEX public.analyses_autodiagcomment_ressource_id_82180fb6;
DROP INDEX public.analyses_autodiagcomment_question_id_89d00cbe;
DROP INDEX public.analyses_autodiaganswer_question_id_09a26202;
DROP INDEX public.accounts_user_username_6088629e_like;
DROP INDEX public.accounts_user_user_type_id_7573edb0;
DROP INDEX public.accounts_user_user_permissions_user_id_e4f0a161;
DROP INDEX public.accounts_user_user_permissions_permission_id_113bb443;
DROP INDEX public.accounts_user_sexe_id_7362b686;
DROP INDEX public.accounts_user_secteurs_user_id_6d83dd6b;
DROP INDEX public.accounts_user_secteurs_secteur_id_5ab41d8f;
DROP INDEX public.accounts_user_multimedia_user_id_809c3e43;
DROP INDEX public.accounts_user_multimedia_multimedia_id_b04735e2;
DROP INDEX public.accounts_user_groups_user_id_52b62117;
DROP INDEX public.accounts_user_groups_group_id_bd11a704;
DROP INDEX public.accounts_user_email_b2644a56_like;
DROP INDEX public.accounts_user_age_id_c02abcf0;
DROP INDEX public.accounts_favorite_user_id_081a5fb5;
ALTER TABLE ONLY public.ressource_ressource_secteurs DROP CONSTRAINT ressource_ressource_secteurs_pkey;
ALTER TABLE ONLY public.ressource_ressource_secteurs DROP CONSTRAINT ressource_ressource_sect_ressource_id_secteur_id_3f25ead5_uniq;
ALTER TABLE ONLY public.ressource_ressource DROP CONSTRAINT ressource_ressource_pkey;
ALTER TABLE ONLY public.ressource_ressource_pays DROP CONSTRAINT ressource_ressource_pays_ressource_id_pays_id_d0764075_uniq;
ALTER TABLE ONLY public.ressource_ressource_pays DROP CONSTRAINT ressource_ressource_pays_pkey;
ALTER TABLE ONLY public.ressource_ressource_mots_cles DROP CONSTRAINT ressource_ressource_mots_cles_ressource_id_tag_id_dd9f590f_uniq;
ALTER TABLE ONLY public.ressource_ressource_mots_cles DROP CONSTRAINT ressource_ressource_mots_cles_pkey;
ALTER TABLE ONLY public.ressource_opportunite DROP CONSTRAINT ressource_opportunite_pkey;
ALTER TABLE ONLY public.ressource_opportunite_mots_cles DROP CONSTRAINT ressource_opportunite_mots_cles_pkey;
ALTER TABLE ONLY public.ressource_opportunite_mots_cles DROP CONSTRAINT ressource_opportunite_mo_opportunite_id_tag_id_63218e22_uniq;
ALTER TABLE ONLY public.params_verificationstatut DROP CONSTRAINT params_verificationstatut_pkey;
ALTER TABLE ONLY public.params_verificationstatut DROP CONSTRAINT params_verificationstatut_libelle_key;
ALTER TABLE ONLY public.params_typeusager DROP CONSTRAINT params_typeuser_pkey;
ALTER TABLE ONLY public.params_typeusager DROP CONSTRAINT params_typeuser_libelle_key;
ALTER TABLE ONLY public.params_typeusager DROP CONSTRAINT params_typeuser_code_key;
ALTER TABLE ONLY public.params_typeressource DROP CONSTRAINT params_typeressource_pkey;
ALTER TABLE ONLY public.params_typeressource DROP CONSTRAINT params_typeressource_libelle_key;
ALTER TABLE ONLY public.params_typeopportunite DROP CONSTRAINT params_typeopportunite_pkey;
ALTER TABLE ONLY public.params_typeopportunite DROP CONSTRAINT params_typeopportunite_libelle_key;
ALTER TABLE ONLY public.params_typeevenement DROP CONSTRAINT params_typeevenement_pkey;
ALTER TABLE ONLY public.params_typeevenement DROP CONSTRAINT params_typeevenement_libelle_key;
ALTER TABLE ONLY public.params_typedocument DROP CONSTRAINT params_typedocument_pkey;
ALTER TABLE ONLY public.params_typedocument DROP CONSTRAINT params_typedocument_libelle_key;
ALTER TABLE ONLY public.params_taille DROP CONSTRAINT params_taille_pkey;
ALTER TABLE ONLY public.params_taille DROP CONSTRAINT params_taille_libelle_key;
ALTER TABLE ONLY public.params_tag DROP CONSTRAINT params_tag_pkey;
ALTER TABLE ONLY public.params_tag DROP CONSTRAINT params_tag_nom_key;
ALTER TABLE ONLY public.params_statutopportunite DROP CONSTRAINT params_statutopportunite_pkey;
ALTER TABLE ONLY public.params_statutopportunite DROP CONSTRAINT params_statutopportunite_libelle_key;
ALTER TABLE ONLY public.params_stattype DROP CONSTRAINT params_stattype_pkey;
ALTER TABLE ONLY public.params_stattype DROP CONSTRAINT params_stattype_libelle_key;
ALTER TABLE ONLY public.params_sexe DROP CONSTRAINT params_sexe_pkey;
ALTER TABLE ONLY public.params_sexe DROP CONSTRAINT params_sexe_libelle_key;
ALTER TABLE ONLY public.params_secteur DROP CONSTRAINT params_secteur_pkey;
ALTER TABLE ONLY public.params_secteur DROP CONSTRAINT params_secteur_nom_key;
ALTER TABLE ONLY public.params_secteur DROP CONSTRAINT params_secteur_code_naf_key;
ALTER TABLE ONLY public.params_regioncible DROP CONSTRAINT params_regioncible_pkey;
ALTER TABLE ONLY public.params_regioncible DROP CONSTRAINT params_regioncible_libelle_key;
ALTER TABLE ONLY public.params_pays DROP CONSTRAINT params_pays_pkey;
ALTER TABLE ONLY public.params_pays DROP CONSTRAINT params_pays_nom_key;
ALTER TABLE ONLY public.params_pays DROP CONSTRAINT params_pays_code_iso_key;
ALTER TABLE ONLY public.params_objectif DROP CONSTRAINT params_objectif_pkey;
ALTER TABLE ONLY public.params_objectif DROP CONSTRAINT params_objectif_libelle_key;
ALTER TABLE ONLY public.params_multimedia DROP CONSTRAINT params_multimedia_pkey;
ALTER TABLE ONLY public.params_mission DROP CONSTRAINT params_mission_pkey;
ALTER TABLE ONLY public.params_mission DROP CONSTRAINT params_mission_libelle_key;
ALTER TABLE ONLY public.params_formejuridique DROP CONSTRAINT params_formejuridique_pkey;
ALTER TABLE ONLY public.params_formejuridique DROP CONSTRAINT params_formejuridique_libelle_key;
ALTER TABLE ONLY public.params_experienceinternationale DROP CONSTRAINT params_experienceinternationale_pkey;
ALTER TABLE ONLY public.params_experienceinternationale DROP CONSTRAINT params_experienceinternationale_libelle_key;
ALTER TABLE ONLY public.params_contactpageparams DROP CONSTRAINT params_contactpageparams_telephone_key;
ALTER TABLE ONLY public.params_contactpageparams DROP CONSTRAINT params_contactpageparams_prenom_key;
ALTER TABLE ONLY public.params_contactpageparams DROP CONSTRAINT params_contactpageparams_pkey;
ALTER TABLE ONLY public.params_contactpageparams DROP CONSTRAINT params_contactpageparams_nom_key;
ALTER TABLE ONLY public.params_contactpageparams DROP CONSTRAINT params_contactpageparams_message_key;
ALTER TABLE ONLY public.params_contactpageparams DROP CONSTRAINT params_contactpageparams_entreprise_key;
ALTER TABLE ONLY public.params_contactpageparams DROP CONSTRAINT params_contactpageparams_email_key;
ALTER TABLE ONLY public.params_contactpageparams DROP CONSTRAINT params_contactpageparams_destinaire_key;
ALTER TABLE ONLY public.params_contactpageparams DROP CONSTRAINT params_contactpageparams_confidentialite_key;
ALTER TABLE ONLY public.params_chiffreaffaires DROP CONSTRAINT params_chiffreaffaires_pkey;
ALTER TABLE ONLY public.params_chiffreaffaires DROP CONSTRAINT params_chiffreaffaires_libelle_key;
ALTER TABLE ONLY public.params_categoriequestion DROP CONSTRAINT params_categoriequestion_pkey;
ALTER TABLE ONLY public.params_categoriequestion DROP CONSTRAINT params_categoriequestion_libelle_key;
ALTER TABLE ONLY public.params_agerange DROP CONSTRAINT params_agerange_pkey;
ALTER TABLE ONLY public.params_agerange DROP CONSTRAINT params_agerange_libelle_key;
ALTER TABLE ONLY public.pages_url DROP CONSTRAINT pages_url_pkey;
ALTER TABLE ONLY public.pages_tile DROP CONSTRAINT pages_tile_pkey;
ALTER TABLE ONLY public.pages_partenaires DROP CONSTRAINT pages_partenaires_pkey;
ALTER TABLE ONLY public.pages_media DROP CONSTRAINT pages_media_pkey;
ALTER TABLE ONLY public.pages_custompage DROP CONSTRAINT pages_custompage_pkey;
ALTER TABLE ONLY public.pages_bloc DROP CONSTRAINT pages_bloc_pkey;
ALTER TABLE ONLY public.notifications_notification DROP CONSTRAINT notifications_notification_pkey;
ALTER TABLE ONLY public.message_message DROP CONSTRAINT message_message_pkey;
ALTER TABLE ONLY public.message_matchmaking DROP CONSTRAINT message_matchmaking_pkey;
ALTER TABLE ONLY public.message_discussion DROP CONSTRAINT message_discussion_pkey;
ALTER TABLE ONLY public.extension_marketplace_tags DROP CONSTRAINT extension_marketplace_tags_pkey;
ALTER TABLE ONLY public.extension_marketplace_tags DROP CONSTRAINT extension_marketplace_tags_marketplace_id_tag_id_74e3d372_uniq;
ALTER TABLE ONLY public.extension_marketplace DROP CONSTRAINT extension_marketplace_pkey;
ALTER TABLE ONLY public.extension_cours_tags DROP CONSTRAINT extension_cours_tags_pkey;
ALTER TABLE ONLY public.extension_cours_tags DROP CONSTRAINT extension_cours_tags_cours_id_tag_id_76782bd4_uniq;
ALTER TABLE ONLY public.extension_cours_secteurs DROP CONSTRAINT extension_cours_secteurs_pkey;
ALTER TABLE ONLY public.extension_cours_secteurs DROP CONSTRAINT extension_cours_secteurs_cours_id_secteur_id_28a91f31_uniq;
ALTER TABLE ONLY public.extension_cours DROP CONSTRAINT extension_cours_pkey;
ALTER TABLE ONLY public.extension_cours_pays DROP CONSTRAINT extension_cours_pays_pkey;
ALTER TABLE ONLY public.extension_cours_pays DROP CONSTRAINT extension_cours_pays_cours_id_pays_id_c018397e_uniq;
ALTER TABLE ONLY public.extension_cours_participants DROP CONSTRAINT extension_cours_participants_pkey;
ALTER TABLE ONLY public.extension_cours_participants DROP CONSTRAINT extension_cours_participants_cours_id_user_id_2ee59969_uniq;
ALTER TABLE ONLY public.evenement_temoignage DROP CONSTRAINT evenement_temoignage_pkey;
ALTER TABLE ONLY public.evenement_missionstat DROP CONSTRAINT evenement_missionstat_pkey;
ALTER TABLE ONLY public.evenement_missioneconomique DROP CONSTRAINT evenement_missioneconomique_slug_key;
ALTER TABLE ONLY public.evenement_missioneconomique DROP CONSTRAINT evenement_missioneconomique_pkey;
ALTER TABLE ONLY public.evenement_inscriptionevenement DROP CONSTRAINT evenement_inscriptionevenement_pkey;
ALTER TABLE ONLY public.evenement_evenement_tags DROP CONSTRAINT evenement_evenement_tags_pkey;
ALTER TABLE ONLY public.evenement_evenement_tags DROP CONSTRAINT evenement_evenement_tags_evenement_id_tag_id_f8e52bd5_uniq;
ALTER TABLE ONLY public.evenement_evenement_secteur_concernees DROP CONSTRAINT evenement_evenement_secteur_concernees_pkey;
ALTER TABLE ONLY public.evenement_evenement_secteur_concernees DROP CONSTRAINT evenement_evenement_sect_evenement_id_secteur_id_187f8783_uniq;
ALTER TABLE ONLY public.evenement_evenement DROP CONSTRAINT evenement_evenement_pkey;
ALTER TABLE ONLY public.evenement_evenement_pays_concernees DROP CONSTRAINT evenement_evenement_pays_evenement_id_pays_id_90922244_uniq;
ALTER TABLE ONLY public.evenement_evenement_pays_concernees DROP CONSTRAINT evenement_evenement_pays_concernees_pkey;
ALTER TABLE ONLY public.evenement_evenement_multimedia DROP CONSTRAINT evenement_evenement_multimedia_pkey;
ALTER TABLE ONLY public.evenement_evenement_multimedia DROP CONSTRAINT evenement_evenement_mult_evenement_id_multimedia__1d74de7a_uniq;
ALTER TABLE ONLY public.evenement_bloccontenu DROP CONSTRAINT evenement_bloccontenu_pkey;
ALTER TABLE ONLY public.entreprise_membrecommunaute DROP CONSTRAINT entreprise_membrecommunaute_pkey;
ALTER TABLE ONLY public.entreprise_membrecommunaute DROP CONSTRAINT entreprise_membrecommuna_utilisateur_id_communaut_247eb7c0_uniq;
ALTER TABLE ONLY public.entreprise_entreprise DROP CONSTRAINT entreprise_entreprise_user_id_key;
ALTER TABLE ONLY public.entreprise_entreprise_tags DROP CONSTRAINT entreprise_entreprise_tags_pkey;
ALTER TABLE ONLY public.entreprise_entreprise_tags DROP CONSTRAINT entreprise_entreprise_tags_entreprise_id_tag_id_06bf8df5_uniq;
ALTER TABLE ONLY public.entreprise_entreprise DROP CONSTRAINT entreprise_entreprise_siret_key;
ALTER TABLE ONLY public.entreprise_entreprise_secteurs DROP CONSTRAINT entreprise_entreprise_secteurs_pkey;
ALTER TABLE ONLY public.entreprise_entreprise_secteurs DROP CONSTRAINT entreprise_entreprise_se_entreprise_id_secteur_id_3adcf92a_uniq;
ALTER TABLE ONLY public.entreprise_entreprise DROP CONSTRAINT entreprise_entreprise_pkey;
ALTER TABLE ONLY public.entreprise_entreprise_objectifs DROP CONSTRAINT entreprise_entreprise_objectifs_pkey;
ALTER TABLE ONLY public.entreprise_entreprise_objectifs DROP CONSTRAINT entreprise_entreprise_ob_entreprise_id_objectif_i_1ef8ba58_uniq;
ALTER TABLE ONLY public.entreprise_entreprise_multimedia DROP CONSTRAINT entreprise_entreprise_multimedia_pkey;
ALTER TABLE ONLY public.entreprise_entreprise_multimedia DROP CONSTRAINT entreprise_entreprise_mu_entreprise_id_multimedia_3c845b73_uniq;
ALTER TABLE ONLY public.entreprise_entreprise_missions_participes DROP CONSTRAINT entreprise_entreprise_missions_participes_pkey;
ALTER TABLE ONLY public.entreprise_entreprise_missions_participes DROP CONSTRAINT entreprise_entreprise_mi_entreprise_id_mission_id_d97b9d9a_uniq;
ALTER TABLE ONLY public.entreprise_entreprise_marches_actuels DROP CONSTRAINT entreprise_entreprise_marches_actuels_pkey;
ALTER TABLE ONLY public.entreprise_entreprise_marche_cibles DROP CONSTRAINT entreprise_entreprise_marche_cibles_pkey;
ALTER TABLE ONLY public.entreprise_entreprise_marche_cibles DROP CONSTRAINT entreprise_entreprise_ma_entreprise_id_pays_id_eb15ef31_uniq;
ALTER TABLE ONLY public.entreprise_entreprise_marches_actuels DROP CONSTRAINT entreprise_entreprise_ma_entreprise_id_pays_id_70016e9c_uniq;
ALTER TABLE ONLY public.entreprise_documentverification DROP CONSTRAINT entreprise_documentverification_pkey;
ALTER TABLE ONLY public.entreprise_documentverification DROP CONSTRAINT entreprise_documentverif_entreprise_id_type_docum_b4f7fe83_uniq;
ALTER TABLE ONLY public.entreprise_communaute DROP CONSTRAINT entreprise_communaute_pkey;
ALTER TABLE ONLY public.entreprise_bureau_tags DROP CONSTRAINT entreprise_bureau_tags_pkey;
ALTER TABLE ONLY public.entreprise_bureau_tags DROP CONSTRAINT entreprise_bureau_tags_bureau_id_tag_id_1abcb86f_uniq;
ALTER TABLE ONLY public.entreprise_bureau DROP CONSTRAINT entreprise_bureau_pkey;
ALTER TABLE ONLY public.django_site DROP CONSTRAINT django_site_pkey;
ALTER TABLE ONLY public.django_site DROP CONSTRAINT django_site_domain_a2e37b91_uniq;
ALTER TABLE ONLY public.django_session DROP CONSTRAINT django_session_pkey;
ALTER TABLE ONLY public.django_migrations DROP CONSTRAINT django_migrations_pkey;
ALTER TABLE ONLY public.django_content_type DROP CONSTRAINT django_content_type_pkey;
ALTER TABLE ONLY public.django_content_type DROP CONSTRAINT django_content_type_app_label_model_76bd3d3b_uniq;
ALTER TABLE ONLY public.django_admin_log DROP CONSTRAINT django_admin_log_pkey;
ALTER TABLE ONLY public.captcha_captchastore DROP CONSTRAINT captcha_captchastore_pkey;
ALTER TABLE ONLY public.captcha_captchastore DROP CONSTRAINT captcha_captchastore_hashkey_key;
ALTER TABLE ONLY public."betterFlatPages_flatpage_sites" DROP CONSTRAINT "betterFlatPages_flatpage_sites_pkey";
ALTER TABLE ONLY public."betterFlatPages_flatpage" DROP CONSTRAINT "betterFlatPages_flatpage_pkey";
ALTER TABLE ONLY public."betterFlatPages_flatpage_sites" DROP CONSTRAINT "betterFlatPages_flatpage_flatpage_id_site_id_86534078_uniq";
ALTER TABLE ONLY public.background_task DROP CONSTRAINT background_task_pkey;
ALTER TABLE ONLY public.background_task_completedtask DROP CONSTRAINT background_task_completedtask_pkey;
ALTER TABLE ONLY public.auth_permission DROP CONSTRAINT auth_permission_pkey;
ALTER TABLE ONLY public.auth_permission DROP CONSTRAINT auth_permission_content_type_id_codename_01ab375a_uniq;
ALTER TABLE ONLY public.auth_group DROP CONSTRAINT auth_group_pkey;
ALTER TABLE ONLY public.auth_group_permissions DROP CONSTRAINT auth_group_permissions_pkey;
ALTER TABLE ONLY public.auth_group_permissions DROP CONSTRAINT auth_group_permissions_group_id_permission_id_0cd325b0_uniq;
ALTER TABLE ONLY public.auth_group DROP CONSTRAINT auth_group_name_key;
ALTER TABLE ONLY public.analyses_statistiqueutilisateur DROP CONSTRAINT analyses_statistiqueutilisateur_pkey;
ALTER TABLE ONLY public.analyses_autodiaguserresponse DROP CONSTRAINT analyses_autodiaguserresponse_pkey;
ALTER TABLE ONLY public.analyses_autodiagsession DROP CONSTRAINT analyses_autodiagsession_pkey;
ALTER TABLE ONLY public.analyses_autodiagquestion DROP CONSTRAINT analyses_autodiagquestion_pkey;
ALTER TABLE ONLY public.analyses_autodiagcomment DROP CONSTRAINT analyses_autodiagcomment_question_id_force_b2a9c8cd_uniq;
ALTER TABLE ONLY public.analyses_autodiagcomment DROP CONSTRAINT analyses_autodiagcomment_pkey;
ALTER TABLE ONLY public.analyses_autodiaganswer DROP CONSTRAINT analyses_autodiaganswer_question_id_ordre_4e32e5a8_uniq;
ALTER TABLE ONLY public.analyses_autodiaganswer DROP CONSTRAINT analyses_autodiaganswer_pkey;
ALTER TABLE ONLY public.accounts_user DROP CONSTRAINT accounts_user_username_key;
ALTER TABLE ONLY public.accounts_user_user_permissions DROP CONSTRAINT accounts_user_user_permissions_pkey;
ALTER TABLE ONLY public.accounts_user_user_permissions DROP CONSTRAINT accounts_user_user_permi_user_id_permission_id_2ab516c2_uniq;
ALTER TABLE ONLY public.accounts_user_secteurs DROP CONSTRAINT accounts_user_secteurs_user_id_secteur_id_4cca9047_uniq;
ALTER TABLE ONLY public.accounts_user_secteurs DROP CONSTRAINT accounts_user_secteurs_pkey;
ALTER TABLE ONLY public.accounts_user DROP CONSTRAINT accounts_user_pkey;
ALTER TABLE ONLY public.accounts_user_multimedia DROP CONSTRAINT accounts_user_multimedia_user_id_multimedia_id_962138fa_uniq;
ALTER TABLE ONLY public.accounts_user_multimedia DROP CONSTRAINT accounts_user_multimedia_pkey;
ALTER TABLE ONLY public.accounts_user_groups DROP CONSTRAINT accounts_user_groups_user_id_group_id_59c0b32f_uniq;
ALTER TABLE ONLY public.accounts_user_groups DROP CONSTRAINT accounts_user_groups_pkey;
ALTER TABLE ONLY public.accounts_user DROP CONSTRAINT accounts_user_email_key;
ALTER TABLE ONLY public.accounts_favorite DROP CONSTRAINT accounts_favorite_pkey;
DROP TABLE public.ressource_ressource_secteurs;
DROP TABLE public.ressource_ressource_pays;
DROP TABLE public.ressource_ressource_mots_cles;
DROP TABLE public.ressource_ressource;
DROP TABLE public.ressource_opportunite_mots_cles;
DROP TABLE public.ressource_opportunite;
DROP TABLE public.params_verificationstatut;
DROP TABLE public.params_typeusager;
DROP TABLE public.params_typeressource;
DROP TABLE public.params_typeopportunite;
DROP TABLE public.params_typeevenement;
DROP TABLE public.params_typedocument;
DROP TABLE public.params_taille;
DROP TABLE public.params_tag;
DROP TABLE public.params_statutopportunite;
DROP TABLE public.params_stattype;
DROP TABLE public.params_sexe;
DROP TABLE public.params_secteur;
DROP TABLE public.params_regioncible;
DROP TABLE public.params_pays;
DROP TABLE public.params_objectif;
DROP TABLE public.params_multimedia;
DROP TABLE public.params_mission;
DROP TABLE public.params_formejuridique;
DROP TABLE public.params_experienceinternationale;
DROP TABLE public.params_contactpageparams;
DROP TABLE public.params_chiffreaffaires;
DROP TABLE public.params_categoriequestion;
DROP TABLE public.params_agerange;
DROP TABLE public.pages_url;
DROP TABLE public.pages_tile;
DROP TABLE public.pages_partenaires;
DROP TABLE public.pages_media;
DROP TABLE public.pages_custompage;
DROP TABLE public.pages_bloc;
DROP TABLE public.notifications_notification;
DROP TABLE public.message_message;
DROP TABLE public.message_matchmaking;
DROP TABLE public.message_discussion;
DROP TABLE public.extension_marketplace_tags;
DROP TABLE public.extension_marketplace;
DROP TABLE public.extension_cours_tags;
DROP TABLE public.extension_cours_secteurs;
DROP TABLE public.extension_cours_pays;
DROP TABLE public.extension_cours_participants;
DROP TABLE public.extension_cours;
DROP TABLE public.evenement_temoignage;
DROP TABLE public.evenement_missionstat;
DROP TABLE public.evenement_missioneconomique;
DROP TABLE public.evenement_inscriptionevenement;
DROP TABLE public.evenement_evenement_tags;
DROP TABLE public.evenement_evenement_secteur_concernees;
DROP TABLE public.evenement_evenement_pays_concernees;
DROP TABLE public.evenement_evenement_multimedia;
DROP TABLE public.evenement_evenement;
DROP TABLE public.evenement_bloccontenu;
DROP TABLE public.entreprise_membrecommunaute;
DROP TABLE public.entreprise_entreprise_tags;
DROP TABLE public.entreprise_entreprise_secteurs;
DROP TABLE public.entreprise_entreprise_objectifs;
DROP TABLE public.entreprise_entreprise_multimedia;
DROP TABLE public.entreprise_entreprise_missions_participes;
DROP TABLE public.entreprise_entreprise_marches_actuels;
DROP TABLE public.entreprise_entreprise_marche_cibles;
DROP TABLE public.entreprise_entreprise;
DROP TABLE public.entreprise_documentverification;
DROP TABLE public.entreprise_communaute;
DROP TABLE public.entreprise_bureau_tags;
DROP TABLE public.entreprise_bureau;
DROP TABLE public.django_site;
DROP TABLE public.django_session;
DROP TABLE public.django_migrations;
DROP TABLE public.django_content_type;
DROP TABLE public.django_admin_log;
DROP TABLE public.captcha_captchastore;
DROP TABLE public."betterFlatPages_flatpage_sites";
DROP TABLE public."betterFlatPages_flatpage";
DROP TABLE public.background_task_completedtask;
DROP TABLE public.background_task;
DROP TABLE public.auth_permission;
DROP TABLE public.auth_group_permissions;
DROP TABLE public.auth_group;
DROP TABLE public.analyses_statistiqueutilisateur;
DROP TABLE public.analyses_autodiaguserresponse;
DROP TABLE public.analyses_autodiagsession;
DROP TABLE public.analyses_autodiagquestion;
DROP TABLE public.analyses_autodiagcomment;
DROP TABLE public.analyses_autodiaganswer;
DROP TABLE public.accounts_user_user_permissions;
DROP TABLE public.accounts_user_secteurs;
DROP TABLE public.accounts_user_multimedia;
DROP TABLE public.accounts_user_groups;
DROP TABLE public.accounts_user;
DROP TABLE public.accounts_favorite;


--
-- Name: accounts_favorite; Type: TABLE; Schema: public; Owner: oifadmin
--

CREATE TABLE public.accounts_favorite (
    id bigint NOT NULL,
    type character varying(11),
    url character varying(200),
    user_id bigint
);


ALTER TABLE public.accounts_favorite OWNER TO oifadmin;

--
-- Name: accounts_favorite_id_seq; Type: SEQUENCE; Schema: public; Owner: oifadmin
--

ALTER TABLE public.accounts_favorite ALTER COLUMN id ADD GENERATED BY DEFAULT AS IDENTITY (
    SEQUENCE NAME public.accounts_favorite_id_seq
    START WITH 1
    INCREMENT BY 1
    NO MINVALUE
    NO MAXVALUE
    CACHE 1
);


--
-- Name: accounts_user; Type: TABLE; Schema: public; Owner: oifadmin
--

CREATE TABLE public.accounts_user (
    id bigint NOT NULL,
    password character varying(128) NOT NULL,
    last_login timestamp with time zone,
    is_superuser boolean NOT NULL,
    username character varying(150) NOT NULL,
    first_name character varying(150) NOT NULL,
    last_name character varying(150) NOT NULL,
    is_staff boolean NOT NULL,
    date_joined timestamp with time zone NOT NULL,
    mfa_active boolean NOT NULL,
    mfa_code character varying(6),
    mfa_expires_at timestamp with time zone,
    failed_attempts integer NOT NULL,
    is_locked boolean NOT NULL,
    address character varying(200),
    city character varying(100),
    country character varying(2),
    fonction character varying(100),
    email character varying(254) NOT NULL,
    backup_email character varying(254),
    telephone character varying(20),
    newsletter boolean,
    avatar character varying(100),
    acceptation_cgu timestamp with time zone,
    email_verified boolean NOT NULL,
    is_active boolean NOT NULL,
    is_verified boolean NOT NULL,
    is_created_on_web boolean,
    age_id bigint,
    sexe_id bigint,
    user_type_id bigint,
    description text,
    produits_service text
);


ALTER TABLE public.accounts_user OWNER TO oifadmin;

--
-- Name: accounts_user_groups; Type: TABLE; Schema: public; Owner: oifadmin
--

CREATE TABLE public.accounts_user_groups (
    id bigint NOT NULL,
    user_id bigint NOT NULL,
    group_id integer NOT NULL
);


ALTER TABLE public.accounts_user_groups OWNER TO oifadmin;

--
-- Name: accounts_user_groups_id_seq; Type: SEQUENCE; Schema: public; Owner: oifadmin
--

ALTER TABLE public.accounts_user_groups ALTER COLUMN id ADD GENERATED BY DEFAULT AS IDENTITY (
    SEQUENCE NAME public.accounts_user_groups_id_seq
    START WITH 1
    INCREMENT BY 1
    NO MINVALUE
    NO MAXVALUE
    CACHE 1
);


--
-- Name: accounts_user_id_seq; Type: SEQUENCE; Schema: public; Owner: oifadmin
--

ALTER TABLE public.accounts_user ALTER COLUMN id ADD GENERATED BY DEFAULT AS IDENTITY (
    SEQUENCE NAME public.accounts_user_id_seq
    START WITH 1
    INCREMENT BY 1
    NO MINVALUE
    NO MAXVALUE
    CACHE 1
);


--
-- Name: accounts_user_multimedia; Type: TABLE; Schema: public; Owner: oifadmin
--

CREATE TABLE public.accounts_user_multimedia (
    id bigint NOT NULL,
    user_id bigint NOT NULL,
    multimedia_id bigint NOT NULL
);


ALTER TABLE public.accounts_user_multimedia OWNER TO oifadmin;

--
-- Name: accounts_user_multimedia_id_seq; Type: SEQUENCE; Schema: public; Owner: oifadmin
--

ALTER TABLE public.accounts_user_multimedia ALTER COLUMN id ADD GENERATED BY DEFAULT AS IDENTITY (
    SEQUENCE NAME public.accounts_user_multimedia_id_seq
    START WITH 1
    INCREMENT BY 1
    NO MINVALUE
    NO MAXVALUE
    CACHE 1
);


--
-- Name: accounts_user_secteurs; Type: TABLE; Schema: public; Owner: oifadmin
--

CREATE TABLE public.accounts_user_secteurs (
    id bigint NOT NULL,
    user_id bigint NOT NULL,
    secteur_id bigint NOT NULL
);


ALTER TABLE public.accounts_user_secteurs OWNER TO oifadmin;

--
-- Name: accounts_user_secteurs_id_seq; Type: SEQUENCE; Schema: public; Owner: oifadmin
--

ALTER TABLE public.accounts_user_secteurs ALTER COLUMN id ADD GENERATED BY DEFAULT AS IDENTITY (
    SEQUENCE NAME public.accounts_user_secteurs_id_seq
    START WITH 1
    INCREMENT BY 1
    NO MINVALUE
    NO MAXVALUE
    CACHE 1
);


--
-- Name: accounts_user_user_permissions; Type: TABLE; Schema: public; Owner: oifadmin
--

CREATE TABLE public.accounts_user_user_permissions (
    id bigint NOT NULL,
    user_id bigint NOT NULL,
    permission_id integer NOT NULL
);


ALTER TABLE public.accounts_user_user_permissions OWNER TO oifadmin;

--
-- Name: accounts_user_user_permissions_id_seq; Type: SEQUENCE; Schema: public; Owner: oifadmin
--

ALTER TABLE public.accounts_user_user_permissions ALTER COLUMN id ADD GENERATED BY DEFAULT AS IDENTITY (
    SEQUENCE NAME public.accounts_user_user_permissions_id_seq
    START WITH 1
    INCREMENT BY 1
    NO MINVALUE
    NO MAXVALUE
    CACHE 1
);


--
-- Name: analyses_autodiaganswer; Type: TABLE; Schema: public; Owner: oifadmin
--

CREATE TABLE public.analyses_autodiaganswer (
    id bigint NOT NULL,
    text character varying(255),
    notation integer,
    ordre smallint NOT NULL,
    question_id bigint,
    CONSTRAINT analyses_autodiaganswer_ordre_check CHECK ((ordre >= 0))
);


ALTER TABLE public.analyses_autodiaganswer OWNER TO oifadmin;

--
-- Name: analyses_autodiaganswer_id_seq; Type: SEQUENCE; Schema: public; Owner: oifadmin
--

ALTER TABLE public.analyses_autodiaganswer ALTER COLUMN id ADD GENERATED BY DEFAULT AS IDENTITY (
    SEQUENCE NAME public.analyses_autodiaganswer_id_seq
    START WITH 1
    INCREMENT BY 1
    NO MINVALUE
    NO MAXVALUE
    CACHE 1
);


--
-- Name: analyses_autodiagcomment; Type: TABLE; Schema: public; Owner: oifadmin
--

CREATE TABLE public.analyses_autodiagcomment (
    id bigint NOT NULL,
    force character varying(10),
    commentaire text,
    lien_ressource character varying(200),
    question_id bigint,
    ressource_id bigint
);


ALTER TABLE public.analyses_autodiagcomment OWNER TO oifadmin;

--
-- Name: analyses_autodiagcomment_id_seq; Type: SEQUENCE; Schema: public; Owner: oifadmin
--

ALTER TABLE public.analyses_autodiagcomment ALTER COLUMN id ADD GENERATED BY DEFAULT AS IDENTITY (
    SEQUENCE NAME public.analyses_autodiagcomment_id_seq
    START WITH 1
    INCREMENT BY 1
    NO MINVALUE
    NO MAXVALUE
    CACHE 1
);


--
-- Name: analyses_autodiagquestion; Type: TABLE; Schema: public; Owner: oifadmin
--

CREATE TABLE public.analyses_autodiagquestion (
    id bigint NOT NULL,
    numero integer NOT NULL,
    text text,
    category_id bigint,
    CONSTRAINT analyses_autodiagquestion_numero_check CHECK ((numero >= 0))
);


ALTER TABLE public.analyses_autodiagquestion OWNER TO oifadmin;

--
-- Name: analyses_autodiagquestion_id_seq; Type: SEQUENCE; Schema: public; Owner: oifadmin
--

ALTER TABLE public.analyses_autodiagquestion ALTER COLUMN id ADD GENERATED BY DEFAULT AS IDENTITY (
    SEQUENCE NAME public.analyses_autodiagquestion_id_seq
    START WITH 1
    INCREMENT BY 1
    NO MINVALUE
    NO MAXVALUE
    CACHE 1
);


--
-- Name: analyses_autodiagsession; Type: TABLE; Schema: public; Owner: oifadmin
--

CREATE TABLE public.analyses_autodiagsession (
    id bigint NOT NULL,
    date_creation timestamp with time zone NOT NULL,
    date_completion timestamp with time zone,
    is_completed boolean NOT NULL,
    total_score integer NOT NULL,
    categorie_scores jsonb NOT NULL,
    cree_par_id bigint,
    entreprise_id bigint
);


ALTER TABLE public.analyses_autodiagsession OWNER TO oifadmin;

--
-- Name: analyses_autodiagsession_id_seq; Type: SEQUENCE; Schema: public; Owner: oifadmin
--

ALTER TABLE public.analyses_autodiagsession ALTER COLUMN id ADD GENERATED BY DEFAULT AS IDENTITY (
    SEQUENCE NAME public.analyses_autodiagsession_id_seq
    START WITH 1
    INCREMENT BY 1
    NO MINVALUE
    NO MAXVALUE
    CACHE 1
);


--
-- Name: analyses_autodiaguserresponse; Type: TABLE; Schema: public; Owner: oifadmin
--

CREATE TABLE public.analyses_autodiaguserresponse (
    id bigint NOT NULL,
    submitted_at timestamp with time zone NOT NULL,
    autodiag_id bigint,
    question_id bigint,
    selected_answer_id bigint,
    user_id bigint
);


ALTER TABLE public.analyses_autodiaguserresponse OWNER TO oifadmin;

--
-- Name: analyses_autodiaguserresponse_id_seq; Type: SEQUENCE; Schema: public; Owner: oifadmin
--

ALTER TABLE public.analyses_autodiaguserresponse ALTER COLUMN id ADD GENERATED BY DEFAULT AS IDENTITY (
    SEQUENCE NAME public.analyses_autodiaguserresponse_id_seq
    START WITH 1
    INCREMENT BY 1
    NO MINVALUE
    NO MAXVALUE
    CACHE 1
);


--
-- Name: analyses_statistiqueutilisateur; Type: TABLE; Schema: public; Owner: oifadmin
--

CREATE TABLE public.analyses_statistiqueutilisateur (
    id bigint NOT NULL,
    date_mesure timestamp with time zone NOT NULL,
    valeur double precision,
    details jsonb,
    type_stat_id bigint,
    user_id bigint
);


ALTER TABLE public.analyses_statistiqueutilisateur OWNER TO oifadmin;

--
-- Name: analyses_statistiqueutilisateur_id_seq; Type: SEQUENCE; Schema: public; Owner: oifadmin
--

ALTER TABLE public.analyses_statistiqueutilisateur ALTER COLUMN id ADD GENERATED BY DEFAULT AS IDENTITY (
    SEQUENCE NAME public.analyses_statistiqueutilisateur_id_seq
    START WITH 1
    INCREMENT BY 1
    NO MINVALUE
    NO MAXVALUE
    CACHE 1
);


--
-- Name: auth_group; Type: TABLE; Schema: public; Owner: oifadmin
--

CREATE TABLE public.auth_group (
    id integer NOT NULL,
    name character varying(150) NOT NULL
);


ALTER TABLE public.auth_group OWNER TO oifadmin;

--
-- Name: auth_group_id_seq; Type: SEQUENCE; Schema: public; Owner: oifadmin
--

ALTER TABLE public.auth_group ALTER COLUMN id ADD GENERATED BY DEFAULT AS IDENTITY (
    SEQUENCE NAME public.auth_group_id_seq
    START WITH 1
    INCREMENT BY 1
    NO MINVALUE
    NO MAXVALUE
    CACHE 1
);


--
-- Name: auth_group_permissions; Type: TABLE; Schema: public; Owner: oifadmin
--

CREATE TABLE public.auth_group_permissions (
    id bigint NOT NULL,
    group_id integer NOT NULL,
    permission_id integer NOT NULL
);


ALTER TABLE public.auth_group_permissions OWNER TO oifadmin;

--
-- Name: auth_group_permissions_id_seq; Type: SEQUENCE; Schema: public; Owner: oifadmin
--

ALTER TABLE public.auth_group_permissions ALTER COLUMN id ADD GENERATED BY DEFAULT AS IDENTITY (
    SEQUENCE NAME public.auth_group_permissions_id_seq
    START WITH 1
    INCREMENT BY 1
    NO MINVALUE
    NO MAXVALUE
    CACHE 1
);


--
-- Name: auth_permission; Type: TABLE; Schema: public; Owner: oifadmin
--

CREATE TABLE public.auth_permission (
    id integer NOT NULL,
    name character varying(255) NOT NULL,
    content_type_id integer NOT NULL,
    codename character varying(100) NOT NULL
);


ALTER TABLE public.auth_permission OWNER TO oifadmin;

--
-- Name: auth_permission_id_seq; Type: SEQUENCE; Schema: public; Owner: oifadmin
--

ALTER TABLE public.auth_permission ALTER COLUMN id ADD GENERATED BY DEFAULT AS IDENTITY (
    SEQUENCE NAME public.auth_permission_id_seq
    START WITH 1
    INCREMENT BY 1
    NO MINVALUE
    NO MAXVALUE
    CACHE 1
);


--
-- Name: background_task; Type: TABLE; Schema: public; Owner: oifadmin
--

CREATE TABLE public.background_task (
    id bigint NOT NULL,
    task_name character varying(190) NOT NULL,
    task_params text NOT NULL,
    task_hash character varying(40) NOT NULL,
    verbose_name character varying(255),
    priority integer NOT NULL,
    run_at timestamp with time zone NOT NULL,
    repeat bigint NOT NULL,
    repeat_until timestamp with time zone,
    queue character varying(190),
    attempts integer NOT NULL,
    failed_at timestamp with time zone,
    last_error text NOT NULL,
    locked_by character varying(64),
    locked_at timestamp with time zone,
    creator_object_id integer,
    creator_content_type_id integer,
    CONSTRAINT background_task_creator_object_id_check CHECK ((creator_object_id >= 0))
);


ALTER TABLE public.background_task OWNER TO oifadmin;

--
-- Name: background_task_completedtask; Type: TABLE; Schema: public; Owner: oifadmin
--

CREATE TABLE public.background_task_completedtask (
    id bigint NOT NULL,
    task_name character varying(190) NOT NULL,
    task_params text NOT NULL,
    task_hash character varying(40) NOT NULL,
    verbose_name character varying(255),
    priority integer NOT NULL,
    run_at timestamp with time zone NOT NULL,
    repeat bigint NOT NULL,
    repeat_until timestamp with time zone,
    queue character varying(190),
    attempts integer NOT NULL,
    failed_at timestamp with time zone,
    last_error text NOT NULL,
    locked_by character varying(64),
    locked_at timestamp with time zone,
    creator_object_id integer,
    creator_content_type_id integer,
    CONSTRAINT background_task_completedtask_creator_object_id_check CHECK ((creator_object_id >= 0))
);


ALTER TABLE public.background_task_completedtask OWNER TO oifadmin;

--
-- Name: background_task_completedtask_id_seq; Type: SEQUENCE; Schema: public; Owner: oifadmin
--

ALTER TABLE public.background_task_completedtask ALTER COLUMN id ADD GENERATED BY DEFAULT AS IDENTITY (
    SEQUENCE NAME public.background_task_completedtask_id_seq
    START WITH 1
    INCREMENT BY 1
    NO MINVALUE
    NO MAXVALUE
    CACHE 1
);


--
-- Name: background_task_id_seq; Type: SEQUENCE; Schema: public; Owner: oifadmin
--

ALTER TABLE public.background_task ALTER COLUMN id ADD GENERATED BY DEFAULT AS IDENTITY (
    SEQUENCE NAME public.background_task_id_seq
    START WITH 1
    INCREMENT BY 1
    NO MINVALUE
    NO MAXVALUE
    CACHE 1
);


--
-- Name: betterFlatPages_flatpage; Type: TABLE; Schema: public; Owner: oifadmin
--

CREATE TABLE public."betterFlatPages_flatpage" (
    id bigint NOT NULL,
    url character varying(100) NOT NULL,
    title character varying(200) NOT NULL,
    content text NOT NULL,
    enable_comments boolean NOT NULL,
    meta text NOT NULL,
    template_name character varying(70) NOT NULL,
    registration_required boolean NOT NULL
);


ALTER TABLE public."betterFlatPages_flatpage" OWNER TO oifadmin;

--
-- Name: betterFlatPages_flatpage_id_seq; Type: SEQUENCE; Schema: public; Owner: oifadmin
--

ALTER TABLE public."betterFlatPages_flatpage" ALTER COLUMN id ADD GENERATED BY DEFAULT AS IDENTITY (
    SEQUENCE NAME public."betterFlatPages_flatpage_id_seq"
    START WITH 1
    INCREMENT BY 1
    NO MINVALUE
    NO MAXVALUE
    CACHE 1
);


--
-- Name: betterFlatPages_flatpage_sites; Type: TABLE; Schema: public; Owner: oifadmin
--

CREATE TABLE public."betterFlatPages_flatpage_sites" (
    id bigint NOT NULL,
    flatpage_id bigint NOT NULL,
    site_id integer NOT NULL
);


ALTER TABLE public."betterFlatPages_flatpage_sites" OWNER TO oifadmin;

--
-- Name: betterFlatPages_flatpage_sites_id_seq; Type: SEQUENCE; Schema: public; Owner: oifadmin
--

ALTER TABLE public."betterFlatPages_flatpage_sites" ALTER COLUMN id ADD GENERATED BY DEFAULT AS IDENTITY (
    SEQUENCE NAME public."betterFlatPages_flatpage_sites_id_seq"
    START WITH 1
    INCREMENT BY 1
    NO MINVALUE
    NO MAXVALUE
    CACHE 1
);


--
-- Name: captcha_captchastore; Type: TABLE; Schema: public; Owner: oifadmin
--

CREATE TABLE public.captcha_captchastore (
    id integer NOT NULL,
    challenge character varying(32) NOT NULL,
    response character varying(32) NOT NULL,
    hashkey character varying(40) NOT NULL,
    expiration timestamp with time zone NOT NULL
);


ALTER TABLE public.captcha_captchastore OWNER TO oifadmin;

--
-- Name: captcha_captchastore_id_seq; Type: SEQUENCE; Schema: public; Owner: oifadmin
--

ALTER TABLE public.captcha_captchastore ALTER COLUMN id ADD GENERATED BY DEFAULT AS IDENTITY (
    SEQUENCE NAME public.captcha_captchastore_id_seq
    START WITH 1
    INCREMENT BY 1
    NO MINVALUE
    NO MAXVALUE
    CACHE 1
);


--
-- Name: django_admin_log; Type: TABLE; Schema: public; Owner: oifadmin
--

CREATE TABLE public.django_admin_log (
    id integer NOT NULL,
    action_time timestamp with time zone NOT NULL,
    object_id text,
    object_repr character varying(200) NOT NULL,
    action_flag smallint NOT NULL,
    change_message text NOT NULL,
    content_type_id integer,
    user_id bigint NOT NULL,
    CONSTRAINT django_admin_log_action_flag_check CHECK ((action_flag >= 0))
);


ALTER TABLE public.django_admin_log OWNER TO oifadmin;

--
-- Name: django_admin_log_id_seq; Type: SEQUENCE; Schema: public; Owner: oifadmin
--

ALTER TABLE public.django_admin_log ALTER COLUMN id ADD GENERATED BY DEFAULT AS IDENTITY (
    SEQUENCE NAME public.django_admin_log_id_seq
    START WITH 1
    INCREMENT BY 1
    NO MINVALUE
    NO MAXVALUE
    CACHE 1
);


--
-- Name: django_content_type; Type: TABLE; Schema: public; Owner: oifadmin
--

CREATE TABLE public.django_content_type (
    id integer NOT NULL,
    app_label character varying(100) NOT NULL,
    model character varying(100) NOT NULL
);


ALTER TABLE public.django_content_type OWNER TO oifadmin;

--
-- Name: django_content_type_id_seq; Type: SEQUENCE; Schema: public; Owner: oifadmin
--

ALTER TABLE public.django_content_type ALTER COLUMN id ADD GENERATED BY DEFAULT AS IDENTITY (
    SEQUENCE NAME public.django_content_type_id_seq
    START WITH 1
    INCREMENT BY 1
    NO MINVALUE
    NO MAXVALUE
    CACHE 1
);


--
-- Name: django_migrations; Type: TABLE; Schema: public; Owner: oifadmin
--

CREATE TABLE public.django_migrations (
    id bigint NOT NULL,
    app character varying(255) NOT NULL,
    name character varying(255) NOT NULL,
    applied timestamp with time zone NOT NULL
);


ALTER TABLE public.django_migrations OWNER TO oifadmin;

--
-- Name: django_migrations_id_seq; Type: SEQUENCE; Schema: public; Owner: oifadmin
--

ALTER TABLE public.django_migrations ALTER COLUMN id ADD GENERATED BY DEFAULT AS IDENTITY (
    SEQUENCE NAME public.django_migrations_id_seq
    START WITH 1
    INCREMENT BY 1
    NO MINVALUE
    NO MAXVALUE
    CACHE 1
);


--
-- Name: django_session; Type: TABLE; Schema: public; Owner: oifadmin
--

CREATE TABLE public.django_session (
    session_key character varying(40) NOT NULL,
    session_data text NOT NULL,
    expire_date timestamp with time zone NOT NULL
);


ALTER TABLE public.django_session OWNER TO oifadmin;

--
-- Name: django_site; Type: TABLE; Schema: public; Owner: oifadmin
--

CREATE TABLE public.django_site (
    id integer NOT NULL,
    domain character varying(100) NOT NULL,
    name character varying(50) NOT NULL
);


ALTER TABLE public.django_site OWNER TO oifadmin;

--
-- Name: django_site_id_seq; Type: SEQUENCE; Schema: public; Owner: oifadmin
--

ALTER TABLE public.django_site ALTER COLUMN id ADD GENERATED BY DEFAULT AS IDENTITY (
    SEQUENCE NAME public.django_site_id_seq
    START WITH 1
    INCREMENT BY 1
    NO MINVALUE
    NO MAXVALUE
    CACHE 1
);


--
-- Name: entreprise_bureau; Type: TABLE; Schema: public; Owner: oifadmin
--

CREATE TABLE public.entreprise_bureau (
    id bigint NOT NULL,
    nom character varying(255),
    adresse text,
    tel character varying(20),
    siege_social boolean NOT NULL,
    entreprise_id bigint,
    pays_id bigint,
    representant_id bigint,
    secteur_id bigint
);


ALTER TABLE public.entreprise_bureau OWNER TO oifadmin;

--
-- Name: entreprise_bureau_id_seq; Type: SEQUENCE; Schema: public; Owner: oifadmin
--

ALTER TABLE public.entreprise_bureau ALTER COLUMN id ADD GENERATED BY DEFAULT AS IDENTITY (
    SEQUENCE NAME public.entreprise_bureau_id_seq
    START WITH 1
    INCREMENT BY 1
    NO MINVALUE
    NO MAXVALUE
    CACHE 1
);


--
-- Name: entreprise_bureau_tags; Type: TABLE; Schema: public; Owner: oifadmin
--

CREATE TABLE public.entreprise_bureau_tags (
    id bigint NOT NULL,
    bureau_id bigint NOT NULL,
    tag_id bigint NOT NULL
);


ALTER TABLE public.entreprise_bureau_tags OWNER TO oifadmin;

--
-- Name: entreprise_bureau_tags_id_seq; Type: SEQUENCE; Schema: public; Owner: oifadmin
--

ALTER TABLE public.entreprise_bureau_tags ALTER COLUMN id ADD GENERATED BY DEFAULT AS IDENTITY (
    SEQUENCE NAME public.entreprise_bureau_tags_id_seq
    START WITH 1
    INCREMENT BY 1
    NO MINVALUE
    NO MAXVALUE
    CACHE 1
);


--
-- Name: entreprise_communaute; Type: TABLE; Schema: public; Owner: oifadmin
--

CREATE TABLE public.entreprise_communaute (
    id bigint NOT NULL,
    nom character varying(255),
    description text,
    est_approuve boolean NOT NULL,
    date_creation timestamp with time zone NOT NULL,
    entreprise_id bigint,
    proprietaire_id bigint
);


ALTER TABLE public.entreprise_communaute OWNER TO oifadmin;

--
-- Name: entreprise_communaute_id_seq; Type: SEQUENCE; Schema: public; Owner: oifadmin
--

ALTER TABLE public.entreprise_communaute ALTER COLUMN id ADD GENERATED BY DEFAULT AS IDENTITY (
    SEQUENCE NAME public.entreprise_communaute_id_seq
    START WITH 1
    INCREMENT BY 1
    NO MINVALUE
    NO MAXVALUE
    CACHE 1
);


--
-- Name: entreprise_documentverification; Type: TABLE; Schema: public; Owner: oifadmin
--

CREATE TABLE public.entreprise_documentverification (
    id bigint NOT NULL,
    fichier character varying(100),
    date_soumission timestamp with time zone NOT NULL,
    valide boolean NOT NULL,
    entreprise_id bigint NOT NULL,
    type_document_id bigint
);


ALTER TABLE public.entreprise_documentverification OWNER TO oifadmin;

--
-- Name: entreprise_documentverification_id_seq; Type: SEQUENCE; Schema: public; Owner: oifadmin
--

ALTER TABLE public.entreprise_documentverification ALTER COLUMN id ADD GENERATED BY DEFAULT AS IDENTITY (
    SEQUENCE NAME public.entreprise_documentverification_id_seq
    START WITH 1
    INCREMENT BY 1
    NO MINVALUE
    NO MAXVALUE
    CACHE 1
);


--
-- Name: entreprise_entreprise; Type: TABLE; Schema: public; Owner: oifadmin
--

CREATE TABLE public.entreprise_entreprise (
    id bigint NOT NULL,
    raison_sociale character varying(255),
    siret character varying(14),
    effectif integer,
    description text,
    site_web character varying(255),
    score_maturite double precision,
    type_org character varying(20),
    adresse text,
    telephone character varying(20),
    logo character varying(100),
    annee_creation integer,
    participation_missions boolean NOT NULL,
    chiffre_affaires_id bigint,
    experience_internationale_id bigint,
    forme_juridique_id bigint,
    pays_origine_id bigint,
    taille_id bigint,
    user_id bigint,
    verification_statut_id bigint,
    fonction_representant character varying(125),
    email character varying(254),
    produits_service text,
    code_postal character varying(25),
    ville character varying(100),
    CONSTRAINT entreprise_entreprise_annee_creation_check CHECK ((annee_creation >= 0)),
    CONSTRAINT entreprise_entreprise_effectif_check CHECK ((effectif >= 0))
);


ALTER TABLE public.entreprise_entreprise OWNER TO oifadmin;

--
-- Name: entreprise_entreprise_id_seq; Type: SEQUENCE; Schema: public; Owner: oifadmin
--

ALTER TABLE public.entreprise_entreprise ALTER COLUMN id ADD GENERATED BY DEFAULT AS IDENTITY (
    SEQUENCE NAME public.entreprise_entreprise_id_seq
    START WITH 1
    INCREMENT BY 1
    NO MINVALUE
    NO MAXVALUE
    CACHE 1
);


--
-- Name: entreprise_entreprise_marche_cibles; Type: TABLE; Schema: public; Owner: oifadmin
--

CREATE TABLE public.entreprise_entreprise_marche_cibles (
    id bigint NOT NULL,
    entreprise_id bigint NOT NULL,
    pays_id bigint NOT NULL
);


ALTER TABLE public.entreprise_entreprise_marche_cibles OWNER TO oifadmin;

--
-- Name: entreprise_entreprise_marche_cibles_id_seq; Type: SEQUENCE; Schema: public; Owner: oifadmin
--

ALTER TABLE public.entreprise_entreprise_marche_cibles ALTER COLUMN id ADD GENERATED BY DEFAULT AS IDENTITY (
    SEQUENCE NAME public.entreprise_entreprise_marche_cibles_id_seq
    START WITH 1
    INCREMENT BY 1
    NO MINVALUE
    NO MAXVALUE
    CACHE 1
);


--
-- Name: entreprise_entreprise_marches_actuels; Type: TABLE; Schema: public; Owner: oifadmin
--

CREATE TABLE public.entreprise_entreprise_marches_actuels (
    id bigint NOT NULL,
    entreprise_id bigint NOT NULL,
    pays_id bigint NOT NULL
);


ALTER TABLE public.entreprise_entreprise_marches_actuels OWNER TO oifadmin;

--
-- Name: entreprise_entreprise_marches_actuels_id_seq; Type: SEQUENCE; Schema: public; Owner: oifadmin
--

ALTER TABLE public.entreprise_entreprise_marches_actuels ALTER COLUMN id ADD GENERATED BY DEFAULT AS IDENTITY (
    SEQUENCE NAME public.entreprise_entreprise_marches_actuels_id_seq
    START WITH 1
    INCREMENT BY 1
    NO MINVALUE
    NO MAXVALUE
    CACHE 1
);


--
-- Name: entreprise_entreprise_missions_participes; Type: TABLE; Schema: public; Owner: oifadmin
--

CREATE TABLE public.entreprise_entreprise_missions_participes (
    id bigint NOT NULL,
    entreprise_id bigint NOT NULL,
    mission_id bigint NOT NULL
);


ALTER TABLE public.entreprise_entreprise_missions_participes OWNER TO oifadmin;

--
-- Name: entreprise_entreprise_missions_participes_id_seq; Type: SEQUENCE; Schema: public; Owner: oifadmin
--

ALTER TABLE public.entreprise_entreprise_missions_participes ALTER COLUMN id ADD GENERATED BY DEFAULT AS IDENTITY (
    SEQUENCE NAME public.entreprise_entreprise_missions_participes_id_seq
    START WITH 1
    INCREMENT BY 1
    NO MINVALUE
    NO MAXVALUE
    CACHE 1
);


--
-- Name: entreprise_entreprise_multimedia; Type: TABLE; Schema: public; Owner: oifadmin
--

CREATE TABLE public.entreprise_entreprise_multimedia (
    id bigint NOT NULL,
    entreprise_id bigint NOT NULL,
    multimedia_id bigint NOT NULL
);


ALTER TABLE public.entreprise_entreprise_multimedia OWNER TO oifadmin;

--
-- Name: entreprise_entreprise_multimedia_id_seq; Type: SEQUENCE; Schema: public; Owner: oifadmin
--

ALTER TABLE public.entreprise_entreprise_multimedia ALTER COLUMN id ADD GENERATED BY DEFAULT AS IDENTITY (
    SEQUENCE NAME public.entreprise_entreprise_multimedia_id_seq
    START WITH 1
    INCREMENT BY 1
    NO MINVALUE
    NO MAXVALUE
    CACHE 1
);


--
-- Name: entreprise_entreprise_objectifs; Type: TABLE; Schema: public; Owner: oifadmin
--

CREATE TABLE public.entreprise_entreprise_objectifs (
    id bigint NOT NULL,
    entreprise_id bigint NOT NULL,
    objectif_id bigint NOT NULL
);


ALTER TABLE public.entreprise_entreprise_objectifs OWNER TO oifadmin;

--
-- Name: entreprise_entreprise_objectifs_id_seq; Type: SEQUENCE; Schema: public; Owner: oifadmin
--

ALTER TABLE public.entreprise_entreprise_objectifs ALTER COLUMN id ADD GENERATED BY DEFAULT AS IDENTITY (
    SEQUENCE NAME public.entreprise_entreprise_objectifs_id_seq
    START WITH 1
    INCREMENT BY 1
    NO MINVALUE
    NO MAXVALUE
    CACHE 1
);


--
-- Name: entreprise_entreprise_secteurs; Type: TABLE; Schema: public; Owner: oifadmin
--

CREATE TABLE public.entreprise_entreprise_secteurs (
    id bigint NOT NULL,
    entreprise_id bigint NOT NULL,
    secteur_id bigint NOT NULL
);


ALTER TABLE public.entreprise_entreprise_secteurs OWNER TO oifadmin;

--
-- Name: entreprise_entreprise_secteurs_id_seq; Type: SEQUENCE; Schema: public; Owner: oifadmin
--

ALTER TABLE public.entreprise_entreprise_secteurs ALTER COLUMN id ADD GENERATED BY DEFAULT AS IDENTITY (
    SEQUENCE NAME public.entreprise_entreprise_secteurs_id_seq
    START WITH 1
    INCREMENT BY 1
    NO MINVALUE
    NO MAXVALUE
    CACHE 1
);


--
-- Name: entreprise_entreprise_tags; Type: TABLE; Schema: public; Owner: oifadmin
--

CREATE TABLE public.entreprise_entreprise_tags (
    id bigint NOT NULL,
    entreprise_id bigint NOT NULL,
    tag_id bigint NOT NULL
);


ALTER TABLE public.entreprise_entreprise_tags OWNER TO oifadmin;

--
-- Name: entreprise_entreprise_tags_id_seq; Type: SEQUENCE; Schema: public; Owner: oifadmin
--

ALTER TABLE public.entreprise_entreprise_tags ALTER COLUMN id ADD GENERATED BY DEFAULT AS IDENTITY (
    SEQUENCE NAME public.entreprise_entreprise_tags_id_seq
    START WITH 1
    INCREMENT BY 1
    NO MINVALUE
    NO MAXVALUE
    CACHE 1
);


--
-- Name: entreprise_membrecommunaute; Type: TABLE; Schema: public; Owner: oifadmin
--

CREATE TABLE public.entreprise_membrecommunaute (
    id bigint NOT NULL,
    role character varying(20) NOT NULL,
    date_adhesion timestamp with time zone NOT NULL,
    est_approuve boolean NOT NULL,
    communaute_id bigint,
    utilisateur_id bigint
);


ALTER TABLE public.entreprise_membrecommunaute OWNER TO oifadmin;

--
-- Name: entreprise_membrecommunaute_id_seq; Type: SEQUENCE; Schema: public; Owner: oifadmin
--

ALTER TABLE public.entreprise_membrecommunaute ALTER COLUMN id ADD GENERATED BY DEFAULT AS IDENTITY (
    SEQUENCE NAME public.entreprise_membrecommunaute_id_seq
    START WITH 1
    INCREMENT BY 1
    NO MINVALUE
    NO MAXVALUE
    CACHE 1
);


--
-- Name: evenement_bloccontenu; Type: TABLE; Schema: public; Owner: oifadmin
--

CREATE TABLE public.evenement_bloccontenu (
    id bigint NOT NULL,
    titre character varying(255),
    description text,
    type character varying(20),
    contenu_texte text,
    image character varying(100),
    video character varying(100),
    url_video character varying(200),
    url_externe character varying(200),
    code_embed text,
    ordre integer NOT NULL,
    mission_id bigint,
    CONSTRAINT evenement_bloccontenu_ordre_check CHECK ((ordre >= 0))
);


ALTER TABLE public.evenement_bloccontenu OWNER TO oifadmin;

--
-- Name: evenement_bloccontenu_id_seq; Type: SEQUENCE; Schema: public; Owner: oifadmin
--

ALTER TABLE public.evenement_bloccontenu ALTER COLUMN id ADD GENERATED BY DEFAULT AS IDENTITY (
    SEQUENCE NAME public.evenement_bloccontenu_id_seq
    START WITH 1
    INCREMENT BY 1
    NO MINVALUE
    NO MAXVALUE
    CACHE 1
);


--
-- Name: evenement_evenement; Type: TABLE; Schema: public; Owner: oifadmin
--

CREATE TABLE public.evenement_evenement (
    id bigint NOT NULL,
    titre character varying(255),
    description text,
    date_debut timestamp with time zone,
    date_fin timestamp with time zone,
    lieu character varying(255),
    en_ligne boolean NOT NULL,
    url_participer character varying(200),
    organisateur_id bigint,
    type_evenement_id bigint,
    nombre_place integer,
    image character varying(100),
    introduction text,
    CONSTRAINT evenement_evenement_nombre_place_check CHECK ((nombre_place >= 0))
);


ALTER TABLE public.evenement_evenement OWNER TO oifadmin;

--
-- Name: evenement_evenement_id_seq; Type: SEQUENCE; Schema: public; Owner: oifadmin
--

ALTER TABLE public.evenement_evenement ALTER COLUMN id ADD GENERATED BY DEFAULT AS IDENTITY (
    SEQUENCE NAME public.evenement_evenement_id_seq
    START WITH 1
    INCREMENT BY 1
    NO MINVALUE
    NO MAXVALUE
    CACHE 1
);


--
-- Name: evenement_evenement_multimedia; Type: TABLE; Schema: public; Owner: oifadmin
--

CREATE TABLE public.evenement_evenement_multimedia (
    id bigint NOT NULL,
    evenement_id bigint NOT NULL,
    multimedia_id bigint NOT NULL
);


ALTER TABLE public.evenement_evenement_multimedia OWNER TO oifadmin;

--
-- Name: evenement_evenement_multimedia_id_seq; Type: SEQUENCE; Schema: public; Owner: oifadmin
--

ALTER TABLE public.evenement_evenement_multimedia ALTER COLUMN id ADD GENERATED BY DEFAULT AS IDENTITY (
    SEQUENCE NAME public.evenement_evenement_multimedia_id_seq
    START WITH 1
    INCREMENT BY 1
    NO MINVALUE
    NO MAXVALUE
    CACHE 1
);


--
-- Name: evenement_evenement_pays_concernees; Type: TABLE; Schema: public; Owner: oifadmin
--

CREATE TABLE public.evenement_evenement_pays_concernees (
    id bigint NOT NULL,
    evenement_id bigint NOT NULL,
    pays_id bigint NOT NULL
);


ALTER TABLE public.evenement_evenement_pays_concernees OWNER TO oifadmin;

--
-- Name: evenement_evenement_pays_concernees_id_seq; Type: SEQUENCE; Schema: public; Owner: oifadmin
--

ALTER TABLE public.evenement_evenement_pays_concernees ALTER COLUMN id ADD GENERATED BY DEFAULT AS IDENTITY (
    SEQUENCE NAME public.evenement_evenement_pays_concernees_id_seq
    START WITH 1
    INCREMENT BY 1
    NO MINVALUE
    NO MAXVALUE
    CACHE 1
);


--
-- Name: evenement_evenement_secteur_concernees; Type: TABLE; Schema: public; Owner: oifadmin
--

CREATE TABLE public.evenement_evenement_secteur_concernees (
    id bigint NOT NULL,
    evenement_id bigint NOT NULL,
    secteur_id bigint NOT NULL
);


ALTER TABLE public.evenement_evenement_secteur_concernees OWNER TO oifadmin;

--
-- Name: evenement_evenement_secteur_concernees_id_seq; Type: SEQUENCE; Schema: public; Owner: oifadmin
--

ALTER TABLE public.evenement_evenement_secteur_concernees ALTER COLUMN id ADD GENERATED BY DEFAULT AS IDENTITY (
    SEQUENCE NAME public.evenement_evenement_secteur_concernees_id_seq
    START WITH 1
    INCREMENT BY 1
    NO MINVALUE
    NO MAXVALUE
    CACHE 1
);


--
-- Name: evenement_evenement_tags; Type: TABLE; Schema: public; Owner: oifadmin
--

CREATE TABLE public.evenement_evenement_tags (
    id bigint NOT NULL,
    evenement_id bigint NOT NULL,
    tag_id bigint NOT NULL
);


ALTER TABLE public.evenement_evenement_tags OWNER TO oifadmin;

--
-- Name: evenement_evenement_tags_id_seq; Type: SEQUENCE; Schema: public; Owner: oifadmin
--

ALTER TABLE public.evenement_evenement_tags ALTER COLUMN id ADD GENERATED BY DEFAULT AS IDENTITY (
    SEQUENCE NAME public.evenement_evenement_tags_id_seq
    START WITH 1
    INCREMENT BY 1
    NO MINVALUE
    NO MAXVALUE
    CACHE 1
);


--
-- Name: evenement_inscriptionevenement; Type: TABLE; Schema: public; Owner: oifadmin
--

CREATE TABLE public.evenement_inscriptionevenement (
    id bigint NOT NULL,
    date_inscription timestamp with time zone NOT NULL,
    statut character varying(50),
    evenement_id bigint,
    utilisateur_id bigint,
    reminder_sent boolean NOT NULL
);


ALTER TABLE public.evenement_inscriptionevenement OWNER TO oifadmin;

--
-- Name: evenement_inscriptionevenement_id_seq; Type: SEQUENCE; Schema: public; Owner: oifadmin
--

ALTER TABLE public.evenement_inscriptionevenement ALTER COLUMN id ADD GENERATED BY DEFAULT AS IDENTITY (
    SEQUENCE NAME public.evenement_inscriptionevenement_id_seq
    START WITH 1
    INCREMENT BY 1
    NO MINVALUE
    NO MAXVALUE
    CACHE 1
);


--
-- Name: evenement_missioneconomique; Type: TABLE; Schema: public; Owner: oifadmin
--

CREATE TABLE public.evenement_missioneconomique (
    id bigint NOT NULL,
    titre character varying(200),
    sous_titre character varying(255),
    description text,
    date_debut date,
    date_fin date,
    illustration character varying(100),
    is_featured boolean NOT NULL,
    slug character varying(50) NOT NULL,
    pays_id bigint,
    secteur_id bigint
);


ALTER TABLE public.evenement_missioneconomique OWNER TO oifadmin;

--
-- Name: evenement_missioneconomique_id_seq; Type: SEQUENCE; Schema: public; Owner: oifadmin
--

ALTER TABLE public.evenement_missioneconomique ALTER COLUMN id ADD GENERATED BY DEFAULT AS IDENTITY (
    SEQUENCE NAME public.evenement_missioneconomique_id_seq
    START WITH 1
    INCREMENT BY 1
    NO MINVALUE
    NO MAXVALUE
    CACHE 1
);


--
-- Name: evenement_missionstat; Type: TABLE; Schema: public; Owner: oifadmin
--

CREATE TABLE public.evenement_missionstat (
    id bigint NOT NULL,
    label character varying(100),
    value character varying(50),
    mission_id bigint
);


ALTER TABLE public.evenement_missionstat OWNER TO oifadmin;

--
-- Name: evenement_missionstat_id_seq; Type: SEQUENCE; Schema: public; Owner: oifadmin
--

ALTER TABLE public.evenement_missionstat ALTER COLUMN id ADD GENERATED BY DEFAULT AS IDENTITY (
    SEQUENCE NAME public.evenement_missionstat_id_seq
    START WITH 1
    INCREMENT BY 1
    NO MINVALUE
    NO MAXVALUE
    CACHE 1
);


--
-- Name: evenement_temoignage; Type: TABLE; Schema: public; Owner: oifadmin
--

CREATE TABLE public.evenement_temoignage (
    id bigint NOT NULL,
    auteur character varying(255),
    fonction character varying(255),
    contenu text NOT NULL,
    photo character varying(100),
    auteur_user_id bigint,
    mission_id bigint,
    organisation_id bigint,
    pays_id bigint
);


ALTER TABLE public.evenement_temoignage OWNER TO oifadmin;

--
-- Name: evenement_temoignage_id_seq; Type: SEQUENCE; Schema: public; Owner: oifadmin
--

ALTER TABLE public.evenement_temoignage ALTER COLUMN id ADD GENERATED BY DEFAULT AS IDENTITY (
    SEQUENCE NAME public.evenement_temoignage_id_seq
    START WITH 1
    INCREMENT BY 1
    NO MINVALUE
    NO MAXVALUE
    CACHE 1
);


--
-- Name: extension_cours; Type: TABLE; Schema: public; Owner: oifadmin
--

CREATE TABLE public.extension_cours (
    id bigint NOT NULL,
    titre character varying(255),
    description text,
    fichier character varying(100),
    date_creation timestamp with time zone,
    instructeur_id bigint
);


ALTER TABLE public.extension_cours OWNER TO oifadmin;

--
-- Name: extension_cours_id_seq; Type: SEQUENCE; Schema: public; Owner: oifadmin
--

ALTER TABLE public.extension_cours ALTER COLUMN id ADD GENERATED BY DEFAULT AS IDENTITY (
    SEQUENCE NAME public.extension_cours_id_seq
    START WITH 1
    INCREMENT BY 1
    NO MINVALUE
    NO MAXVALUE
    CACHE 1
);


--
-- Name: extension_cours_participants; Type: TABLE; Schema: public; Owner: oifadmin
--

CREATE TABLE public.extension_cours_participants (
    id bigint NOT NULL,
    cours_id bigint NOT NULL,
    user_id bigint NOT NULL
);


ALTER TABLE public.extension_cours_participants OWNER TO oifadmin;

--
-- Name: extension_cours_participants_id_seq; Type: SEQUENCE; Schema: public; Owner: oifadmin
--

ALTER TABLE public.extension_cours_participants ALTER COLUMN id ADD GENERATED BY DEFAULT AS IDENTITY (
    SEQUENCE NAME public.extension_cours_participants_id_seq
    START WITH 1
    INCREMENT BY 1
    NO MINVALUE
    NO MAXVALUE
    CACHE 1
);


--
-- Name: extension_cours_pays; Type: TABLE; Schema: public; Owner: oifadmin
--

CREATE TABLE public.extension_cours_pays (
    id bigint NOT NULL,
    cours_id bigint NOT NULL,
    pays_id bigint NOT NULL
);


ALTER TABLE public.extension_cours_pays OWNER TO oifadmin;

--
-- Name: extension_cours_pays_id_seq; Type: SEQUENCE; Schema: public; Owner: oifadmin
--

ALTER TABLE public.extension_cours_pays ALTER COLUMN id ADD GENERATED BY DEFAULT AS IDENTITY (
    SEQUENCE NAME public.extension_cours_pays_id_seq
    START WITH 1
    INCREMENT BY 1
    NO MINVALUE
    NO MAXVALUE
    CACHE 1
);


--
-- Name: extension_cours_secteurs; Type: TABLE; Schema: public; Owner: oifadmin
--

CREATE TABLE public.extension_cours_secteurs (
    id bigint NOT NULL,
    cours_id bigint NOT NULL,
    secteur_id bigint NOT NULL
);


ALTER TABLE public.extension_cours_secteurs OWNER TO oifadmin;

--
-- Name: extension_cours_secteurs_id_seq; Type: SEQUENCE; Schema: public; Owner: oifadmin
--

ALTER TABLE public.extension_cours_secteurs ALTER COLUMN id ADD GENERATED BY DEFAULT AS IDENTITY (
    SEQUENCE NAME public.extension_cours_secteurs_id_seq
    START WITH 1
    INCREMENT BY 1
    NO MINVALUE
    NO MAXVALUE
    CACHE 1
);


--
-- Name: extension_cours_tags; Type: TABLE; Schema: public; Owner: oifadmin
--

CREATE TABLE public.extension_cours_tags (
    id bigint NOT NULL,
    cours_id bigint NOT NULL,
    tag_id bigint NOT NULL
);


ALTER TABLE public.extension_cours_tags OWNER TO oifadmin;

--
-- Name: extension_cours_tags_id_seq; Type: SEQUENCE; Schema: public; Owner: oifadmin
--

ALTER TABLE public.extension_cours_tags ALTER COLUMN id ADD GENERATED BY DEFAULT AS IDENTITY (
    SEQUENCE NAME public.extension_cours_tags_id_seq
    START WITH 1
    INCREMENT BY 1
    NO MINVALUE
    NO MAXVALUE
    CACHE 1
);


--
-- Name: extension_marketplace; Type: TABLE; Schema: public; Owner: oifadmin
--

CREATE TABLE public.extension_marketplace (
    id bigint NOT NULL,
    titre character varying(255),
    description text,
    prix numeric(10,2),
    date_ajout timestamp with time zone NOT NULL,
    categorie character varying(100),
    valide boolean NOT NULL,
    vendeur_id bigint
);


ALTER TABLE public.extension_marketplace OWNER TO oifadmin;

--
-- Name: extension_marketplace_id_seq; Type: SEQUENCE; Schema: public; Owner: oifadmin
--

ALTER TABLE public.extension_marketplace ALTER COLUMN id ADD GENERATED BY DEFAULT AS IDENTITY (
    SEQUENCE NAME public.extension_marketplace_id_seq
    START WITH 1
    INCREMENT BY 1
    NO MINVALUE
    NO MAXVALUE
    CACHE 1
);


--
-- Name: extension_marketplace_tags; Type: TABLE; Schema: public; Owner: oifadmin
--

CREATE TABLE public.extension_marketplace_tags (
    id bigint NOT NULL,
    marketplace_id bigint NOT NULL,
    tag_id bigint NOT NULL
);


ALTER TABLE public.extension_marketplace_tags OWNER TO oifadmin;

--
-- Name: extension_marketplace_tags_id_seq; Type: SEQUENCE; Schema: public; Owner: oifadmin
--

ALTER TABLE public.extension_marketplace_tags ALTER COLUMN id ADD GENERATED BY DEFAULT AS IDENTITY (
    SEQUENCE NAME public.extension_marketplace_tags_id_seq
    START WITH 1
    INCREMENT BY 1
    NO MINVALUE
    NO MAXVALUE
    CACHE 1
);


--
-- Name: message_discussion; Type: TABLE; Schema: public; Owner: oifadmin
--

CREATE TABLE public.message_discussion (
    id bigint NOT NULL,
    sujet character varying(255),
    contenu text,
    date_creation timestamp with time zone NOT NULL,
    date_modification timestamp with time zone NOT NULL,
    est_approuve boolean NOT NULL,
    auteur_id bigint,
    communaute_id bigint,
    entreprise_id bigint,
    parent_id bigint
);


ALTER TABLE public.message_discussion OWNER TO oifadmin;

--
-- Name: message_discussion_id_seq; Type: SEQUENCE; Schema: public; Owner: oifadmin
--

ALTER TABLE public.message_discussion ALTER COLUMN id ADD GENERATED BY DEFAULT AS IDENTITY (
    SEQUENCE NAME public.message_discussion_id_seq
    START WITH 1
    INCREMENT BY 1
    NO MINVALUE
    NO MAXVALUE
    CACHE 1
);


--
-- Name: message_matchmaking; Type: TABLE; Schema: public; Owner: oifadmin
--

CREATE TABLE public.message_matchmaking (
    id bigint NOT NULL,
    score_affinite numeric(5,2),
    date_match timestamp with time zone NOT NULL,
    user1_id bigint,
    user2_id bigint
);


ALTER TABLE public.message_matchmaking OWNER TO oifadmin;

--
-- Name: message_matchmaking_id_seq; Type: SEQUENCE; Schema: public; Owner: oifadmin
--

ALTER TABLE public.message_matchmaking ALTER COLUMN id ADD GENERATED BY DEFAULT AS IDENTITY (
    SEQUENCE NAME public.message_matchmaking_id_seq
    START WITH 1
    INCREMENT BY 1
    NO MINVALUE
    NO MAXVALUE
    CACHE 1
);


--
-- Name: message_message; Type: TABLE; Schema: public; Owner: oifadmin
--

CREATE TABLE public.message_message (
    id bigint NOT NULL,
    contenu text,
    date_envoye timestamp with time zone NOT NULL,
    lu boolean NOT NULL,
    innapropriate boolean NOT NULL,
    discussion_id bigint,
    parent_id bigint,
    receiver_id bigint,
    sender_id bigint,
    type character varying(15)
);


ALTER TABLE public.message_message OWNER TO oifadmin;

--
-- Name: message_message_id_seq; Type: SEQUENCE; Schema: public; Owner: oifadmin
--

ALTER TABLE public.message_message ALTER COLUMN id ADD GENERATED BY DEFAULT AS IDENTITY (
    SEQUENCE NAME public.message_message_id_seq
    START WITH 1
    INCREMENT BY 1
    NO MINVALUE
    NO MAXVALUE
    CACHE 1
);


--
-- Name: notifications_notification; Type: TABLE; Schema: public; Owner: oifadmin
--

CREATE TABLE public.notifications_notification (
    id integer NOT NULL,
    level character varying(20) NOT NULL,
    unread boolean NOT NULL,
    actor_object_id character varying(255) NOT NULL,
    verb character varying(255) NOT NULL,
    description text,
    target_object_id character varying(255),
    action_object_object_id character varying(255),
    "timestamp" timestamp with time zone NOT NULL,
    public boolean NOT NULL,
    action_object_content_type_id integer,
    actor_content_type_id integer NOT NULL,
    recipient_id bigint NOT NULL,
    target_content_type_id integer,
    deleted boolean NOT NULL,
    emailed boolean NOT NULL,
    data text
);


ALTER TABLE public.notifications_notification OWNER TO oifadmin;

--
-- Name: notifications_notification_id_seq; Type: SEQUENCE; Schema: public; Owner: oifadmin
--

ALTER TABLE public.notifications_notification ALTER COLUMN id ADD GENERATED BY DEFAULT AS IDENTITY (
    SEQUENCE NAME public.notifications_notification_id_seq
    START WITH 1
    INCREMENT BY 1
    NO MINVALUE
    NO MAXVALUE
    CACHE 1
);


--
-- Name: pages_bloc; Type: TABLE; Schema: public; Owner: oifadmin
--

CREATE TABLE public.pages_bloc (
    id bigint NOT NULL,
    titre character varying(85)
);


ALTER TABLE public.pages_bloc OWNER TO oifadmin;

--
-- Name: pages_bloc_id_seq; Type: SEQUENCE; Schema: public; Owner: oifadmin
--

ALTER TABLE public.pages_bloc ALTER COLUMN id ADD GENERATED BY DEFAULT AS IDENTITY (
    SEQUENCE NAME public.pages_bloc_id_seq
    START WITH 1
    INCREMENT BY 1
    NO MINVALUE
    NO MAXVALUE
    CACHE 1
);


--
-- Name: pages_custompage; Type: TABLE; Schema: public; Owner: oifadmin
--

CREATE TABLE public.pages_custompage (
    flatpage_ptr_id bigint NOT NULL,
    content_html text,
    bloc_id bigint
);


ALTER TABLE public.pages_custompage OWNER TO oifadmin;

--
-- Name: pages_media; Type: TABLE; Schema: public; Owner: oifadmin
--

CREATE TABLE public.pages_media (
    id bigint NOT NULL,
    image character varying(100),
    page_id bigint
);


ALTER TABLE public.pages_media OWNER TO oifadmin;

--
-- Name: pages_media_id_seq; Type: SEQUENCE; Schema: public; Owner: oifadmin
--

ALTER TABLE public.pages_media ALTER COLUMN id ADD GENERATED BY DEFAULT AS IDENTITY (
    SEQUENCE NAME public.pages_media_id_seq
    START WITH 1
    INCREMENT BY 1
    NO MINVALUE
    NO MAXVALUE
    CACHE 1
);


--
-- Name: pages_partenaires; Type: TABLE; Schema: public; Owner: oifadmin
--

CREATE TABLE public.pages_partenaires (
    id bigint NOT NULL,
    nom character varying(85),
    logo character varying(100),
    site_web character varying(200),
    active boolean NOT NULL
);


ALTER TABLE public.pages_partenaires OWNER TO oifadmin;

--
-- Name: pages_partenaires_id_seq; Type: SEQUENCE; Schema: public; Owner: oifadmin
--

ALTER TABLE public.pages_partenaires ALTER COLUMN id ADD GENERATED BY DEFAULT AS IDENTITY (
    SEQUENCE NAME public.pages_partenaires_id_seq
    START WITH 1
    INCREMENT BY 1
    NO MINVALUE
    NO MAXVALUE
    CACHE 1
);


--
-- Name: pages_tile; Type: TABLE; Schema: public; Owner: oifadmin
--

CREATE TABLE public.pages_tile (
    id bigint NOT NULL,
    content_html text,
    image character varying(100),
    bloc_id bigint
);


ALTER TABLE public.pages_tile OWNER TO oifadmin;

--
-- Name: pages_tile_id_seq; Type: SEQUENCE; Schema: public; Owner: oifadmin
--

ALTER TABLE public.pages_tile ALTER COLUMN id ADD GENERATED BY DEFAULT AS IDENTITY (
    SEQUENCE NAME public.pages_tile_id_seq
    START WITH 1
    INCREMENT BY 1
    NO MINVALUE
    NO MAXVALUE
    CACHE 1
);


--
-- Name: pages_url; Type: TABLE; Schema: public; Owner: oifadmin
--

CREATE TABLE public.pages_url (
    id bigint NOT NULL,
    url character varying(200),
    url_texte character varying(85),
    tile_id bigint
);


ALTER TABLE public.pages_url OWNER TO oifadmin;

--
-- Name: pages_url_id_seq; Type: SEQUENCE; Schema: public; Owner: oifadmin
--

ALTER TABLE public.pages_url ALTER COLUMN id ADD GENERATED BY DEFAULT AS IDENTITY (
    SEQUENCE NAME public.pages_url_id_seq
    START WITH 1
    INCREMENT BY 1
    NO MINVALUE
    NO MAXVALUE
    CACHE 1
);


--
-- Name: params_agerange; Type: TABLE; Schema: public; Owner: oifadmin
--

CREATE TABLE public.params_agerange (
    id bigint NOT NULL,
    libelle character varying(255) NOT NULL
);


ALTER TABLE public.params_agerange OWNER TO oifadmin;

--
-- Name: params_agerange_id_seq; Type: SEQUENCE; Schema: public; Owner: oifadmin
--

ALTER TABLE public.params_agerange ALTER COLUMN id ADD GENERATED BY DEFAULT AS IDENTITY (
    SEQUENCE NAME public.params_agerange_id_seq
    START WITH 1
    INCREMENT BY 1
    NO MINVALUE
    NO MAXVALUE
    CACHE 1
);


--
-- Name: params_categoriequestion; Type: TABLE; Schema: public; Owner: oifadmin
--

CREATE TABLE public.params_categoriequestion (
    id bigint NOT NULL,
    libelle character varying(255) NOT NULL,
    ordre integer NOT NULL,
    CONSTRAINT params_categoriequestion_ordre_check CHECK ((ordre >= 0))
);


ALTER TABLE public.params_categoriequestion OWNER TO oifadmin;

--
-- Name: params_categoriequestion_id_seq; Type: SEQUENCE; Schema: public; Owner: oifadmin
--

ALTER TABLE public.params_categoriequestion ALTER COLUMN id ADD GENERATED BY DEFAULT AS IDENTITY (
    SEQUENCE NAME public.params_categoriequestion_id_seq
    START WITH 1
    INCREMENT BY 1
    NO MINVALUE
    NO MAXVALUE
    CACHE 1
);


--
-- Name: params_chiffreaffaires; Type: TABLE; Schema: public; Owner: oifadmin
--

CREATE TABLE public.params_chiffreaffaires (
    id bigint NOT NULL,
    libelle character varying(255) NOT NULL
);


ALTER TABLE public.params_chiffreaffaires OWNER TO oifadmin;

--
-- Name: params_chiffreaffaires_id_seq; Type: SEQUENCE; Schema: public; Owner: oifadmin
--

ALTER TABLE public.params_chiffreaffaires ALTER COLUMN id ADD GENERATED BY DEFAULT AS IDENTITY (
    SEQUENCE NAME public.params_chiffreaffaires_id_seq
    START WITH 1
    INCREMENT BY 1
    NO MINVALUE
    NO MAXVALUE
    CACHE 1
);


--
-- Name: params_contactpageparams; Type: TABLE; Schema: public; Owner: oifadmin
--

CREATE TABLE public.params_contactpageparams (
    id bigint NOT NULL,
    destinataire character varying(254) NOT NULL,
    adresse text NOT NULL,
    image character varying(100),
    assistance_immediate text,
    confidentialite character varying(125) NOT NULL,
    email character varying(125) NOT NULL,
    entreprise character varying(125) NOT NULL,
    introduction text,
    message character varying(125) NOT NULL,
    nom character varying(75) NOT NULL,
    prenom character varying(75) NOT NULL,
    telephone character varying(125) NOT NULL
);


ALTER TABLE public.params_contactpageparams OWNER TO oifadmin;

--
-- Name: params_contactpageparams_id_seq; Type: SEQUENCE; Schema: public; Owner: oifadmin
--

ALTER TABLE public.params_contactpageparams ALTER COLUMN id ADD GENERATED BY DEFAULT AS IDENTITY (
    SEQUENCE NAME public.params_contactpageparams_id_seq
    START WITH 1
    INCREMENT BY 1
    NO MINVALUE
    NO MAXVALUE
    CACHE 1
);


--
-- Name: params_experienceinternationale; Type: TABLE; Schema: public; Owner: oifadmin
--

CREATE TABLE public.params_experienceinternationale (
    id bigint NOT NULL,
    libelle character varying(255) NOT NULL
);


ALTER TABLE public.params_experienceinternationale OWNER TO oifadmin;

--
-- Name: params_experienceinternationale_id_seq; Type: SEQUENCE; Schema: public; Owner: oifadmin
--

ALTER TABLE public.params_experienceinternationale ALTER COLUMN id ADD GENERATED BY DEFAULT AS IDENTITY (
    SEQUENCE NAME public.params_experienceinternationale_id_seq
    START WITH 1
    INCREMENT BY 1
    NO MINVALUE
    NO MAXVALUE
    CACHE 1
);


--
-- Name: params_formejuridique; Type: TABLE; Schema: public; Owner: oifadmin
--

CREATE TABLE public.params_formejuridique (
    id bigint NOT NULL,
    libelle character varying(255) NOT NULL
);


ALTER TABLE public.params_formejuridique OWNER TO oifadmin;

--
-- Name: params_formejuridique_id_seq; Type: SEQUENCE; Schema: public; Owner: oifadmin
--

ALTER TABLE public.params_formejuridique ALTER COLUMN id ADD GENERATED BY DEFAULT AS IDENTITY (
    SEQUENCE NAME public.params_formejuridique_id_seq
    START WITH 1
    INCREMENT BY 1
    NO MINVALUE
    NO MAXVALUE
    CACHE 1
);


--
-- Name: params_mission; Type: TABLE; Schema: public; Owner: oifadmin
--

CREATE TABLE public.params_mission (
    id bigint NOT NULL,
    libelle character varying(255) NOT NULL
);


ALTER TABLE public.params_mission OWNER TO oifadmin;

--
-- Name: params_mission_id_seq; Type: SEQUENCE; Schema: public; Owner: oifadmin
--

ALTER TABLE public.params_mission ALTER COLUMN id ADD GENERATED BY DEFAULT AS IDENTITY (
    SEQUENCE NAME public.params_mission_id_seq
    START WITH 1
    INCREMENT BY 1
    NO MINVALUE
    NO MAXVALUE
    CACHE 1
);


--
-- Name: params_multimedia; Type: TABLE; Schema: public; Owner: oifadmin
--

CREATE TABLE public.params_multimedia (
    id bigint NOT NULL,
    titre character varying(255),
    description text,
    date date,
    type character varying(20) NOT NULL,
    image character varying(100),
    video character varying(100),
    documents character varying(100),
    lien character varying(200),
    ordre integer NOT NULL,
    CONSTRAINT params_multimedia_ordre_check CHECK ((ordre >= 0))
);


ALTER TABLE public.params_multimedia OWNER TO oifadmin;

--
-- Name: params_multimedia_id_seq; Type: SEQUENCE; Schema: public; Owner: oifadmin
--

ALTER TABLE public.params_multimedia ALTER COLUMN id ADD GENERATED BY DEFAULT AS IDENTITY (
    SEQUENCE NAME public.params_multimedia_id_seq
    START WITH 1
    INCREMENT BY 1
    NO MINVALUE
    NO MAXVALUE
    CACHE 1
);


--
-- Name: params_objectif; Type: TABLE; Schema: public; Owner: oifadmin
--

CREATE TABLE public.params_objectif (
    id bigint NOT NULL,
    libelle character varying(255) NOT NULL
);


ALTER TABLE public.params_objectif OWNER TO oifadmin;

--
-- Name: params_objectif_id_seq; Type: SEQUENCE; Schema: public; Owner: oifadmin
--

ALTER TABLE public.params_objectif ALTER COLUMN id ADD GENERATED BY DEFAULT AS IDENTITY (
    SEQUENCE NAME public.params_objectif_id_seq
    START WITH 1
    INCREMENT BY 1
    NO MINVALUE
    NO MAXVALUE
    CACHE 1
);


--
-- Name: params_pays; Type: TABLE; Schema: public; Owner: oifadmin
--

CREATE TABLE public.params_pays (
    id bigint NOT NULL,
    nom character varying(100) NOT NULL,
    code_iso character varying(3) NOT NULL,
    monnaie character varying(50) NOT NULL,
    regime_fiscal text NOT NULL
);


ALTER TABLE public.params_pays OWNER TO oifadmin;

--
-- Name: params_pays_id_seq; Type: SEQUENCE; Schema: public; Owner: oifadmin
--

ALTER TABLE public.params_pays ALTER COLUMN id ADD GENERATED BY DEFAULT AS IDENTITY (
    SEQUENCE NAME public.params_pays_id_seq
    START WITH 1
    INCREMENT BY 1
    NO MINVALUE
    NO MAXVALUE
    CACHE 1
);


--
-- Name: params_regioncible; Type: TABLE; Schema: public; Owner: oifadmin
--

CREATE TABLE public.params_regioncible (
    id bigint NOT NULL,
    libelle character varying(255) NOT NULL
);


ALTER TABLE public.params_regioncible OWNER TO oifadmin;

--
-- Name: params_regioncible_id_seq; Type: SEQUENCE; Schema: public; Owner: oifadmin
--

ALTER TABLE public.params_regioncible ALTER COLUMN id ADD GENERATED BY DEFAULT AS IDENTITY (
    SEQUENCE NAME public.params_regioncible_id_seq
    START WITH 1
    INCREMENT BY 1
    NO MINVALUE
    NO MAXVALUE
    CACHE 1
);


--
-- Name: params_secteur; Type: TABLE; Schema: public; Owner: oifadmin
--

CREATE TABLE public.params_secteur (
    id bigint NOT NULL,
    nom character varying(100) NOT NULL,
    code_naf character varying(10) NOT NULL,
    parent_id bigint
);


ALTER TABLE public.params_secteur OWNER TO oifadmin;

--
-- Name: params_secteur_id_seq; Type: SEQUENCE; Schema: public; Owner: oifadmin
--

ALTER TABLE public.params_secteur ALTER COLUMN id ADD GENERATED BY DEFAULT AS IDENTITY (
    SEQUENCE NAME public.params_secteur_id_seq
    START WITH 1
    INCREMENT BY 1
    NO MINVALUE
    NO MAXVALUE
    CACHE 1
);


--
-- Name: params_sexe; Type: TABLE; Schema: public; Owner: oifadmin
--

CREATE TABLE public.params_sexe (
    id bigint NOT NULL,
    libelle character varying(255) NOT NULL
);


ALTER TABLE public.params_sexe OWNER TO oifadmin;

--
-- Name: params_sexe_id_seq; Type: SEQUENCE; Schema: public; Owner: oifadmin
--

ALTER TABLE public.params_sexe ALTER COLUMN id ADD GENERATED BY DEFAULT AS IDENTITY (
    SEQUENCE NAME public.params_sexe_id_seq
    START WITH 1
    INCREMENT BY 1
    NO MINVALUE
    NO MAXVALUE
    CACHE 1
);


--
-- Name: params_stattype; Type: TABLE; Schema: public; Owner: oifadmin
--

CREATE TABLE public.params_stattype (
    id bigint NOT NULL,
    libelle character varying(255) NOT NULL
);


ALTER TABLE public.params_stattype OWNER TO oifadmin;

--
-- Name: params_stattype_id_seq; Type: SEQUENCE; Schema: public; Owner: oifadmin
--

ALTER TABLE public.params_stattype ALTER COLUMN id ADD GENERATED BY DEFAULT AS IDENTITY (
    SEQUENCE NAME public.params_stattype_id_seq
    START WITH 1
    INCREMENT BY 1
    NO MINVALUE
    NO MAXVALUE
    CACHE 1
);


--
-- Name: params_statutopportunite; Type: TABLE; Schema: public; Owner: oifadmin
--

CREATE TABLE public.params_statutopportunite (
    id bigint NOT NULL,
    libelle character varying(255) NOT NULL
);


ALTER TABLE public.params_statutopportunite OWNER TO oifadmin;

--
-- Name: params_statutopportunite_id_seq; Type: SEQUENCE; Schema: public; Owner: oifadmin
--

ALTER TABLE public.params_statutopportunite ALTER COLUMN id ADD GENERATED BY DEFAULT AS IDENTITY (
    SEQUENCE NAME public.params_statutopportunite_id_seq
    START WITH 1
    INCREMENT BY 1
    NO MINVALUE
    NO MAXVALUE
    CACHE 1
);


--
-- Name: params_tag; Type: TABLE; Schema: public; Owner: oifadmin
--

CREATE TABLE public.params_tag (
    id bigint NOT NULL,
    nom character varying(50) NOT NULL
);


ALTER TABLE public.params_tag OWNER TO oifadmin;

--
-- Name: params_tag_id_seq; Type: SEQUENCE; Schema: public; Owner: oifadmin
--

ALTER TABLE public.params_tag ALTER COLUMN id ADD GENERATED BY DEFAULT AS IDENTITY (
    SEQUENCE NAME public.params_tag_id_seq
    START WITH 1
    INCREMENT BY 1
    NO MINVALUE
    NO MAXVALUE
    CACHE 1
);


--
-- Name: params_taille; Type: TABLE; Schema: public; Owner: oifadmin
--

CREATE TABLE public.params_taille (
    id bigint NOT NULL,
    libelle character varying(255) NOT NULL
);


ALTER TABLE public.params_taille OWNER TO oifadmin;

--
-- Name: params_taille_id_seq; Type: SEQUENCE; Schema: public; Owner: oifadmin
--

ALTER TABLE public.params_taille ALTER COLUMN id ADD GENERATED BY DEFAULT AS IDENTITY (
    SEQUENCE NAME public.params_taille_id_seq
    START WITH 1
    INCREMENT BY 1
    NO MINVALUE
    NO MAXVALUE
    CACHE 1
);


--
-- Name: params_typedocument; Type: TABLE; Schema: public; Owner: oifadmin
--

CREATE TABLE public.params_typedocument (
    id bigint NOT NULL,
    libelle character varying(255) NOT NULL
);


ALTER TABLE public.params_typedocument OWNER TO oifadmin;

--
-- Name: params_typedocument_id_seq; Type: SEQUENCE; Schema: public; Owner: oifadmin
--

ALTER TABLE public.params_typedocument ALTER COLUMN id ADD GENERATED BY DEFAULT AS IDENTITY (
    SEQUENCE NAME public.params_typedocument_id_seq
    START WITH 1
    INCREMENT BY 1
    NO MINVALUE
    NO MAXVALUE
    CACHE 1
);


--
-- Name: params_typeevenement; Type: TABLE; Schema: public; Owner: oifadmin
--

CREATE TABLE public.params_typeevenement (
    id bigint NOT NULL,
    libelle character varying(255) NOT NULL
);


ALTER TABLE public.params_typeevenement OWNER TO oifadmin;

--
-- Name: params_typeevenement_id_seq; Type: SEQUENCE; Schema: public; Owner: oifadmin
--

ALTER TABLE public.params_typeevenement ALTER COLUMN id ADD GENERATED BY DEFAULT AS IDENTITY (
    SEQUENCE NAME public.params_typeevenement_id_seq
    START WITH 1
    INCREMENT BY 1
    NO MINVALUE
    NO MAXVALUE
    CACHE 1
);


--
-- Name: params_typeopportunite; Type: TABLE; Schema: public; Owner: oifadmin
--

CREATE TABLE public.params_typeopportunite (
    id bigint NOT NULL,
    libelle character varying(255) NOT NULL
);


ALTER TABLE public.params_typeopportunite OWNER TO oifadmin;

--
-- Name: params_typeopportunite_id_seq; Type: SEQUENCE; Schema: public; Owner: oifadmin
--

ALTER TABLE public.params_typeopportunite ALTER COLUMN id ADD GENERATED BY DEFAULT AS IDENTITY (
    SEQUENCE NAME public.params_typeopportunite_id_seq
    START WITH 1
    INCREMENT BY 1
    NO MINVALUE
    NO MAXVALUE
    CACHE 1
);


--
-- Name: params_typeressource; Type: TABLE; Schema: public; Owner: oifadmin
--

CREATE TABLE public.params_typeressource (
    id bigint NOT NULL,
    libelle character varying(255) NOT NULL
);


ALTER TABLE public.params_typeressource OWNER TO oifadmin;

--
-- Name: params_typeressource_id_seq; Type: SEQUENCE; Schema: public; Owner: oifadmin
--

ALTER TABLE public.params_typeressource ALTER COLUMN id ADD GENERATED BY DEFAULT AS IDENTITY (
    SEQUENCE NAME public.params_typeressource_id_seq
    START WITH 1
    INCREMENT BY 1
    NO MINVALUE
    NO MAXVALUE
    CACHE 1
);


--
-- Name: params_typeusager; Type: TABLE; Schema: public; Owner: oifadmin
--

CREATE TABLE public.params_typeusager (
    id bigint NOT NULL,
    libelle character varying(255) NOT NULL,
    code character varying(5) NOT NULL,
    user_group_id integer
);


ALTER TABLE public.params_typeusager OWNER TO oifadmin;

--
-- Name: params_typeuser_id_seq; Type: SEQUENCE; Schema: public; Owner: oifadmin
--

ALTER TABLE public.params_typeusager ALTER COLUMN id ADD GENERATED BY DEFAULT AS IDENTITY (
    SEQUENCE NAME public.params_typeuser_id_seq
    START WITH 1
    INCREMENT BY 1
    NO MINVALUE
    NO MAXVALUE
    CACHE 1
);


--
-- Name: params_verificationstatut; Type: TABLE; Schema: public; Owner: oifadmin
--

CREATE TABLE public.params_verificationstatut (
    id bigint NOT NULL,
    libelle character varying(255) NOT NULL
);


ALTER TABLE public.params_verificationstatut OWNER TO oifadmin;

--
-- Name: params_verificationstatut_id_seq; Type: SEQUENCE; Schema: public; Owner: oifadmin
--

ALTER TABLE public.params_verificationstatut ALTER COLUMN id ADD GENERATED BY DEFAULT AS IDENTITY (
    SEQUENCE NAME public.params_verificationstatut_id_seq
    START WITH 1
    INCREMENT BY 1
    NO MINVALUE
    NO MAXVALUE
    CACHE 1
);


--
-- Name: ressource_opportunite; Type: TABLE; Schema: public; Owner: oifadmin
--

CREATE TABLE public.ressource_opportunite (
    id bigint NOT NULL,
    titre character varying(255),
    description text,
    pays_cible_id bigint,
    date_debut date,
    date_fin date,
    documents_joints character varying(100),
    commentaires_additionnels text,
    accord_confidentialite boolean NOT NULL,
    entreprise_id bigint,
    statut_id bigint,
    type_opportunite_id bigint,
    utilisateur_id bigint,
    secteur_id bigint,
    introduction text,
    description_longue text
);


ALTER TABLE public.ressource_opportunite OWNER TO oifadmin;

--
-- Name: ressource_opportunite_id_seq; Type: SEQUENCE; Schema: public; Owner: oifadmin
--

ALTER TABLE public.ressource_opportunite ALTER COLUMN id ADD GENERATED BY DEFAULT AS IDENTITY (
    SEQUENCE NAME public.ressource_opportunite_id_seq
    START WITH 1
    INCREMENT BY 1
    NO MINVALUE
    NO MAXVALUE
    CACHE 1
);


--
-- Name: ressource_opportunite_mots_cles; Type: TABLE; Schema: public; Owner: oifadmin
--

CREATE TABLE public.ressource_opportunite_mots_cles (
    id bigint NOT NULL,
    opportunite_id bigint NOT NULL,
    tag_id bigint NOT NULL
);


ALTER TABLE public.ressource_opportunite_mots_cles OWNER TO oifadmin;

--
-- Name: ressource_opportunite_mots_cles_id_seq; Type: SEQUENCE; Schema: public; Owner: oifadmin
--

ALTER TABLE public.ressource_opportunite_mots_cles ALTER COLUMN id ADD GENERATED BY DEFAULT AS IDENTITY (
    SEQUENCE NAME public.ressource_opportunite_mots_cles_id_seq
    START WITH 1
    INCREMENT BY 1
    NO MINVALUE
    NO MAXVALUE
    CACHE 1
);


--
-- Name: ressource_ressource; Type: TABLE; Schema: public; Owner: oifadmin
--

CREATE TABLE public.ressource_ressource (
    id bigint NOT NULL,
    titre character varying(255) NOT NULL,
    description text NOT NULL,
    fichier character varying(100),
    date_ajout timestamp with time zone NOT NULL,
    acces_restreint boolean NOT NULL,
    contributeur_id bigint,
    type_ressource_id bigint
);


ALTER TABLE public.ressource_ressource OWNER TO oifadmin;

--
-- Name: ressource_ressource_id_seq; Type: SEQUENCE; Schema: public; Owner: oifadmin
--

ALTER TABLE public.ressource_ressource ALTER COLUMN id ADD GENERATED BY DEFAULT AS IDENTITY (
    SEQUENCE NAME public.ressource_ressource_id_seq
    START WITH 1
    INCREMENT BY 1
    NO MINVALUE
    NO MAXVALUE
    CACHE 1
);


--
-- Name: ressource_ressource_mots_cles; Type: TABLE; Schema: public; Owner: oifadmin
--

CREATE TABLE public.ressource_ressource_mots_cles (
    id bigint NOT NULL,
    ressource_id bigint NOT NULL,
    tag_id bigint NOT NULL
);


ALTER TABLE public.ressource_ressource_mots_cles OWNER TO oifadmin;

--
-- Name: ressource_ressource_mots_cles_id_seq; Type: SEQUENCE; Schema: public; Owner: oifadmin
--

ALTER TABLE public.ressource_ressource_mots_cles ALTER COLUMN id ADD GENERATED BY DEFAULT AS IDENTITY (
    SEQUENCE NAME public.ressource_ressource_mots_cles_id_seq
    START WITH 1
    INCREMENT BY 1
    NO MINVALUE
    NO MAXVALUE
    CACHE 1
);


--
-- Name: ressource_ressource_pays; Type: TABLE; Schema: public; Owner: oifadmin
--

CREATE TABLE public.ressource_ressource_pays (
    id bigint NOT NULL,
    ressource_id bigint NOT NULL,
    pays_id bigint NOT NULL
);


ALTER TABLE public.ressource_ressource_pays OWNER TO oifadmin;

--
-- Name: ressource_ressource_pays_id_seq; Type: SEQUENCE; Schema: public; Owner: oifadmin
--

ALTER TABLE public.ressource_ressource_pays ALTER COLUMN id ADD GENERATED BY DEFAULT AS IDENTITY (
    SEQUENCE NAME public.ressource_ressource_pays_id_seq
    START WITH 1
    INCREMENT BY 1
    NO MINVALUE
    NO MAXVALUE
    CACHE 1
);


--
-- Name: ressource_ressource_secteurs; Type: TABLE; Schema: public; Owner: oifadmin
--

CREATE TABLE public.ressource_ressource_secteurs (
    id bigint NOT NULL,
    ressource_id bigint NOT NULL,
    secteur_id bigint NOT NULL
);


ALTER TABLE public.ressource_ressource_secteurs OWNER TO oifadmin;

--
-- Name: ressource_ressource_secteurs_id_seq; Type: SEQUENCE; Schema: public; Owner: oifadmin
--

ALTER TABLE public.ressource_ressource_secteurs ALTER COLUMN id ADD GENERATED BY DEFAULT AS IDENTITY (
    SEQUENCE NAME public.ressource_ressource_secteurs_id_seq
    START WITH 1
    INCREMENT BY 1
    NO MINVALUE
    NO MAXVALUE
    CACHE 1
);


--
-- Data for Name: accounts_favorite; Type: TABLE DATA; Schema: public; Owner: oifadmin
--

COPY public.accounts_favorite (id, type, url, user_id) FROM stdin;
\.


--
-- Data for Name: accounts_user; Type: TABLE DATA; Schema: public; Owner: oifadmin
--

COPY public.accounts_user (id, password, last_login, is_superuser, username, first_name, last_name, is_staff, date_joined, mfa_active, mfa_code, mfa_expires_at, failed_attempts, is_locked, address, city, country, fonction, email, backup_email, telephone, newsletter, avatar, acceptation_cgu, email_verified, is_active, is_verified, is_created_on_web, age_id, sexe_id, user_type_id, description, produits_service) FROM stdin;
31	pbkdf2_sha256$600000$alPABRpmPjFUU5zNaDH4Fq$2Ce1qF5T3NB0H49Db6qPgE9y/GPxZX92hDphiFoaSjk=	2025-05-20 14:41:56.758193+00	t	karim	Alia	Khan	t	2025-05-09 14:58:43.177201+00	f	\N	\N	0	f	\N	Montréal	TG	Developer	zkarim@yulcom.ca	\N	\N	f		2025-05-01 12:00:00+00	t	t	t	f	2	2	2		\N
1	pbkdf2_sha256$600000$NX3eGFjExBwBJYVBDvlBPM$yF/177CN9DWYIHcuX8A+VE1Lg6/PEQoOjtbgEqyCfk4=	2025-05-20 17:27:24.552896+00	t	Soumaya			t	2025-05-06 21:06:23.955702+00	f	\N	\N	0	f	\N	\N	AZ	\N	bsoumaya@yulcom.ca	\N	\N	f		\N	f	t	f	f	1	2	1	\N	\N
\.


--
-- Data for Name: accounts_user_groups; Type: TABLE DATA; Schema: public; Owner: oifadmin
--

COPY public.accounts_user_groups (id, user_id, group_id) FROM stdin;
\.


--
-- Data for Name: accounts_user_multimedia; Type: TABLE DATA; Schema: public; Owner: oifadmin
--

COPY public.accounts_user_multimedia (id, user_id, multimedia_id) FROM stdin;
\.


--
-- Data for Name: accounts_user_secteurs; Type: TABLE DATA; Schema: public; Owner: oifadmin
--

COPY public.accounts_user_secteurs (id, user_id, secteur_id) FROM stdin;
1	31	1
\.


--
-- Data for Name: accounts_user_user_permissions; Type: TABLE DATA; Schema: public; Owner: oifadmin
--

COPY public.accounts_user_user_permissions (id, user_id, permission_id) FROM stdin;
\.


--
-- Data for Name: analyses_autodiaganswer; Type: TABLE DATA; Schema: public; Owner: oifadmin
--

COPY public.analyses_autodiaganswer (id, text, notation, ordre, question_id) FROM stdin;
1	Non et nous ne savons pas par lequel commencer.	1	1	1
2	Pas encore mais nous avons quelques idées.	3	3	1
3	Nous avons réfléchi à plusieurs marchés sans avoir décidé par lequel commencer.	4	4	1
4	Oui, et nous avons établi une liste de priorité entre eux.	5	5	1
5	Non, pas du tout, et cela nous semble inutile.	1	1	2
6	Pas vraiment mais nous y réfléchissons.	3	3	2
7	Nous avons déjà rédigé quelques actions possibles mais c’est incomplet.	4	4	2
8	Oui, il est validé par la direction et opérationnel.	5	5	2
9	Franchement, on se pose la question.	1	1	3
10	Nous pensons que c’est une piste de développement possible.	3	3	3
11	Nous savons que l’exportation va nous permettre de nous développer.	4	4	3
12	A nos yeux, l’export est indispensable à la croissance de notre chiffre d’affaires : notre marché national ne suffit plus.	5	5	3
13	Non, notre entreprise n’a aucune expérience en matière d’exportation.	1	1	4
14	Oui, nous avons une petite expérience de l’exportation mais elle est peu probante.	3	3	4
15	Oui, nous exportons déjà mais nous voudrions nous développer davantage à l’international.	4	4	4
16	Oui, nous exportons régulièrement sur plusieurs marchés différents et cette expérience est partagée par plusieurs collaborateurs.	5	5	4
17	Non et nous ne savons pas où chercher.	1	1	5
18	Nous avons quelques articles sur ces marchés.	3	3	5
19	Nous avons entamé des études de marché.	4	4	5
20	Nous avons finalisé l’étude de ces marchés sous tous les angles nécessaires.	5	5	5
21	Non, cela nous échappe totalement.	1	1	6
22	Nous avons commencé à étudier la question mais c’est compliqué.	3	3	6
23	Nous avons rassemblé des informations sur ces sujets mais ne sommes pas certains d’avoir fait le tour de la question.	4	4	6
24	Oui, nous maîtrisons ces réglementations spécifiques ainsi que leurs codes culturels.	5	5	6
25	Non, il faudra que les clients se contentent de notre offre habituelle.	1	1	7
26	Nous savons qu’il faudrait le faire mais nos contraintes ne nous le permettent qu’à la marge.	3	3	7
27	Oui, nous sommes en train de l’adapter.	4	4	7
28	Nous l’avons adaptée et nous avons vérifié qu’elle correspond aux attentes de ces marchés.	5	5	7
29	Sincèrement, nous n’en savons rien. Nous espérons que oui.	1	1	8
30	Nous avons fait certaines recherches à ce sujet mais ne les avons pas validées.	3	3	8
31	Nous avons identifié quelques concurrents sur ces marchés et commencé à lister nos avantages concurrentiels.	4	4	8
32	Nous connaissons bien nos concurrents sur ces marchés ainsi que nos avantages concurrentiels pour chacun d’eux.	5	5	8
33	Non et nous ne savons pas comment nous y prendre.	1	1	9
34	En partie mais nous n’avons pas fait de distinction avec notre plan d’affaires général.	3	3	9
35	Oui mais nous n’avons traité que le résultat opérationnel.	4	4	9
36	Oui, notre plan d’affaires est complet et validé par notre direction.	5	5	9
37	Non, nous n’avons pas de moyens financiers supplémentaires pour notre développement export.	1	1	10
38	Malheureusement nous n’avons que peu de moyens financiers pour ce développement.	3	3	10
39	Nous prévoyons de consacrer quelques moyens financiers à ce développement.	4	4	10
40	Nous avons ces capacités et allouons un budget spécifique à ce développement.	5	5	10
41	Non, nous faisons systématiquement appel à un interprète.	1	1	11
42	Pas vraiment mais on peut toujours se débrouiller avec le français et l’anglais.	3	3	11
43	Plusieurs collaborateurs de l’entreprise sont en train d’apprendre les langues nécessaires à la conquête de ces marchés.	4	4	11
44	Oui, les collaborateurs concernés maîtrisent bien les langues propres à ces marchés.	5	5	11
45	Non, si c’est nécessaire nous ferons appel à des stagiaires.	1	1	12
46	Un de nos collaborateurs peut se dégager un peu de temps pour cela.	3	3	12
47	Plusieurs de nos collaborateurs sont compétents à l’international et disposent de temps pour s’y consacrer.	4	4	12
48	Nous avons un service dédié à cette activité et qui dispose des ressources nécessaires à nos projets internationaux.	5	5	12
49	Non, elle tourne déjà à plein régime.	1	1	13
50	Nous avons un peu de marge pour augmenter notre production mais nous ne sommes pas certains de pouvoir tenir la cadence.	3	3	13
51	Nous pouvons suivre une augmentation de la demande.	4	4	13
52	Nous avons adapté notre appareil de production à la demande escomptée sur nos nouveaux marchés.	5	5	13
53	Non, nos supports ont été rédigés pour notre clientèle nationale.	1	1	14
54	Nous avons traduit tous nos supports de communication.	3	3	14
55	Oui, nos supports ont été adaptés (contenus et langues) à nos différents marchés.	4	4	14
56	Oui et nous avons conçu des supports spécifiques pour ces marchés.	5	5	14
57	Nous n'avons pas créé de site internet pour notre entreprise.	1	1	15
58	Nous avons créé un site internet présentant notre entreprise.	3	3	15
59	Nous communiquons régulièrement sur notre site internet et sur les réseaux sociaux.	4	4	15
60	Nous nous appuyons sur les outils numériques pour nos actions de communication et de vente (prospection, e-commerce).	5	5	15
61	Nous ne savons pas.	1	1	16
62	Nous sommes au même niveau que la concurrence.	3	3	16
63	Nous sommes en train d’améliorer notre offre pour la rendre plus innovante que celle de nos concurrents	4	4	16
64	Oui, nous avons vérifié qu’elle apporte une véritable innovation sur nos marchés cibles.	5	5	16
65	Non, il n’y a sans doute rien dont on pourrait bénéficier.	1	1	17
66	Nous sommes en train de nous renseigner.	3	3	17
67	Nous en avons identifié plusieurs mais n’avons pas encore déposé de demande.	4	4	17
68	Oui, nous bénéficions déjà de certains de ces dispositifs qui nous aident bien.	5	5	17
69	Non, nous n’avons rien décidé et ne disposons pas de contacts en ce sens.	1	1	18
70	Nous envisageons de travailler avec des partenaires sur place mais n’avons pas vérifié leur fiabilité.	3	3	18
71	Oui, nous connaissons des partenaires locaux dont nous sommes sûrs.	4	4	18
72	Oui, nous travaillons déjà avec des partenaires dont nous sommes très satisfaits.	5	5	18
73	Non, et cela nous paraît très confus.	1	1	19
74	Nous avons entendu parler de quelques organismes qui pourraient nous aider.	3	3	19
75	Nous faisons actuellement le tour de tous les organismes pour voir ce qu’ils peuvent nous apporter	4	4	19
76	Oui, nous sommes accompagnés par plusieurs organismes, chacun sur sa spécialité.	5	5	19
77	Non, nous nous débrouillerons le moment venu.	1	1	20
78	Non mais nous étudions plusieurs options possibles.	3	3	20
79	Nous testons actuellement plusieurs modes de livraison pour voir lequel est le plus adapté.	4	4	20
80	Oui, elle est bien organisée et nous pouvons l’adapter en cas de problème.	5	5	20
\.


--
-- Data for Name: analyses_autodiagcomment; Type: TABLE DATA; Schema: public; Owner: oifadmin
--

COPY public.analyses_autodiagcomment (id, force, commentaire, lien_ressource, question_id, ressource_id) FROM stdin;
1	Faible	Votre manque d'expérience à l'export ne doit pas vous empêcher de vous développer à l'international, à la condition de prendre en compte les principales étapes de préparation.	Fiche « Préparer son projet export »	4	\N
2	Fort	Votre expérience est un véritable atout pour vous développer davantage à l'international à la condition d'avoir bien structuré votre démarche.	Fiche « Préparer son projet export »	4	\N
3	Faible	L'export serait en effet un véritable accélérateur pour votre entreprise et vous apporterait de nombreux avantages.	Fiche « Avantages du développement international »	3	\N
4	Fort	Votre conviction sur l'intérêt de l'export est un puissant moteur qui vous permettra d'en tirer un maximum d'avantages.	Fiche « Avantages du développement international »	3	\N
5	Faible	En réalisant un plan d'action à l'export, vous pourriez plus rapidement et plus sûrement vous lancer à l'international.	Fiche « Plan d'action »	2	\N
6	Fort	La réalisation de votre plan d'action à l'export constitue d’ailleurs une force pour la durabilité de votre présence à l’international et indique un réel engagement de votre entreprise.	Fiche « Plan d'action »	2	\N
7	Faible	Choisir vos marchés cibles et les classer par ordre de priorité est un préalable indispensable à votre engament dans une démarche d’internationalisation.	Fiche « Priorisation des marchés »	1	\N
8	Fort	Votre choix de marchés cibles et leur priorisation représente une forte garantie de succès pour votre démarche export.	Fiche « Priorisation des marchés »	1	\N
9	Faible	Recueillir de l’information sur vos marchés cibles vous aiderait à mieux les connaître et à accroître vos chances de succès.	Fiche « Accès information marché »	5	\N
10	Fort	Vos études de marché seront aussi un réel gage de réussite.	Fiche « Accès information marché »	5	\N
11	Faible	En renforçant votre connaissance des réglementations et des spécificités culturelles des marchés, vous vous éviterez bien des déboires.	nan	6	\N
12	Fort	Votre connaissance des réglementations et des spécificités culturelles de vos marchés vous donne un avantage comparatif pour la pérennité de votre présence sur lesdits marchés.	nan	6	\N
13	Faible	Pour se démarquer de la concurrence, la compétitivité de votre offre est un élément dont vous devez vous assurer. 	nan	8	\N
14	Fort	La compétitivité de votre offre vous aidera à vous démarquer de la concurrence.	nan	8	\N
15	Faible	Vous devrez adapter votre offre aux attentes des clients pour développer vos ventes.	nan	7	\N
16	Fort	Aussi exigeant qu'il soit, ce travail sur l'adaptation de votre offre multiplie vos chances de succès.	nan	7	\N
17	Faible	Le développement à l'international suppose nécessairement un engagement financier.	nan	10	\N
18	Fort	Vous pouvez vous appuyer sur votre engagement financier pour faire fructifier votre démarche internationale.	nan	10	\N
19	Faible	Vous ne pourrez générer des résultats positifs qu'à la condition d'établir des simulations financières précises.	nan	9	\N
20	Fort	Vos prévisions financières détaillées faciliteront votre croissance à l'international.	nan	9	\N
21	Faible	Envisager un développement international suppose forcément d’adapter ses moyens humains.	nan	12	\N
22	Fort	Vous pouvez vous reposer sur vos ressources humaines dédiées pour ne pas trop disperser vos efforts.	nan	12	\N
23	Faible	Nous vous conseillons de disposer de collaborateurs multilingues car des incompréhensions peuvent naître d'une mauvaise maîtrise des langues utilisées sur vos marchés.	nan	11	\N
24	Fort	Votre bonne maîtrise des langues utilisées sur vos marchés vous évitera bien des incompréhensions.	nan	11	\N
25	Faible	Disposer d'une offre innovante peut être un atout décisif pour faire votre place sur ces marchés.	nan	16	\N
26	Fort	Votre offre innovante va vous aider à faire la différence par rapport à la concurrence.	nan	16	\N
27	Faible	Il ne suffit pas de décrocher des commandes, assurez-vous que votre capacité de production peut y répondre.	nan	13	\N
28	Fort	Votre appareil de production va vous permettre de répondre aux nouvelles demandes étrangères.	nan	13	\N
29	Faible	Les clientèles étrangères attendent de votre part une communication adaptée.	nan	14	\N
30	Fort	Votre effort de communication va faciliter votre pénétration de nouveaux marchés.	nan	14	\N
31	Faible	Vous pourriez vous appuyer sur les outils numériques pour renforcer votre communication et développer vos ventes.	nan	15	\N
32	Fort	Votre utilisation des outils numériques contribue à renforcer votre communication et développer vos ventes.	nan	15	\N
33	Faible	Pour atteindre vos clients, passer par des distributeurs bien intégrés dans ces marchés est une démarche souvent indispensable qu’il faudra engager.	Fiche « Distribuer ses produits à l'international »	18	\N
34	Fort	Vous pouvez profiter de la bonne implantation de vos distributeurs locaux pour atteindre vos cibles de clientèles.	Fiche « Distribuer ses produits à l'international »	18	\N
35	Faible	Il serait malheureux de buter sur un problème de livraison : assurez-vous de disposer d'une logistique éprouvée.	nan	20	\N
36	Fort	Votre bonne organisation logistique va fluidifier vos livraisons.	nan	20	\N
37	Faible	Se lancer à l'international sans les conseils d'experts présente de nombreux risques, aussi nous vous conseillons de vous faire accompagner pour bien vous préparer.	Répertoire des Organizations d'Appui aux Enterprises (ITC)	19	\N
38	Fort	Les entreprises qui bénéficient d'un bon accompagnement réussissent davantage à l'international.	Répertoire des Organizations d'Appui aux Enterprises (ITC)	19	\N
39	Faible	Il existe probablement une aide qui convient à votre projet, n'hésitez-pas à vous renseigner pour pouvoir en bénéficier.	nan	17	\N
40	Fort	Les aides à l'internationalisation sont un coup de pouce supplémentaire au succès de votre projet.	nan	17	\N
\.


--
-- Data for Name: analyses_autodiagquestion; Type: TABLE DATA; Schema: public; Owner: oifadmin
--

COPY public.analyses_autodiagquestion (id, numero, text, category_id) FROM stdin;
1	4	Avez-vous déjà choisi vos marchés cibles ?	1
2	3	Disposez-vous d’un plan d’action à l’exportation ?	1
3	2	L’exportation est-elle une priorité dans la stratégie de développement de votre entreprise ?	1
4	1	Votre entreprise a-t-elle déjà une expérience de l’exportation ?	1
5	5	Avez-vous une bonne connaissance de vos marchés cibles ?	2
6	6	Connaissez-vous la réglementation propre à vos marchés cibles ainsi que leurs spécificités culturelles ?	2
7	8	Etes-vous prêts à adapter votre offre aux attentes des marchés visés pour assurer votre succès à l’export ?	2
8	7	Votre offre est-elle compétitive (qualité/prix) sur vos marchés cibles ?	2
9	10	Avez-vous calculé votre prix export et rédigé un plan d’affaires pour l’export ?	3
10	9	Disposez-vous des capacités de financement de votre stratégie à l’international ?	3
11	12	Disposez-vous des compétences nécessaires en langues étrangères pour vos marchés cibles ?	3
12	11	Vos ressources humaines sont-elles en adéquation avec votre stratégie de développement à l’export ?	3
13	14	Disposez-vous d’une capacité de production suffisante pour répondre à un afflux de commandes étrangères ?	4
14	15	Vos supports de communication sont-ils adaptés à votre développement à l’international ?	4
15	16	Votre démarche internationale s'appuie-t-elle sur les outils numériques ?	4
16	13	Votre offre est-elle innovante sur vos marchés cibles ?	4
17	20	Avez-vous connaissance des dispositifs (aides, crédits d’impôt, subventions…) pouvant faciliter votre développement international ?	5
18	17	Avez-vous identifié vos canaux de distribution (agent, distributeur, filiale…) sur vos marchés cibles ?	5
19	19	Connaissez-vous les organismes (publics / privés) dans votre pays pouvant accompagner votre développement international et vous conseiller ?	5
20	18	Votre logistique répond-elle aux exigences de livraison des clients sur les marchés cibles ?	5
\.


--
-- Data for Name: analyses_autodiagsession; Type: TABLE DATA; Schema: public; Owner: oifadmin
--

COPY public.analyses_autodiagsession (id, date_creation, date_completion, is_completed, total_score, categorie_scores, cree_par_id, entreprise_id) FROM stdin;
\.


--
-- Data for Name: analyses_autodiaguserresponse; Type: TABLE DATA; Schema: public; Owner: oifadmin
--

COPY public.analyses_autodiaguserresponse (id, submitted_at, autodiag_id, question_id, selected_answer_id, user_id) FROM stdin;
\.


--
-- Data for Name: analyses_statistiqueutilisateur; Type: TABLE DATA; Schema: public; Owner: oifadmin
--

COPY public.analyses_statistiqueutilisateur (id, date_mesure, valeur, details, type_stat_id, user_id) FROM stdin;
\.


--
-- Data for Name: auth_group; Type: TABLE DATA; Schema: public; Owner: oifadmin
--

COPY public.auth_group (id, name) FROM stdin;
\.


--
-- Data for Name: auth_group_permissions; Type: TABLE DATA; Schema: public; Owner: oifadmin
--

COPY public.auth_group_permissions (id, group_id, permission_id) FROM stdin;
\.


--
-- Data for Name: auth_permission; Type: TABLE DATA; Schema: public; Owner: oifadmin
--

COPY public.auth_permission (id, name, content_type_id, codename) FROM stdin;
1	Can add log entry	1	add_logentry
2	Can change log entry	1	change_logentry
3	Can delete log entry	1	delete_logentry
4	Can view log entry	1	view_logentry
5	Can add permission	2	add_permission
6	Can change permission	2	change_permission
7	Can delete permission	2	delete_permission
8	Can view permission	2	view_permission
9	Can add group	3	add_group
10	Can change group	3	change_group
11	Can delete group	3	delete_group
12	Can view group	3	view_group
13	Can add content type	4	add_contenttype
14	Can change content type	4	change_contenttype
15	Can delete content type	4	delete_contenttype
16	Can view content type	4	view_contenttype
17	Can add session	5	add_session
18	Can change session	5	change_session
19	Can delete session	5	delete_session
20	Can view session	5	view_session
21	Can add flat page	6	add_flatpage
22	Can change flat page	6	change_flatpage
23	Can delete flat page	6	delete_flatpage
24	Can view flat page	6	view_flatpage
25	Can add site	7	add_site
26	Can change site	7	change_site
27	Can delete site	7	delete_site
28	Can view site	7	view_site
29	Can add Tranche d'Age	8	add_agerange
30	Can change Tranche d'Age	8	change_agerange
31	Can delete Tranche d'Age	8	delete_agerange
32	Can view Tranche d'Age	8	view_agerange
33	Can add Catégorie de choix	9	add_categoriequestion
34	Can change Catégorie de choix	9	change_categoriequestion
35	Can delete Catégorie de choix	9	delete_categoriequestion
36	Can view Catégorie de choix	9	view_categoriequestion
37	Can add Chiffre d'affaire	10	add_chiffreaffaires
38	Can change Chiffre d'affaire	10	change_chiffreaffaires
39	Can delete Chiffre d'affaire	10	delete_chiffreaffaires
40	Can view Chiffre d'affaire	10	view_chiffreaffaires
41	Can add Expérience internationale	11	add_experienceinternationale
42	Can change Expérience internationale	11	change_experienceinternationale
43	Can delete Expérience internationale	11	delete_experienceinternationale
44	Can view Expérience internationale	11	view_experienceinternationale
45	Can add Forme juridique	12	add_formejuridique
46	Can change Forme juridique	12	change_formejuridique
47	Can delete Forme juridique	12	delete_formejuridique
48	Can view Forme juridique	12	view_formejuridique
49	Can add mission	13	add_mission
50	Can change mission	13	change_mission
51	Can delete mission	13	delete_mission
52	Can view mission	13	view_mission
53	Can add Objectif	14	add_objectif
54	Can change Objectif	14	change_objectif
55	Can delete Objectif	14	delete_objectif
56	Can view Objectif	14	view_objectif
57	Can add Pays	15	add_pays
58	Can change Pays	15	change_pays
59	Can delete Pays	15	delete_pays
60	Can view Pays	15	view_pays
61	Can add Région cible	16	add_regioncible
62	Can change Région cible	16	change_regioncible
63	Can delete Région cible	16	delete_regioncible
64	Can view Région cible	16	view_regioncible
65	Can add Sexe	17	add_sexe
66	Can change Sexe	17	change_sexe
67	Can delete Sexe	17	delete_sexe
68	Can view Sexe	17	view_sexe
69	Can add Type de statistique	18	add_stattype
70	Can change Type de statistique	18	change_stattype
71	Can delete Type de statistique	18	delete_stattype
72	Can view Type de statistique	18	view_stattype
73	Can add Statut des opportunités	19	add_statutopportunite
74	Can change Statut des opportunités	19	change_statutopportunite
75	Can delete Statut des opportunités	19	delete_statutopportunite
76	Can view Statut des opportunités	19	view_statutopportunite
77	Can add Mot-clé	20	add_tag
78	Can change Mot-clé	20	change_tag
79	Can delete Mot-clé	20	delete_tag
80	Can view Mot-clé	20	view_tag
81	Can add Taille	21	add_taille
82	Can change Taille	21	change_taille
83	Can delete Taille	21	delete_taille
84	Can view Taille	21	view_taille
85	Can add Type de document de verification	22	add_typedocument
86	Can change Type de document de verification	22	change_typedocument
87	Can delete Type de document de verification	22	delete_typedocument
88	Can view Type de document de verification	22	view_typedocument
89	Can add Type d'événement	23	add_typeevenement
90	Can change Type d'événement	23	change_typeevenement
91	Can delete Type d'événement	23	delete_typeevenement
92	Can view Type d'événement	23	view_typeevenement
93	Can add type opportunite	24	add_typeopportunite
94	Can change type opportunite	24	change_typeopportunite
95	Can delete type opportunite	24	delete_typeopportunite
96	Can view type opportunite	24	view_typeopportunite
97	Can add Type de ressource	25	add_typeressource
98	Can change Type de ressource	25	change_typeressource
99	Can delete Type de ressource	25	delete_typeressource
100	Can view Type de ressource	25	view_typeressource
101	Can add verification statut	26	add_verificationstatut
102	Can change verification statut	26	change_verificationstatut
103	Can delete verification statut	26	delete_verificationstatut
104	Can view verification statut	26	view_verificationstatut
105	Can add Type d'utilisateur	27	add_typeuser
106	Can change Type d'utilisateur	27	change_typeuser
107	Can delete Type d'utilisateur	27	delete_typeuser
108	Can view Type d'utilisateur	27	view_typeuser
109	Can add Secteur	28	add_secteur
110	Can change Secteur	28	change_secteur
111	Can delete Secteur	28	delete_secteur
112	Can view Secteur	28	view_secteur
113	Can add Usager	29	add_user
114	Can change Usager	29	change_user
115	Can delete Usager	29	delete_user
116	Can view Usager	29	view_user
117	Accès aux fonctionnalités restreintes	29	acces_restreint
118	Gestion des contenus	29	gerer_contenu
119	Validation des inscriptions	29	valider_inscription
120	Can add favorite	30	add_favorite
121	Can change favorite	30	change_favorite
122	Can delete favorite	30	delete_favorite
123	Can view favorite	30	view_favorite
124	Can add Bureau	31	add_bureau
125	Can change Bureau	31	change_bureau
126	Can delete Bureau	31	delete_bureau
127	Can view Bureau	31	view_bureau
128	Can add communaute	32	add_communaute
129	Can change communaute	32	change_communaute
130	Can delete communaute	32	delete_communaute
131	Can view communaute	32	view_communaute
132	Can add Document de vérification	33	add_documentverification
133	Can change Document de vérification	33	change_documentverification
134	Can delete Document de vérification	33	delete_documentverification
135	Can view Document de vérification	33	view_documentverification
136	Can add Entreprise	34	add_entreprise
137	Can change Entreprise	34	change_entreprise
138	Can delete Entreprise	34	delete_entreprise
139	Can view Entreprise	34	view_entreprise
140	Can add Membre de communaute	35	add_membrecommunaute
141	Can change Membre de communaute	35	change_membrecommunaute
142	Can delete Membre de communaute	35	delete_membrecommunaute
143	Can view Membre de communaute	35	view_membrecommunaute
144	Can add Bloc de Contenu	36	add_bloccontenu
145	Can change Bloc de Contenu	36	change_bloccontenu
146	Can delete Bloc de Contenu	36	delete_bloccontenu
147	Can view Bloc de Contenu	36	view_bloccontenu
148	Can add Événement	37	add_evenement
149	Can change Événement	37	change_evenement
150	Can delete Événement	37	delete_evenement
151	Can view Événement	37	view_evenement
152	Can add Inscription à un événements	38	add_inscriptionevenement
153	Can change Inscription à un événements	38	change_inscriptionevenement
154	Can delete Inscription à un événements	38	delete_inscriptionevenement
155	Can view Inscription à un événements	38	view_inscriptionevenement
156	Can add Mission économique	39	add_missioneconomique
157	Can change Mission économique	39	change_missioneconomique
158	Can delete Mission économique	39	delete_missioneconomique
159	Can view Mission économique	39	view_missioneconomique
160	Can add mission stat	40	add_missionstat
161	Can change mission stat	40	change_missionstat
162	Can delete mission stat	40	delete_missionstat
163	Can view mission stat	40	view_missionstat
164	Can add Témoignage	41	add_temoignage
165	Can change Témoignage	41	change_temoignage
166	Can delete Témoignage	41	delete_temoignage
167	Can view Témoignage	41	view_temoignage
168	Can add Ressource	42	add_ressource
169	Can change Ressource	42	change_ressource
170	Can delete Ressource	42	delete_ressource
171	Can view Ressource	42	view_ressource
172	Can add Opportunité	43	add_opportunite
173	Can change Opportunité	43	change_opportunite
174	Can delete Opportunité	43	delete_opportunite
175	Can view Opportunité	43	view_opportunite
176	Can add discussion	44	add_discussion
177	Can change discussion	44	change_discussion
178	Can delete discussion	44	delete_discussion
179	Can view discussion	44	view_discussion
180	Can add message	45	add_message
181	Can change message	45	change_message
182	Can delete message	45	delete_message
183	Can view message	45	view_message
184	Can add Jumelage	46	add_matchmaking
185	Can change Jumelage	46	change_matchmaking
186	Can delete Jumelage	46	delete_matchmaking
187	Can view Jumelage	46	view_matchmaking
188	Can add Réponse possible a l'autodiagnostique	47	add_autodiaganswer
189	Can change Réponse possible a l'autodiagnostique	47	change_autodiaganswer
190	Can delete Réponse possible a l'autodiagnostique	47	delete_autodiaganswer
191	Can view Réponse possible a l'autodiagnostique	47	view_autodiaganswer
192	Can add Commentaire Autodiagnostique	48	add_autodiagcomment
193	Can change Commentaire Autodiagnostique	48	change_autodiagcomment
194	Can delete Commentaire Autodiagnostique	48	delete_autodiagcomment
195	Can view Commentaire Autodiagnostique	48	view_autodiagcomment
196	Can add Question d'Autodiagnostique	49	add_autodiagquestion
197	Can change Question d'Autodiagnostique	49	change_autodiagquestion
198	Can delete Question d'Autodiagnostique	49	delete_autodiagquestion
199	Can view Question d'Autodiagnostique	49	view_autodiagquestion
200	Can add Session d'autodiagnostique	50	add_autodiagsession
201	Can change Session d'autodiagnostique	50	change_autodiagsession
202	Can delete Session d'autodiagnostique	50	delete_autodiagsession
203	Can view Session d'autodiagnostique	50	view_autodiagsession
204	Can add Réponse Utilisateur	51	add_autodiaguserresponse
205	Can change Réponse Utilisateur	51	change_autodiaguserresponse
206	Can delete Réponse Utilisateur	51	delete_autodiaguserresponse
207	Can view Réponse Utilisateur	51	view_autodiaguserresponse
208	Can add Statistique d'un utilisateur	52	add_statistiqueutilisateur
209	Can change Statistique d'un utilisateur	52	change_statistiqueutilisateur
210	Can delete Statistique d'un utilisateur	52	delete_statistiqueutilisateur
211	Can view Statistique d'un utilisateur	52	view_statistiqueutilisateur
212	Can add Cours	53	add_cours
213	Can change Cours	53	change_cours
214	Can delete Cours	53	delete_cours
215	Can view Cours	53	view_cours
216	Can add marketplace	54	add_marketplace
217	Can change marketplace	54	change_marketplace
218	Can delete marketplace	54	delete_marketplace
219	Can view marketplace	54	view_marketplace
220	Can add Bloc	55	add_bloc
221	Can change Bloc	55	change_bloc
222	Can delete Bloc	55	delete_bloc
223	Can view Bloc	55	view_bloc
224	Can add Page	56	add_custompage
225	Can change Page	56	change_custompage
226	Can delete Page	56	delete_custompage
227	Can view Page	56	view_custompage
228	Can add tile	57	add_tile
229	Can change tile	57	change_tile
230	Can delete tile	57	delete_tile
231	Can view tile	57	view_tile
232	Can add url	58	add_url
233	Can change url	58	change_url
234	Can delete url	58	delete_url
235	Can view url	58	view_url
236	Can add Partenaire	59	add_partenaires
237	Can change Partenaire	59	change_partenaires
238	Can delete Partenaire	59	delete_partenaires
239	Can view Partenaire	59	view_partenaires
240	Can add Média	60	add_media
241	Can change Média	60	change_media
242	Can delete Média	60	delete_media
243	Can view Média	60	view_media
244	Can add Type d'utilisateur	27	add_typeusager
245	Can change Type d'utilisateur	27	change_typeusager
246	Can delete Type d'utilisateur	27	delete_typeusager
247	Can view Type d'utilisateur	27	view_typeusager
248	Can add Notification	61	add_notification
249	Can change Notification	61	change_notification
250	Can delete Notification	61	delete_notification
251	Can view Notification	61	view_notification
252	Can add Ficher Media (Image, Video, Document)	62	add_multimedia
253	Can change Ficher Media (Image, Video, Document)	62	change_multimedia
254	Can delete Ficher Media (Image, Video, Document)	62	delete_multimedia
255	Can view Ficher Media (Image, Video, Document)	62	view_multimedia
256	Can add completed task	63	add_completedtask
257	Can change completed task	63	change_completedtask
258	Can delete completed task	63	delete_completedtask
259	Can view completed task	63	view_completedtask
260	Can add task	64	add_task
261	Can change task	64	change_task
262	Can delete task	64	delete_task
263	Can view task	64	view_task
264	Can add Page de Contact	65	add_contactpageparams
265	Can change Page de Contact	65	change_contactpageparams
266	Can delete Page de Contact	65	delete_contactpageparams
267	Can view Page de Contact	65	view_contactpageparams
268	Can add captcha store	66	add_captchastore
269	Can change captcha store	66	change_captchastore
270	Can delete captcha store	66	delete_captchastore
271	Can view captcha store	66	view_captchastore
\.


--
-- Data for Name: background_task; Type: TABLE DATA; Schema: public; Owner: oifadmin
--

COPY public.background_task (id, task_name, task_params, task_hash, verbose_name, priority, run_at, repeat, repeat_until, queue, attempts, failed_at, last_error, locked_by, locked_at, creator_object_id, creator_content_type_id) FROM stdin;
1	apps.evenement.views.getEvents	[[], {}]	da5f472e105bd08339cf635c3b7ca87675341d48	\N	0	2025-05-09 18:27:20.156925+00	0	\N	\N	0	\N		\N	\N	\N	\N
2	apps.evenement.views.getEvents	[[], {}]	da5f472e105bd08339cf635c3b7ca87675341d48	\N	0	2025-05-09 18:27:27.301734+00	0	\N	\N	0	\N		\N	\N	\N	\N
3	apps.evenement.views.getEvents	[[], {}]	da5f472e105bd08339cf635c3b7ca87675341d48	\N	0	2025-05-09 18:33:37.509663+00	0	\N	\N	0	\N		\N	\N	\N	\N
4	apps.evenement.views.getEvents	[[], {}]	da5f472e105bd08339cf635c3b7ca87675341d48	\N	0	2025-05-09 18:37:06.416477+00	0	\N	\N	0	\N		\N	\N	\N	\N
5	apps.evenement.views.getEvents	[[], {}]	da5f472e105bd08339cf635c3b7ca87675341d48	\N	0	2025-05-09 18:37:27.894426+00	0	\N	\N	0	\N		\N	\N	\N	\N
6	apps.evenement.views.getEvents	[[], {}]	da5f472e105bd08339cf635c3b7ca87675341d48	\N	0	2025-05-09 18:40:01.02966+00	0	\N	\N	0	\N		\N	\N	\N	\N
7	apps.evenement.views.getEvents	[[], {}]	da5f472e105bd08339cf635c3b7ca87675341d48	\N	0	2025-05-09 18:41:08.810014+00	0	\N	\N	0	\N		\N	\N	\N	\N
8	apps.evenement.views.getEvents	[[], {}]	da5f472e105bd08339cf635c3b7ca87675341d48	\N	0	2025-05-09 18:42:52.994765+00	0	\N	\N	0	\N		\N	\N	\N	\N
\.


--
-- Data for Name: background_task_completedtask; Type: TABLE DATA; Schema: public; Owner: oifadmin
--

COPY public.background_task_completedtask (id, task_name, task_params, task_hash, verbose_name, priority, run_at, repeat, repeat_until, queue, attempts, failed_at, last_error, locked_by, locked_at, creator_object_id, creator_content_type_id) FROM stdin;
\.


--
-- Data for Name: betterFlatPages_flatpage; Type: TABLE DATA; Schema: public; Owner: oifadmin
--

COPY public."betterFlatPages_flatpage" (id, url, title, content, enable_comments, meta, template_name, registration_required) FROM stdin;
\.


--
-- Data for Name: betterFlatPages_flatpage_sites; Type: TABLE DATA; Schema: public; Owner: oifadmin
--

COPY public."betterFlatPages_flatpage_sites" (id, flatpage_id, site_id) FROM stdin;
\.


--
-- Data for Name: captcha_captchastore; Type: TABLE DATA; Schema: public; Owner: oifadmin
--

COPY public.captcha_captchastore (id, challenge, response, hashkey, expiration) FROM stdin;
\.


--
-- Data for Name: django_admin_log; Type: TABLE DATA; Schema: public; Owner: oifadmin
--

COPY public.django_admin_log (id, action_time, object_id, object_repr, action_flag, change_message, content_type_id, user_id) FROM stdin;
1	2025-05-07 17:58:09.424375+00	1	Administrateur	1	[{"added": {}}]	27	1
2	2025-05-07 17:58:15.294053+00	2	Expert	1	[{"added": {}}]	27	1
3	2025-05-07 17:59:08.021611+00	1	Hom	1	[{"added": {}}]	17	1
4	2025-05-07 17:59:12.713898+00	2	Femme	1	[{"added": {}}]	17	1
5	2025-05-07 17:59:17.986909+00	1	Homme	2	[{"changed": {"fields": ["Libelle"]}}]	17	1
6	2025-05-07 18:08:38.703742+00	1	Accompagnement des entreprises (accompagne)	1	[{"added": {}}]	28	1
7	2025-05-07 18:11:24.04369+00	1	BarkAllah Soumaya	1	[{"added": {}}]	34	1
8	2025-05-07 18:20:59.335412+00	1	BarkAllah Soumaya	2	[]	34	1
9	2025-05-07 20:18:49.372881+00	1	  - Soumaya	2	[{"changed": {"fields": ["Pays"]}}]	29	1
10	2025-05-07 20:19:04.021878+00	1	  - Soumaya	2	[{"changed": {"fields": ["Sexe"]}}]	29	1
11	2025-05-07 20:24:10.317949+00	1	  - Soumaya	2	[{"changed": {"fields": ["User type"]}}]	29	1
12	2025-05-07 20:24:24.554202+00	1	Plus de 35 ans	1	[{"added": {}}]	8	1
13	2025-05-07 20:24:36.361245+00	1	  - Soumaya	2	[{"changed": {"fields": ["Tranche d\\u2019\\u00e2ge"]}}]	29	1
14	2025-05-08 14:24:57.121699+00	2	Ali2 Khan2 - pofv@56yhu.com (Administrateur)	3		29	1
15	2025-05-08 14:24:57.126846+00	3	Ali2 Khan2 - pov@56yhu.com (Administrateur)	3		29	1
16	2025-05-08 14:24:57.128417+00	4	Ali2 Khan2 - povf@56yhu.com (Administrateur)	3		29	1
17	2025-05-08 14:24:57.129943+00	5	Ali2 Khan2 - ptvf@56yhu.com (Administrateur)	3		29	1
18	2025-05-08 14:24:57.131702+00	6	Ali2 Khan2 - tvf@56yhu.com (Administrateur)	3		29	1
19	2025-05-08 14:27:35.711884+00	7	Ali2 Khan2 - tvf@56yhu.com (Administrateur)	3		29	1
20	2025-05-08 15:19:25.112027+00	1	Communites Bloc	1	[{"added": {}}]	42	1
21	2025-05-08 17:03:45.080691+00	11	Alia Khan - karim (Administrateur)	3		29	1
22	2025-05-08 17:04:49.262526+00	12	Alia Khan - karimz (Administrateur)	3		29	1
23	2025-05-08 17:05:43.700124+00	13	Alia Khan - karimz (Administrateur)	3		29	1
24	2025-05-08 17:06:46.206035+00	14	Alia Khan - karimz (Administrateur)	3		29	1
25	2025-05-08 17:12:28.437627+00	15	Alia Khan - karimz (Administrateur)	3		29	1
26	2025-05-08 17:13:19.988482+00	16	Alia Khan - karimz (Administrateur)	3		29	1
27	2025-05-08 17:17:25.617874+00	17	Alia Khan - karimz (Administrateur)	3		29	1
28	2025-05-08 17:45:24.305995+00	10	Ali2 Khan2 - aavf@56yhu.com (Administrateur)	3		29	1
29	2025-05-08 17:45:24.311543+00	9	Ali2 Khan2 - avf@56yhu.com (Administrateur)	3		29	1
30	2025-05-08 17:45:24.313051+00	18	Alia Khan - karimz (Administrateur)	3		29	1
31	2025-05-08 17:46:50.914809+00	19	Alia Khan - karimz (Administrateur)	3		29	1
32	2025-05-08 17:46:50.918925+00	8	Ali2 Khan2 - tvf@56yhu.com (Administrateur)	3		29	1
33	2025-05-08 19:00:50.173734+00	1	Paul à la place des arts	1	[{"added": {}}]	37	1
34	2025-05-08 19:01:07.903272+00	1	karimz - Paul à la place des arts	1	[{"added": {}}]	38	1
35	2025-05-08 20:34:19.392609+00	3	Représentant d'organisme	1	[{"added": {}}]	27	1
36	2025-05-08 20:38:37.291734+00	21	Alia Khan - karimo (Représentant d'organisme)	3		29	1
37	2025-05-08 20:38:37.296622+00	20	Alia Khan - karimz (Administrateur)	3		29	1
38	2025-05-08 20:39:48.789852+00	22	Alia Khan - karimo (Représentant d'organisme)	3		29	1
39	2025-05-08 20:40:19.445779+00	23	Alia Khan - karimo (Représentant d'organisme)	3		29	1
40	2025-05-08 20:40:39.870371+00	24	Alia Khan - karimo (Représentant d'organisme)	3		29	1
41	2025-05-08 20:42:20.162788+00	25	Alia Khan - karimo (Représentant d'organisme)	3		29	1
42	2025-05-08 20:42:50.458752+00	26	Alia Khan - karimo (Représentant d'organisme)	3		29	1
43	2025-05-08 20:44:15.757784+00	27	Alia Khan - karimo (Représentant d'organisme)	3		29	1
44	2025-05-08 20:45:23.904107+00	28	Alia Khan - karimo (Représentant d'organisme)	3		29	1
45	2025-05-09 14:58:00.043445+00	29	Alia Khan - karimo (Représentant d'organisme)	3		29	1
46	2025-05-09 14:58:36.43246+00	30	Alia Khan - karimo (Représentant d'organisme)	3		29	1
47	2025-05-09 18:38:47.994382+00	1	Paul à la place des arts	2	[{"changed": {"fields": ["Date de d\\u00e9but"]}}]	37	1
48	2025-05-09 18:39:08.931348+00	1	Paul à la place des arts	2	[{"changed": {"fields": ["Nombre place"]}}]	37	1
49	2025-05-09 18:40:21.63522+00	2	karimo - Paul à la place des arts	1	[{"added": {}}]	38	1
50	2025-05-09 18:51:44.809583+00	2	karimo - Paul à la place des arts	2	[{"changed": {"fields": ["Rappel envoy\\u00e9"]}}]	38	1
51	2025-05-09 18:54:14.694191+00	1	Paul à la place des arts	2	[{"changed": {"fields": ["Date de d\\u00e9but"]}}]	37	1
52	2025-05-09 21:16:55.768674+00	1	Message de   - Soumaya (Administrateur) à Alia Khan - karimo (Représentant d'organisme) le 2025-05-07 20:18:00.532352+00:00	2	[{"changed": {"fields": ["Type de message", "Destinaire", "Message"]}}]	45	1
53	2025-05-09 21:25:47.332398+00	5	Amnisitie Internationale	2	[{"changed": {"fields": ["Nom de l'entreprise", "Marche cibles", "March\\u00e9s actuels"]}}]	34	1
54	2025-05-12 15:34:05.16946+00	2	Moins de 35 ans	1	[{"added": {}}]	8	1
55	2025-05-12 17:41:45.343729+00	1	  - Soumaya (Administrateur) A subject 3 jours, 4 heures ago	2	[{"changed": {"fields": ["Level"]}}]	61	1
56	2025-05-13 16:32:16.399815+00	1	ContactPageParams object (1)	1	[{"added": {}}]	65	1
57	2025-05-13 18:12:09.448313+00	1	IBM	1	[{"added": {}}]	59	1
58	2025-05-16 13:58:59.669699+00	1	ContactPageParams object (1)	2	[{"changed": {"fields": ["Introduction", "Pr\\u00e9nom", "Nom", "Entreprise", "T\\u00e9l\\u00e9phone", "Email", "Message", "Confidentialit\\u00e9", "Assistance"]}}]	65	1
59	2025-05-16 18:32:40.895752+00	6	Message de Alia Khan - karim (Représentant d'organisme) à   - Soumaya (Administrateur) le 2025-05-12 19:16:46.671101+00:00	3		45	1
60	2025-05-16 18:32:40.901597+00	5	Message de Alia Khan - karim (Représentant d'organisme) à   - Soumaya (Administrateur) le 2025-05-12 19:16:17.954994+00:00	3		45	1
61	2025-05-16 18:32:40.908095+00	4	Message de Alia Khan - karim (Représentant d'organisme) à   - Soumaya (Administrateur) le 2025-05-12 17:20:34.667648+00:00	3		45	1
62	2025-05-16 18:32:40.913762+00	3	Message de Alia Khan - karim (Représentant d'organisme) à   - Soumaya (Administrateur) le 2025-05-12 17:20:13.441407+00:00	3		45	1
63	2025-05-16 18:32:40.920191+00	2	Message de Alia Khan - karim (Représentant d'organisme) à   - Soumaya (Administrateur) le 2025-05-12 17:19:31.702300+00:00	3		45	1
64	2025-05-16 18:32:40.927189+00	1	Message de   - Soumaya (Administrateur) à Alia Khan - karim (Représentant d'organisme) le 2025-05-07 20:18:00.532352+00:00	3		45	1
65	2025-05-16 18:32:49.602038+00	7	Message de Alia Khan - karim (Représentant d'organisme) à Alia Khan - karim (Représentant d'organisme) le 2025-05-16 18:30:48.496772+00:00	3		45	1
66	2025-05-16 19:15:35.703104+00	1	ContactPageParams object (1)	2	[{"changed": {"fields": ["Image"]}}]	65	1
67	2025-05-20 14:41:40.993356+00	31	Alia Khan - karim (Représentant d'organisme)	2	[{"changed": {"fields": ["Staff status", "Superuser status"]}}]	29	1
68	2025-05-20 17:55:07.081068+00	31	Alia Khan - karim (Expert)	2	[{"changed": {"fields": ["Secteurs"]}}]	29	1
69	2025-05-20 19:31:08.650595+00	1	Opportunite object (1)	1	[{"added": {}}]	43	1
70	2025-05-20 19:31:37.397855+00	1	Opportunite object (1)	2	[{"changed": {"fields": ["Secteur", "Entreprise"]}}]	43	1
71	2025-05-20 19:31:50.478076+00	1	Opportunite object (1)	2	[{"changed": {"fields": ["Entreprise"]}}]	43	1
72	2025-05-20 19:31:57.873159+00	1	Opportunite object (1)	2	[{"changed": {"fields": ["Utilisateur"]}}]	43	1
73	2025-05-20 19:32:14.571001+00	1	Opportunite object (1)	2	[{"changed": {"fields": ["Entreprise"]}}]	43	1
74	2025-05-20 19:32:40.310367+00	4	Amnisitie	3		34	1
75	2025-05-20 19:32:47.119626+00	5	Amnisitie Internationale	2	[]	34	1
76	2025-05-20 19:32:56.852332+00	3	Amnisitie	3		34	1
77	2025-05-20 19:33:07.984639+00	1	Opportunite object (1)	2	[]	43	1
78	2025-05-21 13:11:57.646846+00	9	Message de Alia Khan - karim (Expert) à   - Soumaya (Administrateur) le 2025-05-21 13:05:49.068254+00:00	3		45	1
79	2025-05-21 13:11:57.65805+00	8	Message de Alia Khan - karim (Expert) à   - Soumaya (Administrateur) le 2025-05-16 18:32:03.661153+00:00	3		45	1
80	2025-05-21 13:13:33.635091+00	10	Message de Alia Khan - karim (Expert) à   - Soumaya (Administrateur) le 2025-05-21 13:11:44.500315+00:00	3		45	1
81	2025-05-21 13:34:34.314795+00	12	Message de Alia Khan - karim (Expert) à   - Soumaya (Administrateur) le 2025-05-21 13:21:32.930558+00:00	3		45	1
82	2025-05-21 13:34:34.330251+00	11	Message de Alia Khan - karim (Expert) à   - Soumaya (Administrateur) le 2025-05-21 13:13:39.095016+00:00	3		45	1
83	2025-05-21 17:24:26.165421+00	1	Production	1	[{"added": {}}]	24	1
84	2025-05-21 17:24:31.404471+00	1	Opportunite object (1)	2	[{"changed": {"fields": ["Type opportunite"]}}]	43	1
85	2025-05-21 17:32:21.848276+00	1	concert	1	[{"added": {}}]	23	1
86	2025-05-21 17:32:25.004059+00	1	Paul à la place des arts	2	[{"changed": {"fields": ["Type evenement"]}}]	37	1
\.


--
-- Data for Name: django_content_type; Type: TABLE DATA; Schema: public; Owner: oifadmin
--

COPY public.django_content_type (id, app_label, model) FROM stdin;
1	admin	logentry
2	auth	permission
3	auth	group
4	contenttypes	contenttype
5	sessions	session
6	betterFlatPages	flatpage
7	sites	site
8	params	agerange
9	params	categoriequestion
10	params	chiffreaffaires
11	params	experienceinternationale
12	params	formejuridique
13	params	mission
14	params	objectif
15	params	pays
16	params	regioncible
17	params	sexe
18	params	stattype
19	params	statutopportunite
20	params	tag
21	params	taille
22	params	typedocument
23	params	typeevenement
24	params	typeopportunite
25	params	typeressource
26	params	verificationstatut
28	params	secteur
29	accounts	user
30	accounts	favorite
31	entreprise	bureau
32	entreprise	communaute
33	entreprise	documentverification
34	entreprise	entreprise
35	entreprise	membrecommunaute
36	evenement	bloccontenu
37	evenement	evenement
38	evenement	inscriptionevenement
39	evenement	missioneconomique
40	evenement	missionstat
41	evenement	temoignage
42	ressource	ressource
43	ressource	opportunite
44	message	discussion
45	message	message
46	message	matchmaking
47	analyses	autodiaganswer
48	analyses	autodiagcomment
49	analyses	autodiagquestion
50	analyses	autodiagsession
51	analyses	autodiaguserresponse
52	analyses	statistiqueutilisateur
53	extension	cours
54	extension	marketplace
55	pages	bloc
56	pages	custompage
57	pages	tile
58	pages	url
59	pages	partenaires
60	pages	media
27	params	typeusager
61	notifications	notification
62	params	multimedia
63	background_task	completedtask
64	background_task	task
65	params	contactpageparams
66	captcha	captchastore
\.


--
-- Data for Name: django_migrations; Type: TABLE DATA; Schema: public; Owner: oifadmin
--

COPY public.django_migrations (id, app, name, applied) FROM stdin;
1	contenttypes	0001_initial	2025-05-06 21:04:48.098444+00
2	contenttypes	0002_remove_content_type_name	2025-05-06 21:04:48.105466+00
3	auth	0001_initial	2025-05-06 21:04:48.138974+00
4	auth	0002_alter_permission_name_max_length	2025-05-06 21:04:48.143887+00
5	auth	0003_alter_user_email_max_length	2025-05-06 21:04:48.149038+00
6	auth	0004_alter_user_username_opts	2025-05-06 21:04:48.154328+00
7	auth	0005_alter_user_last_login_null	2025-05-06 21:04:48.161926+00
8	auth	0006_require_contenttypes_0002	2025-05-06 21:04:48.164731+00
9	auth	0007_alter_validators_add_error_messages	2025-05-06 21:04:48.17002+00
10	auth	0008_alter_user_username_max_length	2025-05-06 21:04:48.175085+00
11	auth	0009_alter_user_last_name_max_length	2025-05-06 21:04:48.182148+00
12	auth	0010_alter_group_name_max_length	2025-05-06 21:04:48.189432+00
13	auth	0011_update_proxy_permissions	2025-05-06 21:04:48.19604+00
14	auth	0012_alter_user_first_name_max_length	2025-05-06 21:04:48.201347+00
15	params	0001_initial	2025-05-06 21:04:48.318422+00
16	accounts	0001_initial	2025-05-06 21:04:48.343928+00
17	accounts	0002_initial	2025-05-06 21:04:48.471407+00
18	admin	0001_initial	2025-05-06 21:04:48.494463+00
19	admin	0002_logentry_remove_auto_add	2025-05-06 21:04:48.506154+00
20	admin	0003_logentry_add_action_flag_choices	2025-05-06 21:04:48.520173+00
21	entreprise	0001_initial	2025-05-06 21:04:48.562778+00
22	ressource	0001_initial	2025-05-06 21:04:48.650458+00
23	analyses	0001_initial	2025-05-06 21:04:48.683459+00
24	analyses	0002_initial	2025-05-06 21:04:48.8843+00
25	sites	0001_initial	2025-05-06 21:04:48.892757+00
26	sites	0002_alter_domain_unique	2025-05-06 21:04:48.900619+00
27	betterFlatPages	0001_initial	2025-05-06 21:04:48.921454+00
28	entreprise	0002_initial	2025-05-06 21:04:49.558324+00
29	evenement	0001_initial	2025-05-06 21:04:49.713095+00
30	evenement	0002_initial	2025-05-06 21:04:50.066376+00
31	extension	0001_initial	2025-05-06 21:04:50.082666+00
32	extension	0002_initial	2025-05-06 21:04:50.429645+00
33	message	0001_initial	2025-05-06 21:04:50.559467+00
34	pages	0001_initial	2025-05-06 21:04:50.734496+00
35	sessions	0001_initial	2025-05-06 21:04:50.748752+00
36	params	0002_rename_typeuser_typeusager	2025-05-07 13:02:21.537415+00
37	entreprise	0003_alter_entreprise_siret	2025-05-07 13:49:43.252383+00
38	entreprise	0004_entreprise_marches_actuels_and_more	2025-05-08 13:15:50.38262+00
39	entreprise	0005_entreprise_fonction_representant	2025-05-08 13:15:50.420304+00
40	evenement	0003_alter_evenement_url_participer	2025-05-08 14:36:22.71808+00
41	entreprise	0006_alter_entreprise_marches_actuels_and_more	2025-05-08 19:00:05.312586+00
42	evenement	0004_inscriptionevenement_reminder_sent	2025-05-08 19:00:05.35173+00
43	notifications	0001_initial	2025-05-09 13:00:01.527247+00
44	notifications	0002_auto_20150224_1134	2025-05-09 13:00:01.655873+00
45	notifications	0003_notification_data	2025-05-09 13:00:01.690001+00
46	notifications	0004_auto_20150826_1508	2025-05-09 13:00:01.723344+00
47	notifications	0005_auto_20160504_1520	2025-05-09 13:00:01.758273+00
48	notifications	0006_indexes	2025-05-09 13:00:01.877232+00
49	notifications	0007_add_timestamp_index	2025-05-09 13:00:01.916892+00
50	notifications	0008_index_together_recipient_unread	2025-05-09 13:00:01.953683+00
51	notifications	0009_alter_notification_options_and_more	2025-05-09 13:00:02.634735+00
52	params	0003_multimedia	2025-05-09 17:19:28.550936+00
53	entreprise	0007_entreprise_multimedia	2025-05-09 17:19:28.678222+00
54	evenement	0005_evenement_multimedia_evenement_nombre_place	2025-05-09 17:19:28.76144+00
55	background_task	0001_initial	2025-05-09 18:12:00.474094+00
56	background_task	0002_auto_20170927_1109	2025-05-09 18:12:00.502854+00
57	background_task	0003_alter_completedtask_id_alter_task_id	2025-05-09 18:18:19.317957+00
58	accounts	0003_user_description	2025-05-09 21:14:35.858727+00
59	accounts	0004_user_multimedia	2025-05-09 21:14:36.01991+00
60	entreprise	0008_entreprise_email	2025-05-09 21:14:36.125098+00
61	message	0002_message_type	2025-05-09 21:14:36.228168+00
62	params	0004_contactpageparams	2025-05-12 21:07:12.241995+00
63	params	0005_rename_destinaire_contactpageparams_destinataire	2025-05-13 16:49:29.434899+00
64	pages	0002_rename_titre_partenaires_nom_and_more	2025-05-13 17:55:59.020487+00
65	pages	0003_partenaires_active	2025-05-13 18:04:22.733004+00
66	captcha	0001_initial	2025-05-13 20:47:50.38522+00
67	captcha	0002_alter_captchastore_id	2025-05-13 20:47:50.416813+00
68	accounts	0005_alter_user_description	2025-05-14 14:43:18.893349+00
69	accounts	0006_user_produits_service	2025-05-14 14:43:19.001844+00
70	entreprise	0009_entreprise_produits_service_and_more	2025-05-14 14:43:19.168688+00
71	entreprise	0010_alter_entreprise_produits_service	2025-05-14 14:43:19.267599+00
72	ressource	0002_remove_opportunite_region_cible_and_more	2025-05-14 14:43:19.559987+00
73	entreprise	0011_entreprise_code_postal_entreprise_ville	2025-05-16 13:42:30.316726+00
74	params	0006_alter_mission_options_alter_typeopportunite_options_and_more	2025-05-16 13:42:30.387759+00
75	ressource	0003_opportunite_secteur	2025-05-16 13:42:30.539074+00
76	params	0007_contactpageparams_assistance_immediate_and_more	2025-05-16 13:56:49.220184+00
77	evenement	0002_evenement_image_evenement_introduction	2025-05-20 16:21:19.771441+00
78	evenement	0003_alter_evenement_description_and_more	2025-05-20 16:21:19.943053+00
79	ressource	0004_opportunite_introduction_and_more	2025-05-20 18:35:43.02823+00
80	message	0003_alter_message_type	2025-05-21 13:12:58.787575+00
81	ressource	0005_opportunite_description_longue	2025-05-21 17:22:48.65363+00
\.


--
-- Data for Name: django_session; Type: TABLE DATA; Schema: public; Owner: oifadmin
--

COPY public.django_session (session_key, session_data, expire_date) FROM stdin;
pdf9jdgv972tomb6d4etkhm4u1xbl65h	.eJxVjDsOwjAUBO_iGlmx4_hDSc8ZrPV7Ng4gR8qnQtwdIqWAdmdmXyJiW2vcljzHkcVZKHH63RLokdsO-I52myRNbZ3HJHdFHnSR14nz83K4fwcVS_3WGLzqyIF9D-6Cd46YizXWmr5oz1ohEMjpQloNihlILtOgjUOw6MT7A-8IOFk:1uCPUn:5r-oXS1ntDbG6P616vd7vuNU-I_DVrk19yBygMW62Pw	2025-05-20 21:06:33.573152+00
cuvgywnwlcf6gw157jvyejf8ewexull2	.eJxVjDsOwjAUBO_iGlmx4_hDSc8ZrPV7Ng4gR8qnQtwdIqWAdmdmXyJiW2vcljzHkcVZKHH63RLokdsO-I52myRNbZ3HJHdFHnSR14nz83K4fwcVS_3WGLzqyIF9D-6Cd46YizXWmr5oz1ohEMjpQloNihlILtOgjUOw6MT7A-8IOFk:1uEsLS:bGFj5eyhysG3he0KMyg1-sNu2AZnLAExznCxW4j41e4	2025-05-27 16:19:06.448774+00
gvhk88hawohemfuqd3q7kpvsfkj75ji4	.eJxVjMsOwiAQRf-FtSEQXlOX7v0GMjCDVA0kpV0Z_12bdKHbe865LxFxW2vcBi9xJnEWRovT75gwP7jthO7Ybl3m3tZlTnJX5EGHvHbi5-Vw_w4qjvqtfWDtySoV1AQ2K86JOKOybACLKlA8FNTIGNg6COCMQzBMk0VTMIn3BxTsOMs:1uHOAG:JeUvIQldqu_LCFTsFzgvLVPYqvs-BInqh8yG-yGRPUY	2025-06-03 14:41:56.819287+00
0wu3omzbmpycmgx0n1w61sabza4xc0zk	.eJxVjDsOwjAUBO_iGlmx4_hDSc8ZrPV7Ng4gR8qnQtwdIqWAdmdmXyJiW2vcljzHkcVZKHH63RLokdsO-I52myRNbZ3HJHdFHnSR14nz83K4fwcVS_3WGLzqyIF9D-6Cd46YizXWmr5oz1ohEMjpQloNihlILtOgjUOw6MT7A-8IOFk:1uHQkO:fglRBzqnT9u4IlzsyTCurDsicqM3dP1jijD-K4XGYho	2025-06-03 17:27:24.614382+00
\.


--
-- Data for Name: django_site; Type: TABLE DATA; Schema: public; Owner: oifadmin
--

COPY public.django_site (id, domain, name) FROM stdin;
1	example.com	example.com
\.


--
-- Data for Name: entreprise_bureau; Type: TABLE DATA; Schema: public; Owner: oifadmin
--

COPY public.entreprise_bureau (id, nom, adresse, tel, siege_social, entreprise_id, pays_id, representant_id, secteur_id) FROM stdin;
\.


--
-- Data for Name: entreprise_bureau_tags; Type: TABLE DATA; Schema: public; Owner: oifadmin
--

COPY public.entreprise_bureau_tags (id, bureau_id, tag_id) FROM stdin;
\.


--
-- Data for Name: entreprise_communaute; Type: TABLE DATA; Schema: public; Owner: oifadmin
--

COPY public.entreprise_communaute (id, nom, description, est_approuve, date_creation, entreprise_id, proprietaire_id) FROM stdin;
\.


--
-- Data for Name: entreprise_documentverification; Type: TABLE DATA; Schema: public; Owner: oifadmin
--

COPY public.entreprise_documentverification (id, fichier, date_soumission, valide, entreprise_id, type_document_id) FROM stdin;
\.


--
-- Data for Name: entreprise_entreprise; Type: TABLE DATA; Schema: public; Owner: oifadmin
--

COPY public.entreprise_entreprise (id, raison_sociale, siret, effectif, description, site_web, score_maturite, type_org, adresse, telephone, logo, annee_creation, participation_missions, chiffre_affaires_id, experience_internationale_id, forme_juridique_id, pays_origine_id, taille_id, user_id, verification_statut_id, fonction_representant, email, produits_service, code_postal, ville) FROM stdin;
1	BarkAllah Soumaya	12345	234		\N	\N	ENT		\N		\N	f	\N	\N	\N	\N	\N	1	\N	\N	\N	\N	\N	\N
5	Amnisitie Internationale	\N	\N		\N	\N	ORG		\N		\N	f	\N	\N	\N	\N	\N	31	\N	\N	\N		\N	\N
\.


--
-- Data for Name: entreprise_entreprise_marche_cibles; Type: TABLE DATA; Schema: public; Owner: oifadmin
--

COPY public.entreprise_entreprise_marche_cibles (id, entreprise_id, pays_id) FROM stdin;
1	5	3
\.


--
-- Data for Name: entreprise_entreprise_marches_actuels; Type: TABLE DATA; Schema: public; Owner: oifadmin
--

COPY public.entreprise_entreprise_marches_actuels (id, entreprise_id, pays_id) FROM stdin;
1	5	6
\.


--
-- Data for Name: entreprise_entreprise_missions_participes; Type: TABLE DATA; Schema: public; Owner: oifadmin
--

COPY public.entreprise_entreprise_missions_participes (id, entreprise_id, mission_id) FROM stdin;
\.


--
-- Data for Name: entreprise_entreprise_multimedia; Type: TABLE DATA; Schema: public; Owner: oifadmin
--

COPY public.entreprise_entreprise_multimedia (id, entreprise_id, multimedia_id) FROM stdin;
\.


--
-- Data for Name: entreprise_entreprise_objectifs; Type: TABLE DATA; Schema: public; Owner: oifadmin
--

COPY public.entreprise_entreprise_objectifs (id, entreprise_id, objectif_id) FROM stdin;
\.


--
-- Data for Name: entreprise_entreprise_secteurs; Type: TABLE DATA; Schema: public; Owner: oifadmin
--

COPY public.entreprise_entreprise_secteurs (id, entreprise_id, secteur_id) FROM stdin;
1	1	1
5	5	1
\.


--
-- Data for Name: entreprise_entreprise_tags; Type: TABLE DATA; Schema: public; Owner: oifadmin
--

COPY public.entreprise_entreprise_tags (id, entreprise_id, tag_id) FROM stdin;
\.


--
-- Data for Name: entreprise_membrecommunaute; Type: TABLE DATA; Schema: public; Owner: oifadmin
--

COPY public.entreprise_membrecommunaute (id, role, date_adhesion, est_approuve, communaute_id, utilisateur_id) FROM stdin;
\.


--
-- Data for Name: evenement_bloccontenu; Type: TABLE DATA; Schema: public; Owner: oifadmin
--

COPY public.evenement_bloccontenu (id, titre, description, type, contenu_texte, image, video, url_video, url_externe, code_embed, ordre, mission_id) FROM stdin;
\.


--
-- Data for Name: evenement_evenement; Type: TABLE DATA; Schema: public; Owner: oifadmin
--

COPY public.evenement_evenement (id, titre, description, date_debut, date_fin, lieu, en_ligne, url_participer, organisateur_id, type_evenement_id, nombre_place, image, introduction) FROM stdin;
1	Paul à la place des arts		2025-05-15 19:00:33+00	\N	Place des arts	f	\N	1	1	355		
\.


--
-- Data for Name: evenement_evenement_multimedia; Type: TABLE DATA; Schema: public; Owner: oifadmin
--

COPY public.evenement_evenement_multimedia (id, evenement_id, multimedia_id) FROM stdin;
\.


--
-- Data for Name: evenement_evenement_pays_concernees; Type: TABLE DATA; Schema: public; Owner: oifadmin
--

COPY public.evenement_evenement_pays_concernees (id, evenement_id, pays_id) FROM stdin;
\.


--
-- Data for Name: evenement_evenement_secteur_concernees; Type: TABLE DATA; Schema: public; Owner: oifadmin
--

COPY public.evenement_evenement_secteur_concernees (id, evenement_id, secteur_id) FROM stdin;
\.


--
-- Data for Name: evenement_evenement_tags; Type: TABLE DATA; Schema: public; Owner: oifadmin
--

COPY public.evenement_evenement_tags (id, evenement_id, tag_id) FROM stdin;
\.


--
-- Data for Name: evenement_inscriptionevenement; Type: TABLE DATA; Schema: public; Owner: oifadmin
--

COPY public.evenement_inscriptionevenement (id, date_inscription, statut, evenement_id, utilisateur_id, reminder_sent) FROM stdin;
2	2025-05-09 18:40:21.632554+00	CONFIRME	1	31	t
\.


--
-- Data for Name: evenement_missioneconomique; Type: TABLE DATA; Schema: public; Owner: oifadmin
--

COPY public.evenement_missioneconomique (id, titre, sous_titre, description, date_debut, date_fin, illustration, is_featured, slug, pays_id, secteur_id) FROM stdin;
\.


--
-- Data for Name: evenement_missionstat; Type: TABLE DATA; Schema: public; Owner: oifadmin
--

COPY public.evenement_missionstat (id, label, value, mission_id) FROM stdin;
\.


--
-- Data for Name: evenement_temoignage; Type: TABLE DATA; Schema: public; Owner: oifadmin
--

COPY public.evenement_temoignage (id, auteur, fonction, contenu, photo, auteur_user_id, mission_id, organisation_id, pays_id) FROM stdin;
\.


--
-- Data for Name: extension_cours; Type: TABLE DATA; Schema: public; Owner: oifadmin
--

COPY public.extension_cours (id, titre, description, fichier, date_creation, instructeur_id) FROM stdin;
\.


--
-- Data for Name: extension_cours_participants; Type: TABLE DATA; Schema: public; Owner: oifadmin
--

COPY public.extension_cours_participants (id, cours_id, user_id) FROM stdin;
\.


--
-- Data for Name: extension_cours_pays; Type: TABLE DATA; Schema: public; Owner: oifadmin
--

COPY public.extension_cours_pays (id, cours_id, pays_id) FROM stdin;
\.


--
-- Data for Name: extension_cours_secteurs; Type: TABLE DATA; Schema: public; Owner: oifadmin
--

COPY public.extension_cours_secteurs (id, cours_id, secteur_id) FROM stdin;
\.


--
-- Data for Name: extension_cours_tags; Type: TABLE DATA; Schema: public; Owner: oifadmin
--

COPY public.extension_cours_tags (id, cours_id, tag_id) FROM stdin;
\.


--
-- Data for Name: extension_marketplace; Type: TABLE DATA; Schema: public; Owner: oifadmin
--

COPY public.extension_marketplace (id, titre, description, prix, date_ajout, categorie, valide, vendeur_id) FROM stdin;
\.


--
-- Data for Name: extension_marketplace_tags; Type: TABLE DATA; Schema: public; Owner: oifadmin
--

COPY public.extension_marketplace_tags (id, marketplace_id, tag_id) FROM stdin;
\.


--
-- Data for Name: message_discussion; Type: TABLE DATA; Schema: public; Owner: oifadmin
--

COPY public.message_discussion (id, sujet, contenu, date_creation, date_modification, est_approuve, auteur_id, communaute_id, entreprise_id, parent_id) FROM stdin;
\.


--
-- Data for Name: message_matchmaking; Type: TABLE DATA; Schema: public; Owner: oifadmin
--

COPY public.message_matchmaking (id, score_affinite, date_match, user1_id, user2_id) FROM stdin;
\.


--
-- Data for Name: message_message; Type: TABLE DATA; Schema: public; Owner: oifadmin
--

COPY public.message_message (id, contenu, date_envoye, lu, innapropriate, discussion_id, parent_id, receiver_id, sender_id, type) FROM stdin;
13	Enfoiré !	2025-05-21 13:40:45.671066+00	f	f	\N	\N	1	31	affaire
14	Enfoiré !	2025-05-21 13:41:00.466691+00	f	f	\N	\N	31	31	personnel
\.


--
-- Data for Name: notifications_notification; Type: TABLE DATA; Schema: public; Owner: oifadmin
--

COPY public.notifications_notification (id, level, unread, actor_object_id, verb, description, target_object_id, action_object_object_id, "timestamp", public, action_object_content_type_id, actor_content_type_id, recipient_id, target_content_type_id, deleted, emailed, data) FROM stdin;
1	info	f	1	A subject	Hello Karim !	\N	\N	2025-05-09 13:00:05+00	t	\N	29	1	\N	f	f	\N
\.


--
-- Data for Name: pages_bloc; Type: TABLE DATA; Schema: public; Owner: oifadmin
--

COPY public.pages_bloc (id, titre) FROM stdin;
\.


--
-- Data for Name: pages_custompage; Type: TABLE DATA; Schema: public; Owner: oifadmin
--

COPY public.pages_custompage (flatpage_ptr_id, content_html, bloc_id) FROM stdin;
\.


--
-- Data for Name: pages_media; Type: TABLE DATA; Schema: public; Owner: oifadmin
--

COPY public.pages_media (id, image, page_id) FROM stdin;
\.


--
-- Data for Name: pages_partenaires; Type: TABLE DATA; Schema: public; Owner: oifadmin
--

COPY public.pages_partenaires (id, nom, logo, site_web, active) FROM stdin;
1	IBM	item_horizontal_with_1852881195.jpeg	https://www.ibm.com	t
\.


--
-- Data for Name: pages_tile; Type: TABLE DATA; Schema: public; Owner: oifadmin
--

COPY public.pages_tile (id, content_html, image, bloc_id) FROM stdin;
\.


--
-- Data for Name: pages_url; Type: TABLE DATA; Schema: public; Owner: oifadmin
--

COPY public.pages_url (id, url, url_texte, tile_id) FROM stdin;
\.


--
-- Data for Name: params_agerange; Type: TABLE DATA; Schema: public; Owner: oifadmin
--

COPY public.params_agerange (id, libelle) FROM stdin;
1	Plus de 35 ans
2	Moins de 35 ans
\.


--
-- Data for Name: params_categoriequestion; Type: TABLE DATA; Schema: public; Owner: oifadmin
--

COPY public.params_categoriequestion (id, libelle, ordre) FROM stdin;
1	Engagement	1
2	Marchés	2
3	Ressources financières et humaines	3
4	Production et vente	4
5	Mise en route	5
\.


--
-- Data for Name: params_chiffreaffaires; Type: TABLE DATA; Schema: public; Owner: oifadmin
--

COPY public.params_chiffreaffaires (id, libelle) FROM stdin;
\.


--
-- Data for Name: params_contactpageparams; Type: TABLE DATA; Schema: public; Owner: oifadmin
--

COPY public.params_contactpageparams (id, destinataire, adresse, image, assistance_immediate, confidentialite, email, entreprise, introduction, message, nom, prenom, telephone) FROM stdin;
1	info@oifmef.info	Organisation internationale de la Francophonie\r\n19-21 avenue Bosquet • 75007 Paris (France)\r\nTéléphone (33) 1 44 37 33 00	karim_6ZLLI3K.jpg	<h2 id="help-heading" class="text-xl font-medium text-black mb-2">Besoin d&rsquo;une assistance imm&eacute;diate ?</h2>\r\n<p class="text-gray-700 mb-4">Consultez notre page d&eacute;di&eacute;e aux questions fr&eacute;quemment pos&eacute;es (FAQ) &nbsp;ou &eacute;changez avec&nbsp;&nbsp; notre support via le la messagerie en ligne disponible sur la plateforme.</p>	J'accepte la politique de confidentialité	Email	Entreprise	<p>Veuillez communiquer avec nous</p>	Objet de votre demande	Nom de famille	Prénom	Numéro de téléphone
\.


--
-- Data for Name: params_experienceinternationale; Type: TABLE DATA; Schema: public; Owner: oifadmin
--

COPY public.params_experienceinternationale (id, libelle) FROM stdin;
\.


--
-- Data for Name: params_formejuridique; Type: TABLE DATA; Schema: public; Owner: oifadmin
--

COPY public.params_formejuridique (id, libelle) FROM stdin;
\.


--
-- Data for Name: params_mission; Type: TABLE DATA; Schema: public; Owner: oifadmin
--

COPY public.params_mission (id, libelle) FROM stdin;
\.


--
-- Data for Name: params_multimedia; Type: TABLE DATA; Schema: public; Owner: oifadmin
--

COPY public.params_multimedia (id, titre, description, date, type, image, video, documents, lien, ordre) FROM stdin;
\.


--
-- Data for Name: params_objectif; Type: TABLE DATA; Schema: public; Owner: oifadmin
--

COPY public.params_objectif (id, libelle) FROM stdin;
\.


--
-- Data for Name: params_pays; Type: TABLE DATA; Schema: public; Owner: oifadmin
--

COPY public.params_pays (id, nom, code_iso, monnaie, regime_fiscal) FROM stdin;
1	Afghanistan	AF		
2	Afrique du Sud	ZA		
3	Albanie	AL		
4	Algérie	DZ		
5	Allemagne	DE		
6	Andorre	AD		
7	Angola	AO		
8	Anguilla	AI		
9	Antarctique	AQ		
10	Antigua-et-Barbuda	AG		
11	Arabie Saoudite	SA		
12	Argentine	AR		
13	Arménie	AM		
14	Aruba	AW		
15	Australie	AU		
16	Autriche	AT		
17	Azerbaïdjan	AZ		
18	Bahamas	BS		
19	Bahreïn	BH		
20	Bangladesh	BD		
21	Barbade	BB		
22	Belgique	BE		
23	Bélize	BZ		
24	Bénin	BJ		
25	Bermudes	BM		
26	Bhoutan	BT		
27	Biélorussie	BY		
28	Birmanie	MM		
29	Bolivie	BO		
30	Bonaire, Saint Eustache et Saba	BQ		
31	Bosnie-Herzégovine	BA		
32	Botswana	BW		
33	Brésil	BR		
34	Brunei	BN		
35	Bulgarie	BG		
36	Burkina Faso	BF		
37	Burundi	BI		
38	Cabo Verde	CV		
39	Cambodge	KH		
40	Cameroun	CM		
41	Canada	CA		
42	Chili	CL		
43	Chine	CN		
44	Chypre	CY		
45	Colombie	CO		
46	Congo	CG		
47	Corée du Nord	KP		
48	Corée du Sud	KR		
49	Costa Rica	CR		
50	Côte d'Ivoire	CI		
51	Croatie	HR		
52	Cuba	CU		
53	Curaçao	CW		
54	Danemark	DK		
55	Djibouti	DJ		
56	Dominique	DM		
57	Égypte	EG		
58	Émirats arabes unis	AE		
59	Équateur	EC		
60	Érythrée	ER		
61	Espagne	ES		
62	Estonie	EE		
63	Eswatini (République d')	SZ		
64	États-Unis d'Amérique	US		
65	Éthiopie	ET		
66	Fidji	FJ		
67	Finlande	FI		
68	France	FR		
69	Gabon	GA		
70	Gambie	GM		
71	Géorgie	GE		
72	Géorgie du Sud-et-les Îles Sandwich du Sud	GS		
73	Ghana	GH		
74	Gibraltar	GI		
75	Grèce	GR		
76	Grenade	GD		
77	Groenland	GL		
78	Guadeloupe	GP		
79	Guam	GU		
80	Guatémala	GT		
81	Guernesey	GG		
82	Guinée	GN		
83	Guinée équatoriale	GQ		
84	Guinée-Bissau	GW		
85	Guyane	GY		
86	Guyane française	GF		
87	Haïti	HT		
88	Honduras	HN		
89	Hong Kong	HK		
90	Hongrie	HU		
91	Île Bouvet	BV		
92	Île Christmas	CX		
93	Île Jan Mayen	SJ		
94	Île Norfolk	NF		
95	Île Pitcairn	PN		
96	Île de Man	IM		
97	Îles Åland	AX		
98	Îles Caïmans	KY		
99	Îles Cocos	CC		
100	Îles Cook	CK		
101	Îles Féroé	FO		
102	Îles Heard-et-MacDonald	HM		
103	Îles Malouines	FK		
104	Îles Mariannes du Nord	MP		
105	Îles Marshal	MH		
106	Îles Turques-et-Caïques	TC		
107	Îles Vierges britanniques	VG		
108	Îles Vierges des États-Unis	VI		
109	Îles mineures éloignées des États-Unis	UM		
110	Inde	IN		
111	Indonésie	ID		
112	Irak	IQ		
113	Iran	IR		
114	Irlande	IE		
115	Islande	IS		
116	Israël	IL		
117	Italie	IT		
118	Jamaïque	JM		
119	Japon	JP		
120	Jersey	JE		
121	Jordanie	JO		
122	Kazakhstan	KZ		
123	Kenya	KE		
124	Kirghizistan	KG		
125	Kiribati	KI		
126	Kosovo	XK		
127	Koweït	KW		
128	Laos	LA		
129	Lesotho	LS		
130	Lettonie	LV		
131	Liban	LB		
132	Libéria	LR		
133	Libye	LY		
134	Liechtenstein	LI		
135	Lituanie	LT		
136	Luxembourg	LU		
137	Macao	MO		
138	Madagascar	MG		
139	Malaisie	MY		
140	Malawi	MW		
141	Maldives	MV		
142	Mali	ML		
143	Malte	MT		
144	Maroc	MA		
145	Martinique	MQ		
146	Maurice	MU		
147	Mauritanie	MR		
148	Mayotte	YT		
149	Mexique	MX		
150	Micronésie (États Fédérés de)	FM		
151	Moldavie	MD		
152	Monaco	MC		
153	Mongolie	MN		
154	Monténégro	ME		
155	Montserrat	MS		
156	Mozambique	MZ		
157	Namibie	NA		
158	Nauru	NR		
159	Népal	NP		
160	Nicaragua	NI		
161	Niger	NE		
162	Nigeria	NG		
163	Niue	NU		
164	Norvège	NO		
165	Nouvelle-Calédonie	NC		
166	Nouvelle-Zélande	NZ		
167	Oman	OM		
168	Ouganda	UG		
169	Ouzbékistan	UZ		
170	Pakistan	PK		
171	Palaos	PW		
172	Palestine	PS		
173	Panama	PA		
174	Papouasie-Nouvelle-Guinée	PG		
175	Paraguay	PY		
176	Pays-Bas	NL		
177	Pérou	PE		
178	Philippines	PH		
179	Pologne	PL		
180	Polynésie française	PF		
181	Porto Rico	PR		
182	Portugal	PT		
183	Qatar	QA		
184	République centrafricaine	CF		
185	République de Macédoine du Nord	MK		
186	République démocratique du Congo	CD		
187	République dominicaine	DO		
188	République tchèque	CZ		
189	Réunion, La	RE		
190	Roumanie	RO		
191	Royaume-Uni	GB		
192	Russie	RU		
193	Rwanda	RW		
194	Sahara occidental	EH		
195	Saint Barthélemy	BL		
196	Saint-Christophe-et-Niévès	KN		
197	Saint-Marin	SM		
198	Saint-Martin (Antilles françaises)	MF		
199	Saint-Martin (Royaume des Pays-Bas)	SX		
200	Saint-Pierre-et-Miquelon	PM		
201	Saint-Siège	VA		
202	Saint-Vincent-et-les-Grenadines	VC		
203	Sainte-Hélène, Ascension et Tristan da Cunha	SH		
204	Sainte-Lucie	LC		
205	Salomon	SB		
206	Salvador	SV		
207	Samoa	WS		
208	Samoa américaines	AS		
209	Sao Tomé-et-Principe	ST		
210	Sénégal	SN		
211	Serbie	RS		
212	Seychelles	SC		
213	Sierra Leone	SL		
214	Singapour	SG		
215	Slovaquie	SK		
216	Slovénie	SI		
217	Somalie	SO		
218	Soudan	SD		
219	Soudan du Sud	SS		
220	Sri Lanka	LK		
221	Suède	SE		
222	Suisse	CH		
223	Suriname	SR		
224	Syrie	SY		
225	Tadjikistan	TJ		
226	Taïwan	TW		
227	Tanzanie	TZ		
228	Tchad	TD		
229	Terres australes et antarctiques françaises	TF		
230	Territoire britannique de l'océan Indien	IO		
231	Thaïlande	TH		
232	Timor Oriental	TL		
233	Togo	TG		
234	Tokelau	TK		
235	Tonga	TO		
236	Trinidad et Tobago	TT		
237	Tunisie	TN		
238	Turkménistan	TM		
239	Turquie	TR		
240	Tuvalu	TV		
241	Ukraine	UA		
242	Union des Comores	KM		
243	Uruguay	UY		
244	Vanuatu	VU		
245	Venezuela	VE		
246	Viêt Nam	VN		
247	Wallis et Futuna	WF		
248	Yémen	YE		
249	Zambie	ZM		
250	Zimbabwe	ZW		
\.


--
-- Data for Name: params_regioncible; Type: TABLE DATA; Schema: public; Owner: oifadmin
--

COPY public.params_regioncible (id, libelle) FROM stdin;
\.


--
-- Data for Name: params_secteur; Type: TABLE DATA; Schema: public; Owner: oifadmin
--

COPY public.params_secteur (id, nom, code_naf, parent_id) FROM stdin;
1	Accompagnement des entreprises	accompagne	\N
\.


--
-- Data for Name: params_sexe; Type: TABLE DATA; Schema: public; Owner: oifadmin
--

COPY public.params_sexe (id, libelle) FROM stdin;
2	Femme
1	Homme
\.


--
-- Data for Name: params_stattype; Type: TABLE DATA; Schema: public; Owner: oifadmin
--

COPY public.params_stattype (id, libelle) FROM stdin;
\.


--
-- Data for Name: params_statutopportunite; Type: TABLE DATA; Schema: public; Owner: oifadmin
--

COPY public.params_statutopportunite (id, libelle) FROM stdin;
\.


--
-- Data for Name: params_tag; Type: TABLE DATA; Schema: public; Owner: oifadmin
--

COPY public.params_tag (id, nom) FROM stdin;
\.


--
-- Data for Name: params_taille; Type: TABLE DATA; Schema: public; Owner: oifadmin
--

COPY public.params_taille (id, libelle) FROM stdin;
\.


--
-- Data for Name: params_typedocument; Type: TABLE DATA; Schema: public; Owner: oifadmin
--

COPY public.params_typedocument (id, libelle) FROM stdin;
\.


--
-- Data for Name: params_typeevenement; Type: TABLE DATA; Schema: public; Owner: oifadmin
--

COPY public.params_typeevenement (id, libelle) FROM stdin;
1	concert
\.


--
-- Data for Name: params_typeopportunite; Type: TABLE DATA; Schema: public; Owner: oifadmin
--

COPY public.params_typeopportunite (id, libelle) FROM stdin;
1	Production
\.


--
-- Data for Name: params_typeressource; Type: TABLE DATA; Schema: public; Owner: oifadmin
--

COPY public.params_typeressource (id, libelle) FROM stdin;
\.


--
-- Data for Name: params_typeusager; Type: TABLE DATA; Schema: public; Owner: oifadmin
--

COPY public.params_typeusager (id, libelle, code, user_group_id) FROM stdin;
1	Administrateur	ADMIN	\N
2	Expert	EXP	\N
3	Représentant d'organisme	ORG	\N
\.


--
-- Data for Name: params_verificationstatut; Type: TABLE DATA; Schema: public; Owner: oifadmin
--

COPY public.params_verificationstatut (id, libelle) FROM stdin;
\.


--
-- Data for Name: ressource_opportunite; Type: TABLE DATA; Schema: public; Owner: oifadmin
--

COPY public.ressource_opportunite (id, titre, description, pays_cible_id, date_debut, date_fin, documents_joints, commentaires_additionnels, accord_confidentialite, entreprise_id, statut_id, type_opportunite_id, utilisateur_id, secteur_id, introduction, description_longue) FROM stdin;
1	Soumaya inc.	<p>YES</p>	1	\N	\N			f	5	\N	1	31	1	<p>YES</p>	
\.


--
-- Data for Name: ressource_opportunite_mots_cles; Type: TABLE DATA; Schema: public; Owner: oifadmin
--

COPY public.ressource_opportunite_mots_cles (id, opportunite_id, tag_id) FROM stdin;
\.


--
-- Data for Name: ressource_ressource; Type: TABLE DATA; Schema: public; Owner: oifadmin
--

COPY public.ressource_ressource (id, titre, description, fichier, date_ajout, acces_restreint, contributeur_id, type_ressource_id) FROM stdin;
1	Communites Bloc	rertert		2025-05-08 15:19:25.088863+00	f	\N	\N
\.


--
-- Data for Name: ressource_ressource_mots_cles; Type: TABLE DATA; Schema: public; Owner: oifadmin
--

COPY public.ressource_ressource_mots_cles (id, ressource_id, tag_id) FROM stdin;
\.


--
-- Data for Name: ressource_ressource_pays; Type: TABLE DATA; Schema: public; Owner: oifadmin
--

COPY public.ressource_ressource_pays (id, ressource_id, pays_id) FROM stdin;
\.


--
-- Data for Name: ressource_ressource_secteurs; Type: TABLE DATA; Schema: public; Owner: oifadmin
--

COPY public.ressource_ressource_secteurs (id, ressource_id, secteur_id) FROM stdin;
\.


--
-- Name: accounts_favorite_id_seq; Type: SEQUENCE SET; Schema: public; Owner: oifadmin
--

SELECT pg_catalog.setval('public.accounts_favorite_id_seq', 1, false);


--
-- Name: accounts_user_groups_id_seq; Type: SEQUENCE SET; Schema: public; Owner: oifadmin
--

SELECT pg_catalog.setval('public.accounts_user_groups_id_seq', 1, false);


--
-- Name: accounts_user_id_seq; Type: SEQUENCE SET; Schema: public; Owner: oifadmin
--

SELECT pg_catalog.setval('public.accounts_user_id_seq', 31, true);


--
-- Name: accounts_user_multimedia_id_seq; Type: SEQUENCE SET; Schema: public; Owner: oifadmin
--

SELECT pg_catalog.setval('public.accounts_user_multimedia_id_seq', 1, false);


--
-- Name: accounts_user_secteurs_id_seq; Type: SEQUENCE SET; Schema: public; Owner: oifadmin
--

SELECT pg_catalog.setval('public.accounts_user_secteurs_id_seq', 1, true);


--
-- Name: accounts_user_user_permissions_id_seq; Type: SEQUENCE SET; Schema: public; Owner: oifadmin
--

SELECT pg_catalog.setval('public.accounts_user_user_permissions_id_seq', 1, false);


--
-- Name: analyses_autodiaganswer_id_seq; Type: SEQUENCE SET; Schema: public; Owner: oifadmin
--

SELECT pg_catalog.setval('public.analyses_autodiaganswer_id_seq', 80, true);


--
-- Name: analyses_autodiagcomment_id_seq; Type: SEQUENCE SET; Schema: public; Owner: oifadmin
--

SELECT pg_catalog.setval('public.analyses_autodiagcomment_id_seq', 40, true);


--
-- Name: analyses_autodiagquestion_id_seq; Type: SEQUENCE SET; Schema: public; Owner: oifadmin
--

SELECT pg_catalog.setval('public.analyses_autodiagquestion_id_seq', 20, true);


--
-- Name: analyses_autodiagsession_id_seq; Type: SEQUENCE SET; Schema: public; Owner: oifadmin
--

SELECT pg_catalog.setval('public.analyses_autodiagsession_id_seq', 1, false);


--
-- Name: analyses_autodiaguserresponse_id_seq; Type: SEQUENCE SET; Schema: public; Owner: oifadmin
--

SELECT pg_catalog.setval('public.analyses_autodiaguserresponse_id_seq', 1, false);


--
-- Name: analyses_statistiqueutilisateur_id_seq; Type: SEQUENCE SET; Schema: public; Owner: oifadmin
--

SELECT pg_catalog.setval('public.analyses_statistiqueutilisateur_id_seq', 1, false);


--
-- Name: auth_group_id_seq; Type: SEQUENCE SET; Schema: public; Owner: oifadmin
--

SELECT pg_catalog.setval('public.auth_group_id_seq', 1, false);


--
-- Name: auth_group_permissions_id_seq; Type: SEQUENCE SET; Schema: public; Owner: oifadmin
--

SELECT pg_catalog.setval('public.auth_group_permissions_id_seq', 1, false);


--
-- Name: auth_permission_id_seq; Type: SEQUENCE SET; Schema: public; Owner: oifadmin
--

SELECT pg_catalog.setval('public.auth_permission_id_seq', 271, true);


--
-- Name: background_task_completedtask_id_seq; Type: SEQUENCE SET; Schema: public; Owner: oifadmin
--

SELECT pg_catalog.setval('public.background_task_completedtask_id_seq', 1, false);


--
-- Name: background_task_id_seq; Type: SEQUENCE SET; Schema: public; Owner: oifadmin
--

SELECT pg_catalog.setval('public.background_task_id_seq', 8, true);


--
-- Name: betterFlatPages_flatpage_id_seq; Type: SEQUENCE SET; Schema: public; Owner: oifadmin
--

SELECT pg_catalog.setval('public."betterFlatPages_flatpage_id_seq"', 1, false);


--
-- Name: betterFlatPages_flatpage_sites_id_seq; Type: SEQUENCE SET; Schema: public; Owner: oifadmin
--

SELECT pg_catalog.setval('public."betterFlatPages_flatpage_sites_id_seq"', 1, false);


--
-- Name: captcha_captchastore_id_seq; Type: SEQUENCE SET; Schema: public; Owner: oifadmin
--

SELECT pg_catalog.setval('public.captcha_captchastore_id_seq', 1, false);


--
-- Name: django_admin_log_id_seq; Type: SEQUENCE SET; Schema: public; Owner: oifadmin
--

SELECT pg_catalog.setval('public.django_admin_log_id_seq', 86, true);


--
-- Name: django_content_type_id_seq; Type: SEQUENCE SET; Schema: public; Owner: oifadmin
--

SELECT pg_catalog.setval('public.django_content_type_id_seq', 66, true);


--
-- Name: django_migrations_id_seq; Type: SEQUENCE SET; Schema: public; Owner: oifadmin
--

SELECT pg_catalog.setval('public.django_migrations_id_seq', 81, true);


--
-- Name: django_site_id_seq; Type: SEQUENCE SET; Schema: public; Owner: oifadmin
--

SELECT pg_catalog.setval('public.django_site_id_seq', 1, true);


--
-- Name: entreprise_bureau_id_seq; Type: SEQUENCE SET; Schema: public; Owner: oifadmin
--

SELECT pg_catalog.setval('public.entreprise_bureau_id_seq', 1, false);


--
-- Name: entreprise_bureau_tags_id_seq; Type: SEQUENCE SET; Schema: public; Owner: oifadmin
--

SELECT pg_catalog.setval('public.entreprise_bureau_tags_id_seq', 1, false);


--
-- Name: entreprise_communaute_id_seq; Type: SEQUENCE SET; Schema: public; Owner: oifadmin
--

SELECT pg_catalog.setval('public.entreprise_communaute_id_seq', 1, false);


--
-- Name: entreprise_documentverification_id_seq; Type: SEQUENCE SET; Schema: public; Owner: oifadmin
--

SELECT pg_catalog.setval('public.entreprise_documentverification_id_seq', 1, false);


--
-- Name: entreprise_entreprise_id_seq; Type: SEQUENCE SET; Schema: public; Owner: oifadmin
--

SELECT pg_catalog.setval('public.entreprise_entreprise_id_seq', 5, true);


--
-- Name: entreprise_entreprise_marche_cibles_id_seq; Type: SEQUENCE SET; Schema: public; Owner: oifadmin
--

SELECT pg_catalog.setval('public.entreprise_entreprise_marche_cibles_id_seq', 1, true);


--
-- Name: entreprise_entreprise_marches_actuels_id_seq; Type: SEQUENCE SET; Schema: public; Owner: oifadmin
--

SELECT pg_catalog.setval('public.entreprise_entreprise_marches_actuels_id_seq', 1, true);


--
-- Name: entreprise_entreprise_missions_participes_id_seq; Type: SEQUENCE SET; Schema: public; Owner: oifadmin
--

SELECT pg_catalog.setval('public.entreprise_entreprise_missions_participes_id_seq', 1, false);


--
-- Name: entreprise_entreprise_multimedia_id_seq; Type: SEQUENCE SET; Schema: public; Owner: oifadmin
--

SELECT pg_catalog.setval('public.entreprise_entreprise_multimedia_id_seq', 1, false);


--
-- Name: entreprise_entreprise_objectifs_id_seq; Type: SEQUENCE SET; Schema: public; Owner: oifadmin
--

SELECT pg_catalog.setval('public.entreprise_entreprise_objectifs_id_seq', 1, false);


--
-- Name: entreprise_entreprise_secteurs_id_seq; Type: SEQUENCE SET; Schema: public; Owner: oifadmin
--

SELECT pg_catalog.setval('public.entreprise_entreprise_secteurs_id_seq', 5, true);


--
-- Name: entreprise_entreprise_tags_id_seq; Type: SEQUENCE SET; Schema: public; Owner: oifadmin
--

SELECT pg_catalog.setval('public.entreprise_entreprise_tags_id_seq', 1, false);


--
-- Name: entreprise_membrecommunaute_id_seq; Type: SEQUENCE SET; Schema: public; Owner: oifadmin
--

SELECT pg_catalog.setval('public.entreprise_membrecommunaute_id_seq', 1, false);


--
-- Name: evenement_bloccontenu_id_seq; Type: SEQUENCE SET; Schema: public; Owner: oifadmin
--

SELECT pg_catalog.setval('public.evenement_bloccontenu_id_seq', 1, false);


--
-- Name: evenement_evenement_id_seq; Type: SEQUENCE SET; Schema: public; Owner: oifadmin
--

SELECT pg_catalog.setval('public.evenement_evenement_id_seq', 1, true);


--
-- Name: evenement_evenement_multimedia_id_seq; Type: SEQUENCE SET; Schema: public; Owner: oifadmin
--

SELECT pg_catalog.setval('public.evenement_evenement_multimedia_id_seq', 1, false);


--
-- Name: evenement_evenement_pays_concernees_id_seq; Type: SEQUENCE SET; Schema: public; Owner: oifadmin
--

SELECT pg_catalog.setval('public.evenement_evenement_pays_concernees_id_seq', 1, false);


--
-- Name: evenement_evenement_secteur_concernees_id_seq; Type: SEQUENCE SET; Schema: public; Owner: oifadmin
--

SELECT pg_catalog.setval('public.evenement_evenement_secteur_concernees_id_seq', 1, false);


--
-- Name: evenement_evenement_tags_id_seq; Type: SEQUENCE SET; Schema: public; Owner: oifadmin
--

SELECT pg_catalog.setval('public.evenement_evenement_tags_id_seq', 1, false);


--
-- Name: evenement_inscriptionevenement_id_seq; Type: SEQUENCE SET; Schema: public; Owner: oifadmin
--

SELECT pg_catalog.setval('public.evenement_inscriptionevenement_id_seq', 2, true);


--
-- Name: evenement_missioneconomique_id_seq; Type: SEQUENCE SET; Schema: public; Owner: oifadmin
--

SELECT pg_catalog.setval('public.evenement_missioneconomique_id_seq', 1, false);


--
-- Name: evenement_missionstat_id_seq; Type: SEQUENCE SET; Schema: public; Owner: oifadmin
--

SELECT pg_catalog.setval('public.evenement_missionstat_id_seq', 1, false);


--
-- Name: evenement_temoignage_id_seq; Type: SEQUENCE SET; Schema: public; Owner: oifadmin
--

SELECT pg_catalog.setval('public.evenement_temoignage_id_seq', 1, false);


--
-- Name: extension_cours_id_seq; Type: SEQUENCE SET; Schema: public; Owner: oifadmin
--

SELECT pg_catalog.setval('public.extension_cours_id_seq', 1, false);


--
-- Name: extension_cours_participants_id_seq; Type: SEQUENCE SET; Schema: public; Owner: oifadmin
--

SELECT pg_catalog.setval('public.extension_cours_participants_id_seq', 1, false);


--
-- Name: extension_cours_pays_id_seq; Type: SEQUENCE SET; Schema: public; Owner: oifadmin
--

SELECT pg_catalog.setval('public.extension_cours_pays_id_seq', 1, false);


--
-- Name: extension_cours_secteurs_id_seq; Type: SEQUENCE SET; Schema: public; Owner: oifadmin
--

SELECT pg_catalog.setval('public.extension_cours_secteurs_id_seq', 1, false);


--
-- Name: extension_cours_tags_id_seq; Type: SEQUENCE SET; Schema: public; Owner: oifadmin
--

SELECT pg_catalog.setval('public.extension_cours_tags_id_seq', 1, false);


--
-- Name: extension_marketplace_id_seq; Type: SEQUENCE SET; Schema: public; Owner: oifadmin
--

SELECT pg_catalog.setval('public.extension_marketplace_id_seq', 1, false);


--
-- Name: extension_marketplace_tags_id_seq; Type: SEQUENCE SET; Schema: public; Owner: oifadmin
--

SELECT pg_catalog.setval('public.extension_marketplace_tags_id_seq', 1, false);


--
-- Name: message_discussion_id_seq; Type: SEQUENCE SET; Schema: public; Owner: oifadmin
--

SELECT pg_catalog.setval('public.message_discussion_id_seq', 1, false);


--
-- Name: message_matchmaking_id_seq; Type: SEQUENCE SET; Schema: public; Owner: oifadmin
--

SELECT pg_catalog.setval('public.message_matchmaking_id_seq', 1, false);


--
-- Name: message_message_id_seq; Type: SEQUENCE SET; Schema: public; Owner: oifadmin
--

SELECT pg_catalog.setval('public.message_message_id_seq', 14, true);


--
-- Name: notifications_notification_id_seq; Type: SEQUENCE SET; Schema: public; Owner: oifadmin
--

SELECT pg_catalog.setval('public.notifications_notification_id_seq', 1, true);


--
-- Name: pages_bloc_id_seq; Type: SEQUENCE SET; Schema: public; Owner: oifadmin
--

SELECT pg_catalog.setval('public.pages_bloc_id_seq', 1, false);


--
-- Name: pages_media_id_seq; Type: SEQUENCE SET; Schema: public; Owner: oifadmin
--

SELECT pg_catalog.setval('public.pages_media_id_seq', 1, false);


--
-- Name: pages_partenaires_id_seq; Type: SEQUENCE SET; Schema: public; Owner: oifadmin
--

SELECT pg_catalog.setval('public.pages_partenaires_id_seq', 1, true);


--
-- Name: pages_tile_id_seq; Type: SEQUENCE SET; Schema: public; Owner: oifadmin
--

SELECT pg_catalog.setval('public.pages_tile_id_seq', 1, false);


--
-- Name: pages_url_id_seq; Type: SEQUENCE SET; Schema: public; Owner: oifadmin
--

SELECT pg_catalog.setval('public.pages_url_id_seq', 1, false);


--
-- Name: params_agerange_id_seq; Type: SEQUENCE SET; Schema: public; Owner: oifadmin
--

SELECT pg_catalog.setval('public.params_agerange_id_seq', 2, true);


--
-- Name: params_categoriequestion_id_seq; Type: SEQUENCE SET; Schema: public; Owner: oifadmin
--

SELECT pg_catalog.setval('public.params_categoriequestion_id_seq', 5, true);


--
-- Name: params_chiffreaffaires_id_seq; Type: SEQUENCE SET; Schema: public; Owner: oifadmin
--

SELECT pg_catalog.setval('public.params_chiffreaffaires_id_seq', 1, false);


--
-- Name: params_contactpageparams_id_seq; Type: SEQUENCE SET; Schema: public; Owner: oifadmin
--

SELECT pg_catalog.setval('public.params_contactpageparams_id_seq', 1, true);


--
-- Name: params_experienceinternationale_id_seq; Type: SEQUENCE SET; Schema: public; Owner: oifadmin
--

SELECT pg_catalog.setval('public.params_experienceinternationale_id_seq', 1, false);


--
-- Name: params_formejuridique_id_seq; Type: SEQUENCE SET; Schema: public; Owner: oifadmin
--

SELECT pg_catalog.setval('public.params_formejuridique_id_seq', 1, false);


--
-- Name: params_mission_id_seq; Type: SEQUENCE SET; Schema: public; Owner: oifadmin
--

SELECT pg_catalog.setval('public.params_mission_id_seq', 1, false);


--
-- Name: params_multimedia_id_seq; Type: SEQUENCE SET; Schema: public; Owner: oifadmin
--

SELECT pg_catalog.setval('public.params_multimedia_id_seq', 1, false);


--
-- Name: params_objectif_id_seq; Type: SEQUENCE SET; Schema: public; Owner: oifadmin
--

SELECT pg_catalog.setval('public.params_objectif_id_seq', 1, false);


--
-- Name: params_pays_id_seq; Type: SEQUENCE SET; Schema: public; Owner: oifadmin
--

SELECT pg_catalog.setval('public.params_pays_id_seq', 250, true);


--
-- Name: params_regioncible_id_seq; Type: SEQUENCE SET; Schema: public; Owner: oifadmin
--

SELECT pg_catalog.setval('public.params_regioncible_id_seq', 1, false);


--
-- Name: params_secteur_id_seq; Type: SEQUENCE SET; Schema: public; Owner: oifadmin
--

SELECT pg_catalog.setval('public.params_secteur_id_seq', 1, true);


--
-- Name: params_sexe_id_seq; Type: SEQUENCE SET; Schema: public; Owner: oifadmin
--

SELECT pg_catalog.setval('public.params_sexe_id_seq', 2, true);


--
-- Name: params_stattype_id_seq; Type: SEQUENCE SET; Schema: public; Owner: oifadmin
--

SELECT pg_catalog.setval('public.params_stattype_id_seq', 1, false);


--
-- Name: params_statutopportunite_id_seq; Type: SEQUENCE SET; Schema: public; Owner: oifadmin
--

SELECT pg_catalog.setval('public.params_statutopportunite_id_seq', 1, false);


--
-- Name: params_tag_id_seq; Type: SEQUENCE SET; Schema: public; Owner: oifadmin
--

SELECT pg_catalog.setval('public.params_tag_id_seq', 1, false);


--
-- Name: params_taille_id_seq; Type: SEQUENCE SET; Schema: public; Owner: oifadmin
--

SELECT pg_catalog.setval('public.params_taille_id_seq', 1, false);


--
-- Name: params_typedocument_id_seq; Type: SEQUENCE SET; Schema: public; Owner: oifadmin
--

SELECT pg_catalog.setval('public.params_typedocument_id_seq', 1, false);


--
-- Name: params_typeevenement_id_seq; Type: SEQUENCE SET; Schema: public; Owner: oifadmin
--

SELECT pg_catalog.setval('public.params_typeevenement_id_seq', 1, true);


--
-- Name: params_typeopportunite_id_seq; Type: SEQUENCE SET; Schema: public; Owner: oifadmin
--

SELECT pg_catalog.setval('public.params_typeopportunite_id_seq', 1, true);


--
-- Name: params_typeressource_id_seq; Type: SEQUENCE SET; Schema: public; Owner: oifadmin
--

SELECT pg_catalog.setval('public.params_typeressource_id_seq', 1, false);


--
-- Name: params_typeuser_id_seq; Type: SEQUENCE SET; Schema: public; Owner: oifadmin
--

SELECT pg_catalog.setval('public.params_typeuser_id_seq', 3, true);


--
-- Name: params_verificationstatut_id_seq; Type: SEQUENCE SET; Schema: public; Owner: oifadmin
--

SELECT pg_catalog.setval('public.params_verificationstatut_id_seq', 1, false);


--
-- Name: ressource_opportunite_id_seq; Type: SEQUENCE SET; Schema: public; Owner: oifadmin
--

SELECT pg_catalog.setval('public.ressource_opportunite_id_seq', 1, true);


--
-- Name: ressource_opportunite_mots_cles_id_seq; Type: SEQUENCE SET; Schema: public; Owner: oifadmin
--

SELECT pg_catalog.setval('public.ressource_opportunite_mots_cles_id_seq', 1, false);


--
-- Name: ressource_ressource_id_seq; Type: SEQUENCE SET; Schema: public; Owner: oifadmin
--

SELECT pg_catalog.setval('public.ressource_ressource_id_seq', 1, true);


--
-- Name: ressource_ressource_mots_cles_id_seq; Type: SEQUENCE SET; Schema: public; Owner: oifadmin
--

SELECT pg_catalog.setval('public.ressource_ressource_mots_cles_id_seq', 1, false);


--
-- Name: ressource_ressource_pays_id_seq; Type: SEQUENCE SET; Schema: public; Owner: oifadmin
--

SELECT pg_catalog.setval('public.ressource_ressource_pays_id_seq', 1, false);


--
-- Name: ressource_ressource_secteurs_id_seq; Type: SEQUENCE SET; Schema: public; Owner: oifadmin
--

SELECT pg_catalog.setval('public.ressource_ressource_secteurs_id_seq', 1, false);


--
-- Name: accounts_favorite accounts_favorite_pkey; Type: CONSTRAINT; Schema: public; Owner: oifadmin
--

ALTER TABLE ONLY public.accounts_favorite
    ADD CONSTRAINT accounts_favorite_pkey PRIMARY KEY (id);


--
-- Name: accounts_user accounts_user_email_key; Type: CONSTRAINT; Schema: public; Owner: oifadmin
--

ALTER TABLE ONLY public.accounts_user
    ADD CONSTRAINT accounts_user_email_key UNIQUE (email);


--
-- Name: accounts_user_groups accounts_user_groups_pkey; Type: CONSTRAINT; Schema: public; Owner: oifadmin
--

ALTER TABLE ONLY public.accounts_user_groups
    ADD CONSTRAINT accounts_user_groups_pkey PRIMARY KEY (id);


--
-- Name: accounts_user_groups accounts_user_groups_user_id_group_id_59c0b32f_uniq; Type: CONSTRAINT; Schema: public; Owner: oifadmin
--

ALTER TABLE ONLY public.accounts_user_groups
    ADD CONSTRAINT accounts_user_groups_user_id_group_id_59c0b32f_uniq UNIQUE (user_id, group_id);


--
-- Name: accounts_user_multimedia accounts_user_multimedia_pkey; Type: CONSTRAINT; Schema: public; Owner: oifadmin
--

ALTER TABLE ONLY public.accounts_user_multimedia
    ADD CONSTRAINT accounts_user_multimedia_pkey PRIMARY KEY (id);


--
-- Name: accounts_user_multimedia accounts_user_multimedia_user_id_multimedia_id_962138fa_uniq; Type: CONSTRAINT; Schema: public; Owner: oifadmin
--

ALTER TABLE ONLY public.accounts_user_multimedia
    ADD CONSTRAINT accounts_user_multimedia_user_id_multimedia_id_962138fa_uniq UNIQUE (user_id, multimedia_id);


--
-- Name: accounts_user accounts_user_pkey; Type: CONSTRAINT; Schema: public; Owner: oifadmin
--

ALTER TABLE ONLY public.accounts_user
    ADD CONSTRAINT accounts_user_pkey PRIMARY KEY (id);


--
-- Name: accounts_user_secteurs accounts_user_secteurs_pkey; Type: CONSTRAINT; Schema: public; Owner: oifadmin
--

ALTER TABLE ONLY public.accounts_user_secteurs
    ADD CONSTRAINT accounts_user_secteurs_pkey PRIMARY KEY (id);


--
-- Name: accounts_user_secteurs accounts_user_secteurs_user_id_secteur_id_4cca9047_uniq; Type: CONSTRAINT; Schema: public; Owner: oifadmin
--

ALTER TABLE ONLY public.accounts_user_secteurs
    ADD CONSTRAINT accounts_user_secteurs_user_id_secteur_id_4cca9047_uniq UNIQUE (user_id, secteur_id);


--
-- Name: accounts_user_user_permissions accounts_user_user_permi_user_id_permission_id_2ab516c2_uniq; Type: CONSTRAINT; Schema: public; Owner: oifadmin
--

ALTER TABLE ONLY public.accounts_user_user_permissions
    ADD CONSTRAINT accounts_user_user_permi_user_id_permission_id_2ab516c2_uniq UNIQUE (user_id, permission_id);


--
-- Name: accounts_user_user_permissions accounts_user_user_permissions_pkey; Type: CONSTRAINT; Schema: public; Owner: oifadmin
--

ALTER TABLE ONLY public.accounts_user_user_permissions
    ADD CONSTRAINT accounts_user_user_permissions_pkey PRIMARY KEY (id);


--
-- Name: accounts_user accounts_user_username_key; Type: CONSTRAINT; Schema: public; Owner: oifadmin
--

ALTER TABLE ONLY public.accounts_user
    ADD CONSTRAINT accounts_user_username_key UNIQUE (username);


--
-- Name: analyses_autodiaganswer analyses_autodiaganswer_pkey; Type: CONSTRAINT; Schema: public; Owner: oifadmin
--

ALTER TABLE ONLY public.analyses_autodiaganswer
    ADD CONSTRAINT analyses_autodiaganswer_pkey PRIMARY KEY (id);


--
-- Name: analyses_autodiaganswer analyses_autodiaganswer_question_id_ordre_4e32e5a8_uniq; Type: CONSTRAINT; Schema: public; Owner: oifadmin
--

ALTER TABLE ONLY public.analyses_autodiaganswer
    ADD CONSTRAINT analyses_autodiaganswer_question_id_ordre_4e32e5a8_uniq UNIQUE (question_id, ordre);


--
-- Name: analyses_autodiagcomment analyses_autodiagcomment_pkey; Type: CONSTRAINT; Schema: public; Owner: oifadmin
--

ALTER TABLE ONLY public.analyses_autodiagcomment
    ADD CONSTRAINT analyses_autodiagcomment_pkey PRIMARY KEY (id);


--
-- Name: analyses_autodiagcomment analyses_autodiagcomment_question_id_force_b2a9c8cd_uniq; Type: CONSTRAINT; Schema: public; Owner: oifadmin
--

ALTER TABLE ONLY public.analyses_autodiagcomment
    ADD CONSTRAINT analyses_autodiagcomment_question_id_force_b2a9c8cd_uniq UNIQUE (question_id, force);


--
-- Name: analyses_autodiagquestion analyses_autodiagquestion_pkey; Type: CONSTRAINT; Schema: public; Owner: oifadmin
--

ALTER TABLE ONLY public.analyses_autodiagquestion
    ADD CONSTRAINT analyses_autodiagquestion_pkey PRIMARY KEY (id);


--
-- Name: analyses_autodiagsession analyses_autodiagsession_pkey; Type: CONSTRAINT; Schema: public; Owner: oifadmin
--

ALTER TABLE ONLY public.analyses_autodiagsession
    ADD CONSTRAINT analyses_autodiagsession_pkey PRIMARY KEY (id);


--
-- Name: analyses_autodiaguserresponse analyses_autodiaguserresponse_pkey; Type: CONSTRAINT; Schema: public; Owner: oifadmin
--

ALTER TABLE ONLY public.analyses_autodiaguserresponse
    ADD CONSTRAINT analyses_autodiaguserresponse_pkey PRIMARY KEY (id);


--
-- Name: analyses_statistiqueutilisateur analyses_statistiqueutilisateur_pkey; Type: CONSTRAINT; Schema: public; Owner: oifadmin
--

ALTER TABLE ONLY public.analyses_statistiqueutilisateur
    ADD CONSTRAINT analyses_statistiqueutilisateur_pkey PRIMARY KEY (id);


--
-- Name: auth_group auth_group_name_key; Type: CONSTRAINT; Schema: public; Owner: oifadmin
--

ALTER TABLE ONLY public.auth_group
    ADD CONSTRAINT auth_group_name_key UNIQUE (name);


--
-- Name: auth_group_permissions auth_group_permissions_group_id_permission_id_0cd325b0_uniq; Type: CONSTRAINT; Schema: public; Owner: oifadmin
--

ALTER TABLE ONLY public.auth_group_permissions
    ADD CONSTRAINT auth_group_permissions_group_id_permission_id_0cd325b0_uniq UNIQUE (group_id, permission_id);


--
-- Name: auth_group_permissions auth_group_permissions_pkey; Type: CONSTRAINT; Schema: public; Owner: oifadmin
--

ALTER TABLE ONLY public.auth_group_permissions
    ADD CONSTRAINT auth_group_permissions_pkey PRIMARY KEY (id);


--
-- Name: auth_group auth_group_pkey; Type: CONSTRAINT; Schema: public; Owner: oifadmin
--

ALTER TABLE ONLY public.auth_group
    ADD CONSTRAINT auth_group_pkey PRIMARY KEY (id);


--
-- Name: auth_permission auth_permission_content_type_id_codename_01ab375a_uniq; Type: CONSTRAINT; Schema: public; Owner: oifadmin
--

ALTER TABLE ONLY public.auth_permission
    ADD CONSTRAINT auth_permission_content_type_id_codename_01ab375a_uniq UNIQUE (content_type_id, codename);


--
-- Name: auth_permission auth_permission_pkey; Type: CONSTRAINT; Schema: public; Owner: oifadmin
--

ALTER TABLE ONLY public.auth_permission
    ADD CONSTRAINT auth_permission_pkey PRIMARY KEY (id);


--
-- Name: background_task_completedtask background_task_completedtask_pkey; Type: CONSTRAINT; Schema: public; Owner: oifadmin
--

ALTER TABLE ONLY public.background_task_completedtask
    ADD CONSTRAINT background_task_completedtask_pkey PRIMARY KEY (id);


--
-- Name: background_task background_task_pkey; Type: CONSTRAINT; Schema: public; Owner: oifadmin
--

ALTER TABLE ONLY public.background_task
    ADD CONSTRAINT background_task_pkey PRIMARY KEY (id);


--
-- Name: betterFlatPages_flatpage_sites betterFlatPages_flatpage_flatpage_id_site_id_86534078_uniq; Type: CONSTRAINT; Schema: public; Owner: oifadmin
--

ALTER TABLE ONLY public."betterFlatPages_flatpage_sites"
    ADD CONSTRAINT "betterFlatPages_flatpage_flatpage_id_site_id_86534078_uniq" UNIQUE (flatpage_id, site_id);


--
-- Name: betterFlatPages_flatpage betterFlatPages_flatpage_pkey; Type: CONSTRAINT; Schema: public; Owner: oifadmin
--

ALTER TABLE ONLY public."betterFlatPages_flatpage"
    ADD CONSTRAINT "betterFlatPages_flatpage_pkey" PRIMARY KEY (id);


--
-- Name: betterFlatPages_flatpage_sites betterFlatPages_flatpage_sites_pkey; Type: CONSTRAINT; Schema: public; Owner: oifadmin
--

ALTER TABLE ONLY public."betterFlatPages_flatpage_sites"
    ADD CONSTRAINT "betterFlatPages_flatpage_sites_pkey" PRIMARY KEY (id);


--
-- Name: captcha_captchastore captcha_captchastore_hashkey_key; Type: CONSTRAINT; Schema: public; Owner: oifadmin
--

ALTER TABLE ONLY public.captcha_captchastore
    ADD CONSTRAINT captcha_captchastore_hashkey_key UNIQUE (hashkey);


--
-- Name: captcha_captchastore captcha_captchastore_pkey; Type: CONSTRAINT; Schema: public; Owner: oifadmin
--

ALTER TABLE ONLY public.captcha_captchastore
    ADD CONSTRAINT captcha_captchastore_pkey PRIMARY KEY (id);


--
-- Name: django_admin_log django_admin_log_pkey; Type: CONSTRAINT; Schema: public; Owner: oifadmin
--

ALTER TABLE ONLY public.django_admin_log
    ADD CONSTRAINT django_admin_log_pkey PRIMARY KEY (id);


--
-- Name: django_content_type django_content_type_app_label_model_76bd3d3b_uniq; Type: CONSTRAINT; Schema: public; Owner: oifadmin
--

ALTER TABLE ONLY public.django_content_type
    ADD CONSTRAINT django_content_type_app_label_model_76bd3d3b_uniq UNIQUE (app_label, model);


--
-- Name: django_content_type django_content_type_pkey; Type: CONSTRAINT; Schema: public; Owner: oifadmin
--

ALTER TABLE ONLY public.django_content_type
    ADD CONSTRAINT django_content_type_pkey PRIMARY KEY (id);


--
-- Name: django_migrations django_migrations_pkey; Type: CONSTRAINT; Schema: public; Owner: oifadmin
--

ALTER TABLE ONLY public.django_migrations
    ADD CONSTRAINT django_migrations_pkey PRIMARY KEY (id);


--
-- Name: django_session django_session_pkey; Type: CONSTRAINT; Schema: public; Owner: oifadmin
--

ALTER TABLE ONLY public.django_session
    ADD CONSTRAINT django_session_pkey PRIMARY KEY (session_key);


--
-- Name: django_site django_site_domain_a2e37b91_uniq; Type: CONSTRAINT; Schema: public; Owner: oifadmin
--

ALTER TABLE ONLY public.django_site
    ADD CONSTRAINT django_site_domain_a2e37b91_uniq UNIQUE (domain);


--
-- Name: django_site django_site_pkey; Type: CONSTRAINT; Schema: public; Owner: oifadmin
--

ALTER TABLE ONLY public.django_site
    ADD CONSTRAINT django_site_pkey PRIMARY KEY (id);


--
-- Name: entreprise_bureau entreprise_bureau_pkey; Type: CONSTRAINT; Schema: public; Owner: oifadmin
--

ALTER TABLE ONLY public.entreprise_bureau
    ADD CONSTRAINT entreprise_bureau_pkey PRIMARY KEY (id);


--
-- Name: entreprise_bureau_tags entreprise_bureau_tags_bureau_id_tag_id_1abcb86f_uniq; Type: CONSTRAINT; Schema: public; Owner: oifadmin
--

ALTER TABLE ONLY public.entreprise_bureau_tags
    ADD CONSTRAINT entreprise_bureau_tags_bureau_id_tag_id_1abcb86f_uniq UNIQUE (bureau_id, tag_id);


--
-- Name: entreprise_bureau_tags entreprise_bureau_tags_pkey; Type: CONSTRAINT; Schema: public; Owner: oifadmin
--

ALTER TABLE ONLY public.entreprise_bureau_tags
    ADD CONSTRAINT entreprise_bureau_tags_pkey PRIMARY KEY (id);


--
-- Name: entreprise_communaute entreprise_communaute_pkey; Type: CONSTRAINT; Schema: public; Owner: oifadmin
--

ALTER TABLE ONLY public.entreprise_communaute
    ADD CONSTRAINT entreprise_communaute_pkey PRIMARY KEY (id);


--
-- Name: entreprise_documentverification entreprise_documentverif_entreprise_id_type_docum_b4f7fe83_uniq; Type: CONSTRAINT; Schema: public; Owner: oifadmin
--

ALTER TABLE ONLY public.entreprise_documentverification
    ADD CONSTRAINT entreprise_documentverif_entreprise_id_type_docum_b4f7fe83_uniq UNIQUE (entreprise_id, type_document_id);


--
-- Name: entreprise_documentverification entreprise_documentverification_pkey; Type: CONSTRAINT; Schema: public; Owner: oifadmin
--

ALTER TABLE ONLY public.entreprise_documentverification
    ADD CONSTRAINT entreprise_documentverification_pkey PRIMARY KEY (id);


--
-- Name: entreprise_entreprise_marches_actuels entreprise_entreprise_ma_entreprise_id_pays_id_70016e9c_uniq; Type: CONSTRAINT; Schema: public; Owner: oifadmin
--

ALTER TABLE ONLY public.entreprise_entreprise_marches_actuels
    ADD CONSTRAINT entreprise_entreprise_ma_entreprise_id_pays_id_70016e9c_uniq UNIQUE (entreprise_id, pays_id);


--
-- Name: entreprise_entreprise_marche_cibles entreprise_entreprise_ma_entreprise_id_pays_id_eb15ef31_uniq; Type: CONSTRAINT; Schema: public; Owner: oifadmin
--

ALTER TABLE ONLY public.entreprise_entreprise_marche_cibles
    ADD CONSTRAINT entreprise_entreprise_ma_entreprise_id_pays_id_eb15ef31_uniq UNIQUE (entreprise_id, pays_id);


--
-- Name: entreprise_entreprise_marche_cibles entreprise_entreprise_marche_cibles_pkey; Type: CONSTRAINT; Schema: public; Owner: oifadmin
--

ALTER TABLE ONLY public.entreprise_entreprise_marche_cibles
    ADD CONSTRAINT entreprise_entreprise_marche_cibles_pkey PRIMARY KEY (id);


--
-- Name: entreprise_entreprise_marches_actuels entreprise_entreprise_marches_actuels_pkey; Type: CONSTRAINT; Schema: public; Owner: oifadmin
--

ALTER TABLE ONLY public.entreprise_entreprise_marches_actuels
    ADD CONSTRAINT entreprise_entreprise_marches_actuels_pkey PRIMARY KEY (id);


--
-- Name: entreprise_entreprise_missions_participes entreprise_entreprise_mi_entreprise_id_mission_id_d97b9d9a_uniq; Type: CONSTRAINT; Schema: public; Owner: oifadmin
--

ALTER TABLE ONLY public.entreprise_entreprise_missions_participes
    ADD CONSTRAINT entreprise_entreprise_mi_entreprise_id_mission_id_d97b9d9a_uniq UNIQUE (entreprise_id, mission_id);


--
-- Name: entreprise_entreprise_missions_participes entreprise_entreprise_missions_participes_pkey; Type: CONSTRAINT; Schema: public; Owner: oifadmin
--

ALTER TABLE ONLY public.entreprise_entreprise_missions_participes
    ADD CONSTRAINT entreprise_entreprise_missions_participes_pkey PRIMARY KEY (id);


--
-- Name: entreprise_entreprise_multimedia entreprise_entreprise_mu_entreprise_id_multimedia_3c845b73_uniq; Type: CONSTRAINT; Schema: public; Owner: oifadmin
--

ALTER TABLE ONLY public.entreprise_entreprise_multimedia
    ADD CONSTRAINT entreprise_entreprise_mu_entreprise_id_multimedia_3c845b73_uniq UNIQUE (entreprise_id, multimedia_id);


--
-- Name: entreprise_entreprise_multimedia entreprise_entreprise_multimedia_pkey; Type: CONSTRAINT; Schema: public; Owner: oifadmin
--

ALTER TABLE ONLY public.entreprise_entreprise_multimedia
    ADD CONSTRAINT entreprise_entreprise_multimedia_pkey PRIMARY KEY (id);


--
-- Name: entreprise_entreprise_objectifs entreprise_entreprise_ob_entreprise_id_objectif_i_1ef8ba58_uniq; Type: CONSTRAINT; Schema: public; Owner: oifadmin
--

ALTER TABLE ONLY public.entreprise_entreprise_objectifs
    ADD CONSTRAINT entreprise_entreprise_ob_entreprise_id_objectif_i_1ef8ba58_uniq UNIQUE (entreprise_id, objectif_id);


--
-- Name: entreprise_entreprise_objectifs entreprise_entreprise_objectifs_pkey; Type: CONSTRAINT; Schema: public; Owner: oifadmin
--

ALTER TABLE ONLY public.entreprise_entreprise_objectifs
    ADD CONSTRAINT entreprise_entreprise_objectifs_pkey PRIMARY KEY (id);


--
-- Name: entreprise_entreprise entreprise_entreprise_pkey; Type: CONSTRAINT; Schema: public; Owner: oifadmin
--

ALTER TABLE ONLY public.entreprise_entreprise
    ADD CONSTRAINT entreprise_entreprise_pkey PRIMARY KEY (id);


--
-- Name: entreprise_entreprise_secteurs entreprise_entreprise_se_entreprise_id_secteur_id_3adcf92a_uniq; Type: CONSTRAINT; Schema: public; Owner: oifadmin
--

ALTER TABLE ONLY public.entreprise_entreprise_secteurs
    ADD CONSTRAINT entreprise_entreprise_se_entreprise_id_secteur_id_3adcf92a_uniq UNIQUE (entreprise_id, secteur_id);


--
-- Name: entreprise_entreprise_secteurs entreprise_entreprise_secteurs_pkey; Type: CONSTRAINT; Schema: public; Owner: oifadmin
--

ALTER TABLE ONLY public.entreprise_entreprise_secteurs
    ADD CONSTRAINT entreprise_entreprise_secteurs_pkey PRIMARY KEY (id);


--
-- Name: entreprise_entreprise entreprise_entreprise_siret_key; Type: CONSTRAINT; Schema: public; Owner: oifadmin
--

ALTER TABLE ONLY public.entreprise_entreprise
    ADD CONSTRAINT entreprise_entreprise_siret_key UNIQUE (siret);


--
-- Name: entreprise_entreprise_tags entreprise_entreprise_tags_entreprise_id_tag_id_06bf8df5_uniq; Type: CONSTRAINT; Schema: public; Owner: oifadmin
--

ALTER TABLE ONLY public.entreprise_entreprise_tags
    ADD CONSTRAINT entreprise_entreprise_tags_entreprise_id_tag_id_06bf8df5_uniq UNIQUE (entreprise_id, tag_id);


--
-- Name: entreprise_entreprise_tags entreprise_entreprise_tags_pkey; Type: CONSTRAINT; Schema: public; Owner: oifadmin
--

ALTER TABLE ONLY public.entreprise_entreprise_tags
    ADD CONSTRAINT entreprise_entreprise_tags_pkey PRIMARY KEY (id);


--
-- Name: entreprise_entreprise entreprise_entreprise_user_id_key; Type: CONSTRAINT; Schema: public; Owner: oifadmin
--

ALTER TABLE ONLY public.entreprise_entreprise
    ADD CONSTRAINT entreprise_entreprise_user_id_key UNIQUE (user_id);


--
-- Name: entreprise_membrecommunaute entreprise_membrecommuna_utilisateur_id_communaut_247eb7c0_uniq; Type: CONSTRAINT; Schema: public; Owner: oifadmin
--

ALTER TABLE ONLY public.entreprise_membrecommunaute
    ADD CONSTRAINT entreprise_membrecommuna_utilisateur_id_communaut_247eb7c0_uniq UNIQUE (utilisateur_id, communaute_id);


--
-- Name: entreprise_membrecommunaute entreprise_membrecommunaute_pkey; Type: CONSTRAINT; Schema: public; Owner: oifadmin
--

ALTER TABLE ONLY public.entreprise_membrecommunaute
    ADD CONSTRAINT entreprise_membrecommunaute_pkey PRIMARY KEY (id);


--
-- Name: evenement_bloccontenu evenement_bloccontenu_pkey; Type: CONSTRAINT; Schema: public; Owner: oifadmin
--

ALTER TABLE ONLY public.evenement_bloccontenu
    ADD CONSTRAINT evenement_bloccontenu_pkey PRIMARY KEY (id);


--
-- Name: evenement_evenement_multimedia evenement_evenement_mult_evenement_id_multimedia__1d74de7a_uniq; Type: CONSTRAINT; Schema: public; Owner: oifadmin
--

ALTER TABLE ONLY public.evenement_evenement_multimedia
    ADD CONSTRAINT evenement_evenement_mult_evenement_id_multimedia__1d74de7a_uniq UNIQUE (evenement_id, multimedia_id);


--
-- Name: evenement_evenement_multimedia evenement_evenement_multimedia_pkey; Type: CONSTRAINT; Schema: public; Owner: oifadmin
--

ALTER TABLE ONLY public.evenement_evenement_multimedia
    ADD CONSTRAINT evenement_evenement_multimedia_pkey PRIMARY KEY (id);


--
-- Name: evenement_evenement_pays_concernees evenement_evenement_pays_concernees_pkey; Type: CONSTRAINT; Schema: public; Owner: oifadmin
--

ALTER TABLE ONLY public.evenement_evenement_pays_concernees
    ADD CONSTRAINT evenement_evenement_pays_concernees_pkey PRIMARY KEY (id);


--
-- Name: evenement_evenement_pays_concernees evenement_evenement_pays_evenement_id_pays_id_90922244_uniq; Type: CONSTRAINT; Schema: public; Owner: oifadmin
--

ALTER TABLE ONLY public.evenement_evenement_pays_concernees
    ADD CONSTRAINT evenement_evenement_pays_evenement_id_pays_id_90922244_uniq UNIQUE (evenement_id, pays_id);


--
-- Name: evenement_evenement evenement_evenement_pkey; Type: CONSTRAINT; Schema: public; Owner: oifadmin
--

ALTER TABLE ONLY public.evenement_evenement
    ADD CONSTRAINT evenement_evenement_pkey PRIMARY KEY (id);


--
-- Name: evenement_evenement_secteur_concernees evenement_evenement_sect_evenement_id_secteur_id_187f8783_uniq; Type: CONSTRAINT; Schema: public; Owner: oifadmin
--

ALTER TABLE ONLY public.evenement_evenement_secteur_concernees
    ADD CONSTRAINT evenement_evenement_sect_evenement_id_secteur_id_187f8783_uniq UNIQUE (evenement_id, secteur_id);


--
-- Name: evenement_evenement_secteur_concernees evenement_evenement_secteur_concernees_pkey; Type: CONSTRAINT; Schema: public; Owner: oifadmin
--

ALTER TABLE ONLY public.evenement_evenement_secteur_concernees
    ADD CONSTRAINT evenement_evenement_secteur_concernees_pkey PRIMARY KEY (id);


--
-- Name: evenement_evenement_tags evenement_evenement_tags_evenement_id_tag_id_f8e52bd5_uniq; Type: CONSTRAINT; Schema: public; Owner: oifadmin
--

ALTER TABLE ONLY public.evenement_evenement_tags
    ADD CONSTRAINT evenement_evenement_tags_evenement_id_tag_id_f8e52bd5_uniq UNIQUE (evenement_id, tag_id);


--
-- Name: evenement_evenement_tags evenement_evenement_tags_pkey; Type: CONSTRAINT; Schema: public; Owner: oifadmin
--

ALTER TABLE ONLY public.evenement_evenement_tags
    ADD CONSTRAINT evenement_evenement_tags_pkey PRIMARY KEY (id);


--
-- Name: evenement_inscriptionevenement evenement_inscriptionevenement_pkey; Type: CONSTRAINT; Schema: public; Owner: oifadmin
--

ALTER TABLE ONLY public.evenement_inscriptionevenement
    ADD CONSTRAINT evenement_inscriptionevenement_pkey PRIMARY KEY (id);


--
-- Name: evenement_missioneconomique evenement_missioneconomique_pkey; Type: CONSTRAINT; Schema: public; Owner: oifadmin
--

ALTER TABLE ONLY public.evenement_missioneconomique
    ADD CONSTRAINT evenement_missioneconomique_pkey PRIMARY KEY (id);


--
-- Name: evenement_missioneconomique evenement_missioneconomique_slug_key; Type: CONSTRAINT; Schema: public; Owner: oifadmin
--

ALTER TABLE ONLY public.evenement_missioneconomique
    ADD CONSTRAINT evenement_missioneconomique_slug_key UNIQUE (slug);


--
-- Name: evenement_missionstat evenement_missionstat_pkey; Type: CONSTRAINT; Schema: public; Owner: oifadmin
--

ALTER TABLE ONLY public.evenement_missionstat
    ADD CONSTRAINT evenement_missionstat_pkey PRIMARY KEY (id);


--
-- Name: evenement_temoignage evenement_temoignage_pkey; Type: CONSTRAINT; Schema: public; Owner: oifadmin
--

ALTER TABLE ONLY public.evenement_temoignage
    ADD CONSTRAINT evenement_temoignage_pkey PRIMARY KEY (id);


--
-- Name: extension_cours_participants extension_cours_participants_cours_id_user_id_2ee59969_uniq; Type: CONSTRAINT; Schema: public; Owner: oifadmin
--

ALTER TABLE ONLY public.extension_cours_participants
    ADD CONSTRAINT extension_cours_participants_cours_id_user_id_2ee59969_uniq UNIQUE (cours_id, user_id);


--
-- Name: extension_cours_participants extension_cours_participants_pkey; Type: CONSTRAINT; Schema: public; Owner: oifadmin
--

ALTER TABLE ONLY public.extension_cours_participants
    ADD CONSTRAINT extension_cours_participants_pkey PRIMARY KEY (id);


--
-- Name: extension_cours_pays extension_cours_pays_cours_id_pays_id_c018397e_uniq; Type: CONSTRAINT; Schema: public; Owner: oifadmin
--

ALTER TABLE ONLY public.extension_cours_pays
    ADD CONSTRAINT extension_cours_pays_cours_id_pays_id_c018397e_uniq UNIQUE (cours_id, pays_id);


--
-- Name: extension_cours_pays extension_cours_pays_pkey; Type: CONSTRAINT; Schema: public; Owner: oifadmin
--

ALTER TABLE ONLY public.extension_cours_pays
    ADD CONSTRAINT extension_cours_pays_pkey PRIMARY KEY (id);


--
-- Name: extension_cours extension_cours_pkey; Type: CONSTRAINT; Schema: public; Owner: oifadmin
--

ALTER TABLE ONLY public.extension_cours
    ADD CONSTRAINT extension_cours_pkey PRIMARY KEY (id);


--
-- Name: extension_cours_secteurs extension_cours_secteurs_cours_id_secteur_id_28a91f31_uniq; Type: CONSTRAINT; Schema: public; Owner: oifadmin
--

ALTER TABLE ONLY public.extension_cours_secteurs
    ADD CONSTRAINT extension_cours_secteurs_cours_id_secteur_id_28a91f31_uniq UNIQUE (cours_id, secteur_id);


--
-- Name: extension_cours_secteurs extension_cours_secteurs_pkey; Type: CONSTRAINT; Schema: public; Owner: oifadmin
--

ALTER TABLE ONLY public.extension_cours_secteurs
    ADD CONSTRAINT extension_cours_secteurs_pkey PRIMARY KEY (id);


--
-- Name: extension_cours_tags extension_cours_tags_cours_id_tag_id_76782bd4_uniq; Type: CONSTRAINT; Schema: public; Owner: oifadmin
--

ALTER TABLE ONLY public.extension_cours_tags
    ADD CONSTRAINT extension_cours_tags_cours_id_tag_id_76782bd4_uniq UNIQUE (cours_id, tag_id);


--
-- Name: extension_cours_tags extension_cours_tags_pkey; Type: CONSTRAINT; Schema: public; Owner: oifadmin
--

ALTER TABLE ONLY public.extension_cours_tags
    ADD CONSTRAINT extension_cours_tags_pkey PRIMARY KEY (id);


--
-- Name: extension_marketplace extension_marketplace_pkey; Type: CONSTRAINT; Schema: public; Owner: oifadmin
--

ALTER TABLE ONLY public.extension_marketplace
    ADD CONSTRAINT extension_marketplace_pkey PRIMARY KEY (id);


--
-- Name: extension_marketplace_tags extension_marketplace_tags_marketplace_id_tag_id_74e3d372_uniq; Type: CONSTRAINT; Schema: public; Owner: oifadmin
--

ALTER TABLE ONLY public.extension_marketplace_tags
    ADD CONSTRAINT extension_marketplace_tags_marketplace_id_tag_id_74e3d372_uniq UNIQUE (marketplace_id, tag_id);


--
-- Name: extension_marketplace_tags extension_marketplace_tags_pkey; Type: CONSTRAINT; Schema: public; Owner: oifadmin
--

ALTER TABLE ONLY public.extension_marketplace_tags
    ADD CONSTRAINT extension_marketplace_tags_pkey PRIMARY KEY (id);


--
-- Name: message_discussion message_discussion_pkey; Type: CONSTRAINT; Schema: public; Owner: oifadmin
--

ALTER TABLE ONLY public.message_discussion
    ADD CONSTRAINT message_discussion_pkey PRIMARY KEY (id);


--
-- Name: message_matchmaking message_matchmaking_pkey; Type: CONSTRAINT; Schema: public; Owner: oifadmin
--

ALTER TABLE ONLY public.message_matchmaking
    ADD CONSTRAINT message_matchmaking_pkey PRIMARY KEY (id);


--
-- Name: message_message message_message_pkey; Type: CONSTRAINT; Schema: public; Owner: oifadmin
--

ALTER TABLE ONLY public.message_message
    ADD CONSTRAINT message_message_pkey PRIMARY KEY (id);


--
-- Name: notifications_notification notifications_notification_pkey; Type: CONSTRAINT; Schema: public; Owner: oifadmin
--

ALTER TABLE ONLY public.notifications_notification
    ADD CONSTRAINT notifications_notification_pkey PRIMARY KEY (id);


--
-- Name: pages_bloc pages_bloc_pkey; Type: CONSTRAINT; Schema: public; Owner: oifadmin
--

ALTER TABLE ONLY public.pages_bloc
    ADD CONSTRAINT pages_bloc_pkey PRIMARY KEY (id);


--
-- Name: pages_custompage pages_custompage_pkey; Type: CONSTRAINT; Schema: public; Owner: oifadmin
--

ALTER TABLE ONLY public.pages_custompage
    ADD CONSTRAINT pages_custompage_pkey PRIMARY KEY (flatpage_ptr_id);


--
-- Name: pages_media pages_media_pkey; Type: CONSTRAINT; Schema: public; Owner: oifadmin
--

ALTER TABLE ONLY public.pages_media
    ADD CONSTRAINT pages_media_pkey PRIMARY KEY (id);


--
-- Name: pages_partenaires pages_partenaires_pkey; Type: CONSTRAINT; Schema: public; Owner: oifadmin
--

ALTER TABLE ONLY public.pages_partenaires
    ADD CONSTRAINT pages_partenaires_pkey PRIMARY KEY (id);


--
-- Name: pages_tile pages_tile_pkey; Type: CONSTRAINT; Schema: public; Owner: oifadmin
--

ALTER TABLE ONLY public.pages_tile
    ADD CONSTRAINT pages_tile_pkey PRIMARY KEY (id);


--
-- Name: pages_url pages_url_pkey; Type: CONSTRAINT; Schema: public; Owner: oifadmin
--

ALTER TABLE ONLY public.pages_url
    ADD CONSTRAINT pages_url_pkey PRIMARY KEY (id);


--
-- Name: params_agerange params_agerange_libelle_key; Type: CONSTRAINT; Schema: public; Owner: oifadmin
--

ALTER TABLE ONLY public.params_agerange
    ADD CONSTRAINT params_agerange_libelle_key UNIQUE (libelle);


--
-- Name: params_agerange params_agerange_pkey; Type: CONSTRAINT; Schema: public; Owner: oifadmin
--

ALTER TABLE ONLY public.params_agerange
    ADD CONSTRAINT params_agerange_pkey PRIMARY KEY (id);


--
-- Name: params_categoriequestion params_categoriequestion_libelle_key; Type: CONSTRAINT; Schema: public; Owner: oifadmin
--

ALTER TABLE ONLY public.params_categoriequestion
    ADD CONSTRAINT params_categoriequestion_libelle_key UNIQUE (libelle);


--
-- Name: params_categoriequestion params_categoriequestion_pkey; Type: CONSTRAINT; Schema: public; Owner: oifadmin
--

ALTER TABLE ONLY public.params_categoriequestion
    ADD CONSTRAINT params_categoriequestion_pkey PRIMARY KEY (id);


--
-- Name: params_chiffreaffaires params_chiffreaffaires_libelle_key; Type: CONSTRAINT; Schema: public; Owner: oifadmin
--

ALTER TABLE ONLY public.params_chiffreaffaires
    ADD CONSTRAINT params_chiffreaffaires_libelle_key UNIQUE (libelle);


--
-- Name: params_chiffreaffaires params_chiffreaffaires_pkey; Type: CONSTRAINT; Schema: public; Owner: oifadmin
--

ALTER TABLE ONLY public.params_chiffreaffaires
    ADD CONSTRAINT params_chiffreaffaires_pkey PRIMARY KEY (id);


--
-- Name: params_contactpageparams params_contactpageparams_confidentialite_key; Type: CONSTRAINT; Schema: public; Owner: oifadmin
--

ALTER TABLE ONLY public.params_contactpageparams
    ADD CONSTRAINT params_contactpageparams_confidentialite_key UNIQUE (confidentialite);


--
-- Name: params_contactpageparams params_contactpageparams_destinaire_key; Type: CONSTRAINT; Schema: public; Owner: oifadmin
--

ALTER TABLE ONLY public.params_contactpageparams
    ADD CONSTRAINT params_contactpageparams_destinaire_key UNIQUE (destinataire);


--
-- Name: params_contactpageparams params_contactpageparams_email_key; Type: CONSTRAINT; Schema: public; Owner: oifadmin
--

ALTER TABLE ONLY public.params_contactpageparams
    ADD CONSTRAINT params_contactpageparams_email_key UNIQUE (email);


--
-- Name: params_contactpageparams params_contactpageparams_entreprise_key; Type: CONSTRAINT; Schema: public; Owner: oifadmin
--

ALTER TABLE ONLY public.params_contactpageparams
    ADD CONSTRAINT params_contactpageparams_entreprise_key UNIQUE (entreprise);


--
-- Name: params_contactpageparams params_contactpageparams_message_key; Type: CONSTRAINT; Schema: public; Owner: oifadmin
--

ALTER TABLE ONLY public.params_contactpageparams
    ADD CONSTRAINT params_contactpageparams_message_key UNIQUE (message);


--
-- Name: params_contactpageparams params_contactpageparams_nom_key; Type: CONSTRAINT; Schema: public; Owner: oifadmin
--

ALTER TABLE ONLY public.params_contactpageparams
    ADD CONSTRAINT params_contactpageparams_nom_key UNIQUE (nom);


--
-- Name: params_contactpageparams params_contactpageparams_pkey; Type: CONSTRAINT; Schema: public; Owner: oifadmin
--

ALTER TABLE ONLY public.params_contactpageparams
    ADD CONSTRAINT params_contactpageparams_pkey PRIMARY KEY (id);


--
-- Name: params_contactpageparams params_contactpageparams_prenom_key; Type: CONSTRAINT; Schema: public; Owner: oifadmin
--

ALTER TABLE ONLY public.params_contactpageparams
    ADD CONSTRAINT params_contactpageparams_prenom_key UNIQUE (prenom);


--
-- Name: params_contactpageparams params_contactpageparams_telephone_key; Type: CONSTRAINT; Schema: public; Owner: oifadmin
--

ALTER TABLE ONLY public.params_contactpageparams
    ADD CONSTRAINT params_contactpageparams_telephone_key UNIQUE (telephone);


--
-- Name: params_experienceinternationale params_experienceinternationale_libelle_key; Type: CONSTRAINT; Schema: public; Owner: oifadmin
--

ALTER TABLE ONLY public.params_experienceinternationale
    ADD CONSTRAINT params_experienceinternationale_libelle_key UNIQUE (libelle);


--
-- Name: params_experienceinternationale params_experienceinternationale_pkey; Type: CONSTRAINT; Schema: public; Owner: oifadmin
--

ALTER TABLE ONLY public.params_experienceinternationale
    ADD CONSTRAINT params_experienceinternationale_pkey PRIMARY KEY (id);


--
-- Name: params_formejuridique params_formejuridique_libelle_key; Type: CONSTRAINT; Schema: public; Owner: oifadmin
--

ALTER TABLE ONLY public.params_formejuridique
    ADD CONSTRAINT params_formejuridique_libelle_key UNIQUE (libelle);


--
-- Name: params_formejuridique params_formejuridique_pkey; Type: CONSTRAINT; Schema: public; Owner: oifadmin
--

ALTER TABLE ONLY public.params_formejuridique
    ADD CONSTRAINT params_formejuridique_pkey PRIMARY KEY (id);


--
-- Name: params_mission params_mission_libelle_key; Type: CONSTRAINT; Schema: public; Owner: oifadmin
--

ALTER TABLE ONLY public.params_mission
    ADD CONSTRAINT params_mission_libelle_key UNIQUE (libelle);


--
-- Name: params_mission params_mission_pkey; Type: CONSTRAINT; Schema: public; Owner: oifadmin
--

ALTER TABLE ONLY public.params_mission
    ADD CONSTRAINT params_mission_pkey PRIMARY KEY (id);


--
-- Name: params_multimedia params_multimedia_pkey; Type: CONSTRAINT; Schema: public; Owner: oifadmin
--

ALTER TABLE ONLY public.params_multimedia
    ADD CONSTRAINT params_multimedia_pkey PRIMARY KEY (id);


--
-- Name: params_objectif params_objectif_libelle_key; Type: CONSTRAINT; Schema: public; Owner: oifadmin
--

ALTER TABLE ONLY public.params_objectif
    ADD CONSTRAINT params_objectif_libelle_key UNIQUE (libelle);


--
-- Name: params_objectif params_objectif_pkey; Type: CONSTRAINT; Schema: public; Owner: oifadmin
--

ALTER TABLE ONLY public.params_objectif
    ADD CONSTRAINT params_objectif_pkey PRIMARY KEY (id);


--
-- Name: params_pays params_pays_code_iso_key; Type: CONSTRAINT; Schema: public; Owner: oifadmin
--

ALTER TABLE ONLY public.params_pays
    ADD CONSTRAINT params_pays_code_iso_key UNIQUE (code_iso);


--
-- Name: params_pays params_pays_nom_key; Type: CONSTRAINT; Schema: public; Owner: oifadmin
--

ALTER TABLE ONLY public.params_pays
    ADD CONSTRAINT params_pays_nom_key UNIQUE (nom);


--
-- Name: params_pays params_pays_pkey; Type: CONSTRAINT; Schema: public; Owner: oifadmin
--

ALTER TABLE ONLY public.params_pays
    ADD CONSTRAINT params_pays_pkey PRIMARY KEY (id);


--
-- Name: params_regioncible params_regioncible_libelle_key; Type: CONSTRAINT; Schema: public; Owner: oifadmin
--

ALTER TABLE ONLY public.params_regioncible
    ADD CONSTRAINT params_regioncible_libelle_key UNIQUE (libelle);


--
-- Name: params_regioncible params_regioncible_pkey; Type: CONSTRAINT; Schema: public; Owner: oifadmin
--

ALTER TABLE ONLY public.params_regioncible
    ADD CONSTRAINT params_regioncible_pkey PRIMARY KEY (id);


--
-- Name: params_secteur params_secteur_code_naf_key; Type: CONSTRAINT; Schema: public; Owner: oifadmin
--

ALTER TABLE ONLY public.params_secteur
    ADD CONSTRAINT params_secteur_code_naf_key UNIQUE (code_naf);


--
-- Name: params_secteur params_secteur_nom_key; Type: CONSTRAINT; Schema: public; Owner: oifadmin
--

ALTER TABLE ONLY public.params_secteur
    ADD CONSTRAINT params_secteur_nom_key UNIQUE (nom);


--
-- Name: params_secteur params_secteur_pkey; Type: CONSTRAINT; Schema: public; Owner: oifadmin
--

ALTER TABLE ONLY public.params_secteur
    ADD CONSTRAINT params_secteur_pkey PRIMARY KEY (id);


--
-- Name: params_sexe params_sexe_libelle_key; Type: CONSTRAINT; Schema: public; Owner: oifadmin
--

ALTER TABLE ONLY public.params_sexe
    ADD CONSTRAINT params_sexe_libelle_key UNIQUE (libelle);


--
-- Name: params_sexe params_sexe_pkey; Type: CONSTRAINT; Schema: public; Owner: oifadmin
--

ALTER TABLE ONLY public.params_sexe
    ADD CONSTRAINT params_sexe_pkey PRIMARY KEY (id);


--
-- Name: params_stattype params_stattype_libelle_key; Type: CONSTRAINT; Schema: public; Owner: oifadmin
--

ALTER TABLE ONLY public.params_stattype
    ADD CONSTRAINT params_stattype_libelle_key UNIQUE (libelle);


--
-- Name: params_stattype params_stattype_pkey; Type: CONSTRAINT; Schema: public; Owner: oifadmin
--

ALTER TABLE ONLY public.params_stattype
    ADD CONSTRAINT params_stattype_pkey PRIMARY KEY (id);


--
-- Name: params_statutopportunite params_statutopportunite_libelle_key; Type: CONSTRAINT; Schema: public; Owner: oifadmin
--

ALTER TABLE ONLY public.params_statutopportunite
    ADD CONSTRAINT params_statutopportunite_libelle_key UNIQUE (libelle);


--
-- Name: params_statutopportunite params_statutopportunite_pkey; Type: CONSTRAINT; Schema: public; Owner: oifadmin
--

ALTER TABLE ONLY public.params_statutopportunite
    ADD CONSTRAINT params_statutopportunite_pkey PRIMARY KEY (id);


--
-- Name: params_tag params_tag_nom_key; Type: CONSTRAINT; Schema: public; Owner: oifadmin
--

ALTER TABLE ONLY public.params_tag
    ADD CONSTRAINT params_tag_nom_key UNIQUE (nom);


--
-- Name: params_tag params_tag_pkey; Type: CONSTRAINT; Schema: public; Owner: oifadmin
--

ALTER TABLE ONLY public.params_tag
    ADD CONSTRAINT params_tag_pkey PRIMARY KEY (id);


--
-- Name: params_taille params_taille_libelle_key; Type: CONSTRAINT; Schema: public; Owner: oifadmin
--

ALTER TABLE ONLY public.params_taille
    ADD CONSTRAINT params_taille_libelle_key UNIQUE (libelle);


--
-- Name: params_taille params_taille_pkey; Type: CONSTRAINT; Schema: public; Owner: oifadmin
--

ALTER TABLE ONLY public.params_taille
    ADD CONSTRAINT params_taille_pkey PRIMARY KEY (id);


--
-- Name: params_typedocument params_typedocument_libelle_key; Type: CONSTRAINT; Schema: public; Owner: oifadmin
--

ALTER TABLE ONLY public.params_typedocument
    ADD CONSTRAINT params_typedocument_libelle_key UNIQUE (libelle);


--
-- Name: params_typedocument params_typedocument_pkey; Type: CONSTRAINT; Schema: public; Owner: oifadmin
--

ALTER TABLE ONLY public.params_typedocument
    ADD CONSTRAINT params_typedocument_pkey PRIMARY KEY (id);


--
-- Name: params_typeevenement params_typeevenement_libelle_key; Type: CONSTRAINT; Schema: public; Owner: oifadmin
--

ALTER TABLE ONLY public.params_typeevenement
    ADD CONSTRAINT params_typeevenement_libelle_key UNIQUE (libelle);


--
-- Name: params_typeevenement params_typeevenement_pkey; Type: CONSTRAINT; Schema: public; Owner: oifadmin
--

ALTER TABLE ONLY public.params_typeevenement
    ADD CONSTRAINT params_typeevenement_pkey PRIMARY KEY (id);


--
-- Name: params_typeopportunite params_typeopportunite_libelle_key; Type: CONSTRAINT; Schema: public; Owner: oifadmin
--

ALTER TABLE ONLY public.params_typeopportunite
    ADD CONSTRAINT params_typeopportunite_libelle_key UNIQUE (libelle);


--
-- Name: params_typeopportunite params_typeopportunite_pkey; Type: CONSTRAINT; Schema: public; Owner: oifadmin
--

ALTER TABLE ONLY public.params_typeopportunite
    ADD CONSTRAINT params_typeopportunite_pkey PRIMARY KEY (id);


--
-- Name: params_typeressource params_typeressource_libelle_key; Type: CONSTRAINT; Schema: public; Owner: oifadmin
--

ALTER TABLE ONLY public.params_typeressource
    ADD CONSTRAINT params_typeressource_libelle_key UNIQUE (libelle);


--
-- Name: params_typeressource params_typeressource_pkey; Type: CONSTRAINT; Schema: public; Owner: oifadmin
--

ALTER TABLE ONLY public.params_typeressource
    ADD CONSTRAINT params_typeressource_pkey PRIMARY KEY (id);


--
-- Name: params_typeusager params_typeuser_code_key; Type: CONSTRAINT; Schema: public; Owner: oifadmin
--

ALTER TABLE ONLY public.params_typeusager
    ADD CONSTRAINT params_typeuser_code_key UNIQUE (code);


--
-- Name: params_typeusager params_typeuser_libelle_key; Type: CONSTRAINT; Schema: public; Owner: oifadmin
--

ALTER TABLE ONLY public.params_typeusager
    ADD CONSTRAINT params_typeuser_libelle_key UNIQUE (libelle);


--
-- Name: params_typeusager params_typeuser_pkey; Type: CONSTRAINT; Schema: public; Owner: oifadmin
--

ALTER TABLE ONLY public.params_typeusager
    ADD CONSTRAINT params_typeuser_pkey PRIMARY KEY (id);


--
-- Name: params_verificationstatut params_verificationstatut_libelle_key; Type: CONSTRAINT; Schema: public; Owner: oifadmin
--

ALTER TABLE ONLY public.params_verificationstatut
    ADD CONSTRAINT params_verificationstatut_libelle_key UNIQUE (libelle);


--
-- Name: params_verificationstatut params_verificationstatut_pkey; Type: CONSTRAINT; Schema: public; Owner: oifadmin
--

ALTER TABLE ONLY public.params_verificationstatut
    ADD CONSTRAINT params_verificationstatut_pkey PRIMARY KEY (id);


--
-- Name: ressource_opportunite_mots_cles ressource_opportunite_mo_opportunite_id_tag_id_63218e22_uniq; Type: CONSTRAINT; Schema: public; Owner: oifadmin
--

ALTER TABLE ONLY public.ressource_opportunite_mots_cles
    ADD CONSTRAINT ressource_opportunite_mo_opportunite_id_tag_id_63218e22_uniq UNIQUE (opportunite_id, tag_id);


--
-- Name: ressource_opportunite_mots_cles ressource_opportunite_mots_cles_pkey; Type: CONSTRAINT; Schema: public; Owner: oifadmin
--

ALTER TABLE ONLY public.ressource_opportunite_mots_cles
    ADD CONSTRAINT ressource_opportunite_mots_cles_pkey PRIMARY KEY (id);


--
-- Name: ressource_opportunite ressource_opportunite_pkey; Type: CONSTRAINT; Schema: public; Owner: oifadmin
--

ALTER TABLE ONLY public.ressource_opportunite
    ADD CONSTRAINT ressource_opportunite_pkey PRIMARY KEY (id);


--
-- Name: ressource_ressource_mots_cles ressource_ressource_mots_cles_pkey; Type: CONSTRAINT; Schema: public; Owner: oifadmin
--

ALTER TABLE ONLY public.ressource_ressource_mots_cles
    ADD CONSTRAINT ressource_ressource_mots_cles_pkey PRIMARY KEY (id);


--
-- Name: ressource_ressource_mots_cles ressource_ressource_mots_cles_ressource_id_tag_id_dd9f590f_uniq; Type: CONSTRAINT; Schema: public; Owner: oifadmin
--

ALTER TABLE ONLY public.ressource_ressource_mots_cles
    ADD CONSTRAINT ressource_ressource_mots_cles_ressource_id_tag_id_dd9f590f_uniq UNIQUE (ressource_id, tag_id);


--
-- Name: ressource_ressource_pays ressource_ressource_pays_pkey; Type: CONSTRAINT; Schema: public; Owner: oifadmin
--

ALTER TABLE ONLY public.ressource_ressource_pays
    ADD CONSTRAINT ressource_ressource_pays_pkey PRIMARY KEY (id);


--
-- Name: ressource_ressource_pays ressource_ressource_pays_ressource_id_pays_id_d0764075_uniq; Type: CONSTRAINT; Schema: public; Owner: oifadmin
--

ALTER TABLE ONLY public.ressource_ressource_pays
    ADD CONSTRAINT ressource_ressource_pays_ressource_id_pays_id_d0764075_uniq UNIQUE (ressource_id, pays_id);


--
-- Name: ressource_ressource ressource_ressource_pkey; Type: CONSTRAINT; Schema: public; Owner: oifadmin
--

ALTER TABLE ONLY public.ressource_ressource
    ADD CONSTRAINT ressource_ressource_pkey PRIMARY KEY (id);


--
-- Name: ressource_ressource_secteurs ressource_ressource_sect_ressource_id_secteur_id_3f25ead5_uniq; Type: CONSTRAINT; Schema: public; Owner: oifadmin
--

ALTER TABLE ONLY public.ressource_ressource_secteurs
    ADD CONSTRAINT ressource_ressource_sect_ressource_id_secteur_id_3f25ead5_uniq UNIQUE (ressource_id, secteur_id);


--
-- Name: ressource_ressource_secteurs ressource_ressource_secteurs_pkey; Type: CONSTRAINT; Schema: public; Owner: oifadmin
--

ALTER TABLE ONLY public.ressource_ressource_secteurs
    ADD CONSTRAINT ressource_ressource_secteurs_pkey PRIMARY KEY (id);


--
-- Name: accounts_favorite_user_id_081a5fb5; Type: INDEX; Schema: public; Owner: oifadmin
--

CREATE INDEX accounts_favorite_user_id_081a5fb5 ON public.accounts_favorite USING btree (user_id);


--
-- Name: accounts_user_age_id_c02abcf0; Type: INDEX; Schema: public; Owner: oifadmin
--

CREATE INDEX accounts_user_age_id_c02abcf0 ON public.accounts_user USING btree (age_id);


--
-- Name: accounts_user_email_b2644a56_like; Type: INDEX; Schema: public; Owner: oifadmin
--

CREATE INDEX accounts_user_email_b2644a56_like ON public.accounts_user USING btree (email varchar_pattern_ops);


--
-- Name: accounts_user_groups_group_id_bd11a704; Type: INDEX; Schema: public; Owner: oifadmin
--

CREATE INDEX accounts_user_groups_group_id_bd11a704 ON public.accounts_user_groups USING btree (group_id);


--
-- Name: accounts_user_groups_user_id_52b62117; Type: INDEX; Schema: public; Owner: oifadmin
--

CREATE INDEX accounts_user_groups_user_id_52b62117 ON public.accounts_user_groups USING btree (user_id);


--
-- Name: accounts_user_multimedia_multimedia_id_b04735e2; Type: INDEX; Schema: public; Owner: oifadmin
--

CREATE INDEX accounts_user_multimedia_multimedia_id_b04735e2 ON public.accounts_user_multimedia USING btree (multimedia_id);


--
-- Name: accounts_user_multimedia_user_id_809c3e43; Type: INDEX; Schema: public; Owner: oifadmin
--

CREATE INDEX accounts_user_multimedia_user_id_809c3e43 ON public.accounts_user_multimedia USING btree (user_id);


--
-- Name: accounts_user_secteurs_secteur_id_5ab41d8f; Type: INDEX; Schema: public; Owner: oifadmin
--

CREATE INDEX accounts_user_secteurs_secteur_id_5ab41d8f ON public.accounts_user_secteurs USING btree (secteur_id);


--
-- Name: accounts_user_secteurs_user_id_6d83dd6b; Type: INDEX; Schema: public; Owner: oifadmin
--

CREATE INDEX accounts_user_secteurs_user_id_6d83dd6b ON public.accounts_user_secteurs USING btree (user_id);


--
-- Name: accounts_user_sexe_id_7362b686; Type: INDEX; Schema: public; Owner: oifadmin
--

CREATE INDEX accounts_user_sexe_id_7362b686 ON public.accounts_user USING btree (sexe_id);


--
-- Name: accounts_user_user_permissions_permission_id_113bb443; Type: INDEX; Schema: public; Owner: oifadmin
--

CREATE INDEX accounts_user_user_permissions_permission_id_113bb443 ON public.accounts_user_user_permissions USING btree (permission_id);


--
-- Name: accounts_user_user_permissions_user_id_e4f0a161; Type: INDEX; Schema: public; Owner: oifadmin
--

CREATE INDEX accounts_user_user_permissions_user_id_e4f0a161 ON public.accounts_user_user_permissions USING btree (user_id);


--
-- Name: accounts_user_user_type_id_7573edb0; Type: INDEX; Schema: public; Owner: oifadmin
--

CREATE INDEX accounts_user_user_type_id_7573edb0 ON public.accounts_user USING btree (user_type_id);


--
-- Name: accounts_user_username_6088629e_like; Type: INDEX; Schema: public; Owner: oifadmin
--

CREATE INDEX accounts_user_username_6088629e_like ON public.accounts_user USING btree (username varchar_pattern_ops);


--
-- Name: analyses_autodiaganswer_question_id_09a26202; Type: INDEX; Schema: public; Owner: oifadmin
--

CREATE INDEX analyses_autodiaganswer_question_id_09a26202 ON public.analyses_autodiaganswer USING btree (question_id);


--
-- Name: analyses_autodiagcomment_question_id_89d00cbe; Type: INDEX; Schema: public; Owner: oifadmin
--

CREATE INDEX analyses_autodiagcomment_question_id_89d00cbe ON public.analyses_autodiagcomment USING btree (question_id);


--
-- Name: analyses_autodiagcomment_ressource_id_82180fb6; Type: INDEX; Schema: public; Owner: oifadmin
--

CREATE INDEX analyses_autodiagcomment_ressource_id_82180fb6 ON public.analyses_autodiagcomment USING btree (ressource_id);


--
-- Name: analyses_autodiagquestion_category_id_b513eb4e; Type: INDEX; Schema: public; Owner: oifadmin
--

CREATE INDEX analyses_autodiagquestion_category_id_b513eb4e ON public.analyses_autodiagquestion USING btree (category_id);


--
-- Name: analyses_autodiagsession_cree_par_id_8a78ddac; Type: INDEX; Schema: public; Owner: oifadmin
--

CREATE INDEX analyses_autodiagsession_cree_par_id_8a78ddac ON public.analyses_autodiagsession USING btree (cree_par_id);


--
-- Name: analyses_autodiagsession_entreprise_id_51f37c90; Type: INDEX; Schema: public; Owner: oifadmin
--

CREATE INDEX analyses_autodiagsession_entreprise_id_51f37c90 ON public.analyses_autodiagsession USING btree (entreprise_id);


--
-- Name: analyses_autodiaguserresponse_autodiag_id_c92ae825; Type: INDEX; Schema: public; Owner: oifadmin
--

CREATE INDEX analyses_autodiaguserresponse_autodiag_id_c92ae825 ON public.analyses_autodiaguserresponse USING btree (autodiag_id);


--
-- Name: analyses_autodiaguserresponse_question_id_0be48144; Type: INDEX; Schema: public; Owner: oifadmin
--

CREATE INDEX analyses_autodiaguserresponse_question_id_0be48144 ON public.analyses_autodiaguserresponse USING btree (question_id);


--
-- Name: analyses_autodiaguserresponse_selected_answer_id_238f2846; Type: INDEX; Schema: public; Owner: oifadmin
--

CREATE INDEX analyses_autodiaguserresponse_selected_answer_id_238f2846 ON public.analyses_autodiaguserresponse USING btree (selected_answer_id);


--
-- Name: analyses_autodiaguserresponse_user_id_c433cf55; Type: INDEX; Schema: public; Owner: oifadmin
--

CREATE INDEX analyses_autodiaguserresponse_user_id_c433cf55 ON public.analyses_autodiaguserresponse USING btree (user_id);


--
-- Name: analyses_statistiqueutilisateur_type_stat_id_86e4558b; Type: INDEX; Schema: public; Owner: oifadmin
--

CREATE INDEX analyses_statistiqueutilisateur_type_stat_id_86e4558b ON public.analyses_statistiqueutilisateur USING btree (type_stat_id);


--
-- Name: analyses_statistiqueutilisateur_user_id_5a073869; Type: INDEX; Schema: public; Owner: oifadmin
--

CREATE INDEX analyses_statistiqueutilisateur_user_id_5a073869 ON public.analyses_statistiqueutilisateur USING btree (user_id);


--
-- Name: auth_group_name_a6ea08ec_like; Type: INDEX; Schema: public; Owner: oifadmin
--

CREATE INDEX auth_group_name_a6ea08ec_like ON public.auth_group USING btree (name varchar_pattern_ops);


--
-- Name: auth_group_permissions_group_id_b120cbf9; Type: INDEX; Schema: public; Owner: oifadmin
--

CREATE INDEX auth_group_permissions_group_id_b120cbf9 ON public.auth_group_permissions USING btree (group_id);


--
-- Name: auth_group_permissions_permission_id_84c5c92e; Type: INDEX; Schema: public; Owner: oifadmin
--

CREATE INDEX auth_group_permissions_permission_id_84c5c92e ON public.auth_group_permissions USING btree (permission_id);


--
-- Name: auth_permission_content_type_id_2f476e4b; Type: INDEX; Schema: public; Owner: oifadmin
--

CREATE INDEX auth_permission_content_type_id_2f476e4b ON public.auth_permission USING btree (content_type_id);


--
-- Name: background_task_attempts_a9ade23d; Type: INDEX; Schema: public; Owner: oifadmin
--

CREATE INDEX background_task_attempts_a9ade23d ON public.background_task USING btree (attempts);


--
-- Name: background_task_completedtask_attempts_772a6783; Type: INDEX; Schema: public; Owner: oifadmin
--

CREATE INDEX background_task_completedtask_attempts_772a6783 ON public.background_task_completedtask USING btree (attempts);


--
-- Name: background_task_completedtask_creator_content_type_id_21d6a741; Type: INDEX; Schema: public; Owner: oifadmin
--

CREATE INDEX background_task_completedtask_creator_content_type_id_21d6a741 ON public.background_task_completedtask USING btree (creator_content_type_id);


--
-- Name: background_task_completedtask_failed_at_3de56618; Type: INDEX; Schema: public; Owner: oifadmin
--

CREATE INDEX background_task_completedtask_failed_at_3de56618 ON public.background_task_completedtask USING btree (failed_at);


--
-- Name: background_task_completedtask_locked_at_29c62708; Type: INDEX; Schema: public; Owner: oifadmin
--

CREATE INDEX background_task_completedtask_locked_at_29c62708 ON public.background_task_completedtask USING btree (locked_at);


--
-- Name: background_task_completedtask_locked_by_edc8a213; Type: INDEX; Schema: public; Owner: oifadmin
--

CREATE INDEX background_task_completedtask_locked_by_edc8a213 ON public.background_task_completedtask USING btree (locked_by);


--
-- Name: background_task_completedtask_locked_by_edc8a213_like; Type: INDEX; Schema: public; Owner: oifadmin
--

CREATE INDEX background_task_completedtask_locked_by_edc8a213_like ON public.background_task_completedtask USING btree (locked_by varchar_pattern_ops);


--
-- Name: background_task_completedtask_priority_9080692e; Type: INDEX; Schema: public; Owner: oifadmin
--

CREATE INDEX background_task_completedtask_priority_9080692e ON public.background_task_completedtask USING btree (priority);


--
-- Name: background_task_completedtask_queue_61fb0415; Type: INDEX; Schema: public; Owner: oifadmin
--

CREATE INDEX background_task_completedtask_queue_61fb0415 ON public.background_task_completedtask USING btree (queue);


--
-- Name: background_task_completedtask_queue_61fb0415_like; Type: INDEX; Schema: public; Owner: oifadmin
--

CREATE INDEX background_task_completedtask_queue_61fb0415_like ON public.background_task_completedtask USING btree (queue varchar_pattern_ops);


--
-- Name: background_task_completedtask_run_at_77c80f34; Type: INDEX; Schema: public; Owner: oifadmin
--

CREATE INDEX background_task_completedtask_run_at_77c80f34 ON public.background_task_completedtask USING btree (run_at);


--
-- Name: background_task_completedtask_task_hash_91187576; Type: INDEX; Schema: public; Owner: oifadmin
--

CREATE INDEX background_task_completedtask_task_hash_91187576 ON public.background_task_completedtask USING btree (task_hash);


--
-- Name: background_task_completedtask_task_hash_91187576_like; Type: INDEX; Schema: public; Owner: oifadmin
--

CREATE INDEX background_task_completedtask_task_hash_91187576_like ON public.background_task_completedtask USING btree (task_hash varchar_pattern_ops);


--
-- Name: background_task_completedtask_task_name_388dabc2; Type: INDEX; Schema: public; Owner: oifadmin
--

CREATE INDEX background_task_completedtask_task_name_388dabc2 ON public.background_task_completedtask USING btree (task_name);


--
-- Name: background_task_completedtask_task_name_388dabc2_like; Type: INDEX; Schema: public; Owner: oifadmin
--

CREATE INDEX background_task_completedtask_task_name_388dabc2_like ON public.background_task_completedtask USING btree (task_name varchar_pattern_ops);


--
-- Name: background_task_creator_content_type_id_61cc9af3; Type: INDEX; Schema: public; Owner: oifadmin
--

CREATE INDEX background_task_creator_content_type_id_61cc9af3 ON public.background_task USING btree (creator_content_type_id);


--
-- Name: background_task_failed_at_b81bba14; Type: INDEX; Schema: public; Owner: oifadmin
--

CREATE INDEX background_task_failed_at_b81bba14 ON public.background_task USING btree (failed_at);


--
-- Name: background_task_locked_at_0fb0f225; Type: INDEX; Schema: public; Owner: oifadmin
--

CREATE INDEX background_task_locked_at_0fb0f225 ON public.background_task USING btree (locked_at);


--
-- Name: background_task_locked_by_db7779e3; Type: INDEX; Schema: public; Owner: oifadmin
--

CREATE INDEX background_task_locked_by_db7779e3 ON public.background_task USING btree (locked_by);


--
-- Name: background_task_locked_by_db7779e3_like; Type: INDEX; Schema: public; Owner: oifadmin
--

CREATE INDEX background_task_locked_by_db7779e3_like ON public.background_task USING btree (locked_by varchar_pattern_ops);


--
-- Name: background_task_priority_88bdbce9; Type: INDEX; Schema: public; Owner: oifadmin
--

CREATE INDEX background_task_priority_88bdbce9 ON public.background_task USING btree (priority);


--
-- Name: background_task_queue_1d5f3a40; Type: INDEX; Schema: public; Owner: oifadmin
--

CREATE INDEX background_task_queue_1d5f3a40 ON public.background_task USING btree (queue);


--
-- Name: background_task_queue_1d5f3a40_like; Type: INDEX; Schema: public; Owner: oifadmin
--

CREATE INDEX background_task_queue_1d5f3a40_like ON public.background_task USING btree (queue varchar_pattern_ops);


--
-- Name: background_task_run_at_7baca3aa; Type: INDEX; Schema: public; Owner: oifadmin
--

CREATE INDEX background_task_run_at_7baca3aa ON public.background_task USING btree (run_at);


--
-- Name: background_task_task_hash_d8f233bd; Type: INDEX; Schema: public; Owner: oifadmin
--

CREATE INDEX background_task_task_hash_d8f233bd ON public.background_task USING btree (task_hash);


--
-- Name: background_task_task_hash_d8f233bd_like; Type: INDEX; Schema: public; Owner: oifadmin
--

CREATE INDEX background_task_task_hash_d8f233bd_like ON public.background_task USING btree (task_hash varchar_pattern_ops);


--
-- Name: background_task_task_name_4562d56a; Type: INDEX; Schema: public; Owner: oifadmin
--

CREATE INDEX background_task_task_name_4562d56a ON public.background_task USING btree (task_name);


--
-- Name: background_task_task_name_4562d56a_like; Type: INDEX; Schema: public; Owner: oifadmin
--

CREATE INDEX background_task_task_name_4562d56a_like ON public.background_task USING btree (task_name varchar_pattern_ops);


--
-- Name: betterFlatPages_flatpage_sites_flatpage_id_eca6dcef; Type: INDEX; Schema: public; Owner: oifadmin
--

CREATE INDEX "betterFlatPages_flatpage_sites_flatpage_id_eca6dcef" ON public."betterFlatPages_flatpage_sites" USING btree (flatpage_id);


--
-- Name: betterFlatPages_flatpage_sites_site_id_204b696a; Type: INDEX; Schema: public; Owner: oifadmin
--

CREATE INDEX "betterFlatPages_flatpage_sites_site_id_204b696a" ON public."betterFlatPages_flatpage_sites" USING btree (site_id);


--
-- Name: betterFlatPages_flatpage_url_34bcd870; Type: INDEX; Schema: public; Owner: oifadmin
--

CREATE INDEX "betterFlatPages_flatpage_url_34bcd870" ON public."betterFlatPages_flatpage" USING btree (url);


--
-- Name: betterFlatPages_flatpage_url_34bcd870_like; Type: INDEX; Schema: public; Owner: oifadmin
--

CREATE INDEX "betterFlatPages_flatpage_url_34bcd870_like" ON public."betterFlatPages_flatpage" USING btree (url varchar_pattern_ops);


--
-- Name: captcha_captchastore_hashkey_cbe8d15a_like; Type: INDEX; Schema: public; Owner: oifadmin
--

CREATE INDEX captcha_captchastore_hashkey_cbe8d15a_like ON public.captcha_captchastore USING btree (hashkey varchar_pattern_ops);


--
-- Name: django_admin_log_content_type_id_c4bce8eb; Type: INDEX; Schema: public; Owner: oifadmin
--

CREATE INDEX django_admin_log_content_type_id_c4bce8eb ON public.django_admin_log USING btree (content_type_id);


--
-- Name: django_admin_log_user_id_c564eba6; Type: INDEX; Schema: public; Owner: oifadmin
--

CREATE INDEX django_admin_log_user_id_c564eba6 ON public.django_admin_log USING btree (user_id);


--
-- Name: django_session_expire_date_a5c62663; Type: INDEX; Schema: public; Owner: oifadmin
--

CREATE INDEX django_session_expire_date_a5c62663 ON public.django_session USING btree (expire_date);


--
-- Name: django_session_session_key_c0390e0f_like; Type: INDEX; Schema: public; Owner: oifadmin
--

CREATE INDEX django_session_session_key_c0390e0f_like ON public.django_session USING btree (session_key varchar_pattern_ops);


--
-- Name: django_site_domain_a2e37b91_like; Type: INDEX; Schema: public; Owner: oifadmin
--

CREATE INDEX django_site_domain_a2e37b91_like ON public.django_site USING btree (domain varchar_pattern_ops);


--
-- Name: entreprise_bureau_entreprise_id_ffe9d350; Type: INDEX; Schema: public; Owner: oifadmin
--

CREATE INDEX entreprise_bureau_entreprise_id_ffe9d350 ON public.entreprise_bureau USING btree (entreprise_id);


--
-- Name: entreprise_bureau_pays_id_2bc804a3; Type: INDEX; Schema: public; Owner: oifadmin
--

CREATE INDEX entreprise_bureau_pays_id_2bc804a3 ON public.entreprise_bureau USING btree (pays_id);


--
-- Name: entreprise_bureau_representant_id_0f3710ab; Type: INDEX; Schema: public; Owner: oifadmin
--

CREATE INDEX entreprise_bureau_representant_id_0f3710ab ON public.entreprise_bureau USING btree (representant_id);


--
-- Name: entreprise_bureau_secteur_id_1a69ac9c; Type: INDEX; Schema: public; Owner: oifadmin
--

CREATE INDEX entreprise_bureau_secteur_id_1a69ac9c ON public.entreprise_bureau USING btree (secteur_id);


--
-- Name: entreprise_bureau_tags_bureau_id_aacdc78b; Type: INDEX; Schema: public; Owner: oifadmin
--

CREATE INDEX entreprise_bureau_tags_bureau_id_aacdc78b ON public.entreprise_bureau_tags USING btree (bureau_id);


--
-- Name: entreprise_bureau_tags_tag_id_ae0deecb; Type: INDEX; Schema: public; Owner: oifadmin
--

CREATE INDEX entreprise_bureau_tags_tag_id_ae0deecb ON public.entreprise_bureau_tags USING btree (tag_id);


--
-- Name: entreprise_communaute_entreprise_id_848b98c3; Type: INDEX; Schema: public; Owner: oifadmin
--

CREATE INDEX entreprise_communaute_entreprise_id_848b98c3 ON public.entreprise_communaute USING btree (entreprise_id);


--
-- Name: entreprise_communaute_proprietaire_id_a5b0d76d; Type: INDEX; Schema: public; Owner: oifadmin
--

CREATE INDEX entreprise_communaute_proprietaire_id_a5b0d76d ON public.entreprise_communaute USING btree (proprietaire_id);


--
-- Name: entreprise_documentverification_entreprise_id_fc2dbfde; Type: INDEX; Schema: public; Owner: oifadmin
--

CREATE INDEX entreprise_documentverification_entreprise_id_fc2dbfde ON public.entreprise_documentverification USING btree (entreprise_id);


--
-- Name: entreprise_documentverification_type_document_id_8afce92b; Type: INDEX; Schema: public; Owner: oifadmin
--

CREATE INDEX entreprise_documentverification_type_document_id_8afce92b ON public.entreprise_documentverification USING btree (type_document_id);


--
-- Name: entreprise_entreprise_chiffre_affaires_id_9eaec2c9; Type: INDEX; Schema: public; Owner: oifadmin
--

CREATE INDEX entreprise_entreprise_chiffre_affaires_id_9eaec2c9 ON public.entreprise_entreprise USING btree (chiffre_affaires_id);


--
-- Name: entreprise_entreprise_experience_internationale_id_e493037c; Type: INDEX; Schema: public; Owner: oifadmin
--

CREATE INDEX entreprise_entreprise_experience_internationale_id_e493037c ON public.entreprise_entreprise USING btree (experience_internationale_id);


--
-- Name: entreprise_entreprise_forme_juridique_id_c37056e5; Type: INDEX; Schema: public; Owner: oifadmin
--

CREATE INDEX entreprise_entreprise_forme_juridique_id_c37056e5 ON public.entreprise_entreprise USING btree (forme_juridique_id);


--
-- Name: entreprise_entreprise_marche_cibles_entreprise_id_2a16725c; Type: INDEX; Schema: public; Owner: oifadmin
--

CREATE INDEX entreprise_entreprise_marche_cibles_entreprise_id_2a16725c ON public.entreprise_entreprise_marche_cibles USING btree (entreprise_id);


--
-- Name: entreprise_entreprise_marche_cibles_pays_id_5c4c238f; Type: INDEX; Schema: public; Owner: oifadmin
--

CREATE INDEX entreprise_entreprise_marche_cibles_pays_id_5c4c238f ON public.entreprise_entreprise_marche_cibles USING btree (pays_id);


--
-- Name: entreprise_entreprise_marches_actuels_entreprise_id_3ce33332; Type: INDEX; Schema: public; Owner: oifadmin
--

CREATE INDEX entreprise_entreprise_marches_actuels_entreprise_id_3ce33332 ON public.entreprise_entreprise_marches_actuels USING btree (entreprise_id);


--
-- Name: entreprise_entreprise_marches_actuels_pays_id_91766056; Type: INDEX; Schema: public; Owner: oifadmin
--

CREATE INDEX entreprise_entreprise_marches_actuels_pays_id_91766056 ON public.entreprise_entreprise_marches_actuels USING btree (pays_id);


--
-- Name: entreprise_entreprise_miss_entreprise_id_5b6873e6; Type: INDEX; Schema: public; Owner: oifadmin
--

CREATE INDEX entreprise_entreprise_miss_entreprise_id_5b6873e6 ON public.entreprise_entreprise_missions_participes USING btree (entreprise_id);


--
-- Name: entreprise_entreprise_missions_participes_mission_id_559bbf48; Type: INDEX; Schema: public; Owner: oifadmin
--

CREATE INDEX entreprise_entreprise_missions_participes_mission_id_559bbf48 ON public.entreprise_entreprise_missions_participes USING btree (mission_id);


--
-- Name: entreprise_entreprise_multimedia_entreprise_id_e375e000; Type: INDEX; Schema: public; Owner: oifadmin
--

CREATE INDEX entreprise_entreprise_multimedia_entreprise_id_e375e000 ON public.entreprise_entreprise_multimedia USING btree (entreprise_id);


--
-- Name: entreprise_entreprise_multimedia_multimedia_id_011f348e; Type: INDEX; Schema: public; Owner: oifadmin
--

CREATE INDEX entreprise_entreprise_multimedia_multimedia_id_011f348e ON public.entreprise_entreprise_multimedia USING btree (multimedia_id);


--
-- Name: entreprise_entreprise_objectifs_entreprise_id_03d91027; Type: INDEX; Schema: public; Owner: oifadmin
--

CREATE INDEX entreprise_entreprise_objectifs_entreprise_id_03d91027 ON public.entreprise_entreprise_objectifs USING btree (entreprise_id);


--
-- Name: entreprise_entreprise_objectifs_objectif_id_b4761b5e; Type: INDEX; Schema: public; Owner: oifadmin
--

CREATE INDEX entreprise_entreprise_objectifs_objectif_id_b4761b5e ON public.entreprise_entreprise_objectifs USING btree (objectif_id);


--
-- Name: entreprise_entreprise_pays_origine_id_170877d7; Type: INDEX; Schema: public; Owner: oifadmin
--

CREATE INDEX entreprise_entreprise_pays_origine_id_170877d7 ON public.entreprise_entreprise USING btree (pays_origine_id);


--
-- Name: entreprise_entreprise_secteurs_entreprise_id_be3fa258; Type: INDEX; Schema: public; Owner: oifadmin
--

CREATE INDEX entreprise_entreprise_secteurs_entreprise_id_be3fa258 ON public.entreprise_entreprise_secteurs USING btree (entreprise_id);


--
-- Name: entreprise_entreprise_secteurs_secteur_id_b3c965ed; Type: INDEX; Schema: public; Owner: oifadmin
--

CREATE INDEX entreprise_entreprise_secteurs_secteur_id_b3c965ed ON public.entreprise_entreprise_secteurs USING btree (secteur_id);


--
-- Name: entreprise_entreprise_siret_95474ac1_like; Type: INDEX; Schema: public; Owner: oifadmin
--

CREATE INDEX entreprise_entreprise_siret_95474ac1_like ON public.entreprise_entreprise USING btree (siret varchar_pattern_ops);


--
-- Name: entreprise_entreprise_tags_entreprise_id_f26efd22; Type: INDEX; Schema: public; Owner: oifadmin
--

CREATE INDEX entreprise_entreprise_tags_entreprise_id_f26efd22 ON public.entreprise_entreprise_tags USING btree (entreprise_id);


--
-- Name: entreprise_entreprise_tags_tag_id_8df22273; Type: INDEX; Schema: public; Owner: oifadmin
--

CREATE INDEX entreprise_entreprise_tags_tag_id_8df22273 ON public.entreprise_entreprise_tags USING btree (tag_id);


--
-- Name: entreprise_entreprise_taille_id_018eab27; Type: INDEX; Schema: public; Owner: oifadmin
--

CREATE INDEX entreprise_entreprise_taille_id_018eab27 ON public.entreprise_entreprise USING btree (taille_id);


--
-- Name: entreprise_entreprise_verification_statut_id_98ea2fdb; Type: INDEX; Schema: public; Owner: oifadmin
--

CREATE INDEX entreprise_entreprise_verification_statut_id_98ea2fdb ON public.entreprise_entreprise USING btree (verification_statut_id);


--
-- Name: entreprise_membrecommunaute_communaute_id_ef77bec1; Type: INDEX; Schema: public; Owner: oifadmin
--

CREATE INDEX entreprise_membrecommunaute_communaute_id_ef77bec1 ON public.entreprise_membrecommunaute USING btree (communaute_id);


--
-- Name: entreprise_membrecommunaute_utilisateur_id_3f32ecba; Type: INDEX; Schema: public; Owner: oifadmin
--

CREATE INDEX entreprise_membrecommunaute_utilisateur_id_3f32ecba ON public.entreprise_membrecommunaute USING btree (utilisateur_id);


--
-- Name: evenement_bloccontenu_mission_id_608e362d; Type: INDEX; Schema: public; Owner: oifadmin
--

CREATE INDEX evenement_bloccontenu_mission_id_608e362d ON public.evenement_bloccontenu USING btree (mission_id);


--
-- Name: evenement_evenement_multimedia_evenement_id_cfe1d2f4; Type: INDEX; Schema: public; Owner: oifadmin
--

CREATE INDEX evenement_evenement_multimedia_evenement_id_cfe1d2f4 ON public.evenement_evenement_multimedia USING btree (evenement_id);


--
-- Name: evenement_evenement_multimedia_multimedia_id_453f5287; Type: INDEX; Schema: public; Owner: oifadmin
--

CREATE INDEX evenement_evenement_multimedia_multimedia_id_453f5287 ON public.evenement_evenement_multimedia USING btree (multimedia_id);


--
-- Name: evenement_evenement_organisateur_id_31de1f59; Type: INDEX; Schema: public; Owner: oifadmin
--

CREATE INDEX evenement_evenement_organisateur_id_31de1f59 ON public.evenement_evenement USING btree (organisateur_id);


--
-- Name: evenement_evenement_pays_concernees_evenement_id_e8c4f8ed; Type: INDEX; Schema: public; Owner: oifadmin
--

CREATE INDEX evenement_evenement_pays_concernees_evenement_id_e8c4f8ed ON public.evenement_evenement_pays_concernees USING btree (evenement_id);


--
-- Name: evenement_evenement_pays_concernees_pays_id_5b1c2002; Type: INDEX; Schema: public; Owner: oifadmin
--

CREATE INDEX evenement_evenement_pays_concernees_pays_id_5b1c2002 ON public.evenement_evenement_pays_concernees USING btree (pays_id);


--
-- Name: evenement_evenement_secteur_concernees_evenement_id_67cfb080; Type: INDEX; Schema: public; Owner: oifadmin
--

CREATE INDEX evenement_evenement_secteur_concernees_evenement_id_67cfb080 ON public.evenement_evenement_secteur_concernees USING btree (evenement_id);


--
-- Name: evenement_evenement_secteur_concernees_secteur_id_144de28d; Type: INDEX; Schema: public; Owner: oifadmin
--

CREATE INDEX evenement_evenement_secteur_concernees_secteur_id_144de28d ON public.evenement_evenement_secteur_concernees USING btree (secteur_id);


--
-- Name: evenement_evenement_tags_evenement_id_944ae005; Type: INDEX; Schema: public; Owner: oifadmin
--

CREATE INDEX evenement_evenement_tags_evenement_id_944ae005 ON public.evenement_evenement_tags USING btree (evenement_id);


--
-- Name: evenement_evenement_tags_tag_id_60774767; Type: INDEX; Schema: public; Owner: oifadmin
--

CREATE INDEX evenement_evenement_tags_tag_id_60774767 ON public.evenement_evenement_tags USING btree (tag_id);


--
-- Name: evenement_evenement_type_evenement_id_5d6b118c; Type: INDEX; Schema: public; Owner: oifadmin
--

CREATE INDEX evenement_evenement_type_evenement_id_5d6b118c ON public.evenement_evenement USING btree (type_evenement_id);


--
-- Name: evenement_inscriptionevenement_evenement_id_3e3959d5; Type: INDEX; Schema: public; Owner: oifadmin
--

CREATE INDEX evenement_inscriptionevenement_evenement_id_3e3959d5 ON public.evenement_inscriptionevenement USING btree (evenement_id);


--
-- Name: evenement_inscriptionevenement_utilisateur_id_fdc11292; Type: INDEX; Schema: public; Owner: oifadmin
--

CREATE INDEX evenement_inscriptionevenement_utilisateur_id_fdc11292 ON public.evenement_inscriptionevenement USING btree (utilisateur_id);


--
-- Name: evenement_missioneconomique_pays_id_63a2b591; Type: INDEX; Schema: public; Owner: oifadmin
--

CREATE INDEX evenement_missioneconomique_pays_id_63a2b591 ON public.evenement_missioneconomique USING btree (pays_id);


--
-- Name: evenement_missioneconomique_secteur_id_09c68d6e; Type: INDEX; Schema: public; Owner: oifadmin
--

CREATE INDEX evenement_missioneconomique_secteur_id_09c68d6e ON public.evenement_missioneconomique USING btree (secteur_id);


--
-- Name: evenement_missioneconomique_slug_31291d63_like; Type: INDEX; Schema: public; Owner: oifadmin
--

CREATE INDEX evenement_missioneconomique_slug_31291d63_like ON public.evenement_missioneconomique USING btree (slug varchar_pattern_ops);


--
-- Name: evenement_missionstat_mission_id_5fe98be8; Type: INDEX; Schema: public; Owner: oifadmin
--

CREATE INDEX evenement_missionstat_mission_id_5fe98be8 ON public.evenement_missionstat USING btree (mission_id);


--
-- Name: evenement_temoignage_auteur_user_id_eff99ce0; Type: INDEX; Schema: public; Owner: oifadmin
--

CREATE INDEX evenement_temoignage_auteur_user_id_eff99ce0 ON public.evenement_temoignage USING btree (auteur_user_id);


--
-- Name: evenement_temoignage_mission_id_5a51d01d; Type: INDEX; Schema: public; Owner: oifadmin
--

CREATE INDEX evenement_temoignage_mission_id_5a51d01d ON public.evenement_temoignage USING btree (mission_id);


--
-- Name: evenement_temoignage_organisation_id_41e065e0; Type: INDEX; Schema: public; Owner: oifadmin
--

CREATE INDEX evenement_temoignage_organisation_id_41e065e0 ON public.evenement_temoignage USING btree (organisation_id);


--
-- Name: evenement_temoignage_pays_id_01277bf8; Type: INDEX; Schema: public; Owner: oifadmin
--

CREATE INDEX evenement_temoignage_pays_id_01277bf8 ON public.evenement_temoignage USING btree (pays_id);


--
-- Name: extension_cours_instructeur_id_886e8cf1; Type: INDEX; Schema: public; Owner: oifadmin
--

CREATE INDEX extension_cours_instructeur_id_886e8cf1 ON public.extension_cours USING btree (instructeur_id);


--
-- Name: extension_cours_participants_cours_id_4d0e08aa; Type: INDEX; Schema: public; Owner: oifadmin
--

CREATE INDEX extension_cours_participants_cours_id_4d0e08aa ON public.extension_cours_participants USING btree (cours_id);


--
-- Name: extension_cours_participants_user_id_1fcbf9ce; Type: INDEX; Schema: public; Owner: oifadmin
--

CREATE INDEX extension_cours_participants_user_id_1fcbf9ce ON public.extension_cours_participants USING btree (user_id);


--
-- Name: extension_cours_pays_cours_id_b13e5be2; Type: INDEX; Schema: public; Owner: oifadmin
--

CREATE INDEX extension_cours_pays_cours_id_b13e5be2 ON public.extension_cours_pays USING btree (cours_id);


--
-- Name: extension_cours_pays_pays_id_b911fc7e; Type: INDEX; Schema: public; Owner: oifadmin
--

CREATE INDEX extension_cours_pays_pays_id_b911fc7e ON public.extension_cours_pays USING btree (pays_id);


--
-- Name: extension_cours_secteurs_cours_id_d53e48f2; Type: INDEX; Schema: public; Owner: oifadmin
--

CREATE INDEX extension_cours_secteurs_cours_id_d53e48f2 ON public.extension_cours_secteurs USING btree (cours_id);


--
-- Name: extension_cours_secteurs_secteur_id_b3bc78d6; Type: INDEX; Schema: public; Owner: oifadmin
--

CREATE INDEX extension_cours_secteurs_secteur_id_b3bc78d6 ON public.extension_cours_secteurs USING btree (secteur_id);


--
-- Name: extension_cours_tags_cours_id_8ac71812; Type: INDEX; Schema: public; Owner: oifadmin
--

CREATE INDEX extension_cours_tags_cours_id_8ac71812 ON public.extension_cours_tags USING btree (cours_id);


--
-- Name: extension_cours_tags_tag_id_25155507; Type: INDEX; Schema: public; Owner: oifadmin
--

CREATE INDEX extension_cours_tags_tag_id_25155507 ON public.extension_cours_tags USING btree (tag_id);


--
-- Name: extension_marketplace_tags_marketplace_id_4ab8a91e; Type: INDEX; Schema: public; Owner: oifadmin
--

CREATE INDEX extension_marketplace_tags_marketplace_id_4ab8a91e ON public.extension_marketplace_tags USING btree (marketplace_id);


--
-- Name: extension_marketplace_tags_tag_id_a5f50c34; Type: INDEX; Schema: public; Owner: oifadmin
--

CREATE INDEX extension_marketplace_tags_tag_id_a5f50c34 ON public.extension_marketplace_tags USING btree (tag_id);


--
-- Name: extension_marketplace_vendeur_id_0554463f; Type: INDEX; Schema: public; Owner: oifadmin
--

CREATE INDEX extension_marketplace_vendeur_id_0554463f ON public.extension_marketplace USING btree (vendeur_id);


--
-- Name: message_discussion_auteur_id_cfa9c818; Type: INDEX; Schema: public; Owner: oifadmin
--

CREATE INDEX message_discussion_auteur_id_cfa9c818 ON public.message_discussion USING btree (auteur_id);


--
-- Name: message_discussion_communaute_id_6599a370; Type: INDEX; Schema: public; Owner: oifadmin
--

CREATE INDEX message_discussion_communaute_id_6599a370 ON public.message_discussion USING btree (communaute_id);


--
-- Name: message_discussion_entreprise_id_f2c8c8f9; Type: INDEX; Schema: public; Owner: oifadmin
--

CREATE INDEX message_discussion_entreprise_id_f2c8c8f9 ON public.message_discussion USING btree (entreprise_id);


--
-- Name: message_discussion_parent_id_16e08740; Type: INDEX; Schema: public; Owner: oifadmin
--

CREATE INDEX message_discussion_parent_id_16e08740 ON public.message_discussion USING btree (parent_id);


--
-- Name: message_matchmaking_user1_id_1ca14b1b; Type: INDEX; Schema: public; Owner: oifadmin
--

CREATE INDEX message_matchmaking_user1_id_1ca14b1b ON public.message_matchmaking USING btree (user1_id);


--
-- Name: message_matchmaking_user2_id_0a4f0401; Type: INDEX; Schema: public; Owner: oifadmin
--

CREATE INDEX message_matchmaking_user2_id_0a4f0401 ON public.message_matchmaking USING btree (user2_id);


--
-- Name: message_message_discussion_id_1f779537; Type: INDEX; Schema: public; Owner: oifadmin
--

CREATE INDEX message_message_discussion_id_1f779537 ON public.message_message USING btree (discussion_id);


--
-- Name: message_message_parent_id_068d3893; Type: INDEX; Schema: public; Owner: oifadmin
--

CREATE INDEX message_message_parent_id_068d3893 ON public.message_message USING btree (parent_id);


--
-- Name: message_message_receiver_id_dc38e7dd; Type: INDEX; Schema: public; Owner: oifadmin
--

CREATE INDEX message_message_receiver_id_dc38e7dd ON public.message_message USING btree (receiver_id);


--
-- Name: message_message_sender_id_b8690ab2; Type: INDEX; Schema: public; Owner: oifadmin
--

CREATE INDEX message_message_sender_id_b8690ab2 ON public.message_message USING btree (sender_id);


--
-- Name: notifications_notification_action_object_content_type_7d2b8ee9; Type: INDEX; Schema: public; Owner: oifadmin
--

CREATE INDEX notifications_notification_action_object_content_type_7d2b8ee9 ON public.notifications_notification USING btree (action_object_content_type_id);


--
-- Name: notifications_notification_actor_content_type_id_0c69d7b7; Type: INDEX; Schema: public; Owner: oifadmin
--

CREATE INDEX notifications_notification_actor_content_type_id_0c69d7b7 ON public.notifications_notification USING btree (actor_content_type_id);


--
-- Name: notifications_notification_deleted_b32b69e6; Type: INDEX; Schema: public; Owner: oifadmin
--

CREATE INDEX notifications_notification_deleted_b32b69e6 ON public.notifications_notification USING btree (deleted);


--
-- Name: notifications_notification_emailed_23a5ad81; Type: INDEX; Schema: public; Owner: oifadmin
--

CREATE INDEX notifications_notification_emailed_23a5ad81 ON public.notifications_notification USING btree (emailed);


--
-- Name: notifications_notification_public_1bc30b1c; Type: INDEX; Schema: public; Owner: oifadmin
--

CREATE INDEX notifications_notification_public_1bc30b1c ON public.notifications_notification USING btree (public);


--
-- Name: notifications_notification_recipient_id_d055f3f0; Type: INDEX; Schema: public; Owner: oifadmin
--

CREATE INDEX notifications_notification_recipient_id_d055f3f0 ON public.notifications_notification USING btree (recipient_id);


--
-- Name: notifications_notification_recipient_id_unread_253aadc9_idx; Type: INDEX; Schema: public; Owner: oifadmin
--

CREATE INDEX notifications_notification_recipient_id_unread_253aadc9_idx ON public.notifications_notification USING btree (recipient_id, unread);


--
-- Name: notifications_notification_target_content_type_id_ccb24d88; Type: INDEX; Schema: public; Owner: oifadmin
--

CREATE INDEX notifications_notification_target_content_type_id_ccb24d88 ON public.notifications_notification USING btree (target_content_type_id);


--
-- Name: notifications_notification_timestamp_6a797bad; Type: INDEX; Schema: public; Owner: oifadmin
--

CREATE INDEX notifications_notification_timestamp_6a797bad ON public.notifications_notification USING btree ("timestamp");


--
-- Name: notifications_notification_unread_cce4be30; Type: INDEX; Schema: public; Owner: oifadmin
--

CREATE INDEX notifications_notification_unread_cce4be30 ON public.notifications_notification USING btree (unread);


--
-- Name: pages_custompage_bloc_id_545e8b56; Type: INDEX; Schema: public; Owner: oifadmin
--

CREATE INDEX pages_custompage_bloc_id_545e8b56 ON public.pages_custompage USING btree (bloc_id);


--
-- Name: pages_media_page_id_410dcb3a; Type: INDEX; Schema: public; Owner: oifadmin
--

CREATE INDEX pages_media_page_id_410dcb3a ON public.pages_media USING btree (page_id);


--
-- Name: pages_tile_bloc_id_ded92256; Type: INDEX; Schema: public; Owner: oifadmin
--

CREATE INDEX pages_tile_bloc_id_ded92256 ON public.pages_tile USING btree (bloc_id);


--
-- Name: pages_url_tile_id_08a73258; Type: INDEX; Schema: public; Owner: oifadmin
--

CREATE INDEX pages_url_tile_id_08a73258 ON public.pages_url USING btree (tile_id);


--
-- Name: params_agerange_libelle_42aca0cb_like; Type: INDEX; Schema: public; Owner: oifadmin
--

CREATE INDEX params_agerange_libelle_42aca0cb_like ON public.params_agerange USING btree (libelle varchar_pattern_ops);


--
-- Name: params_categoriequestion_libelle_3ee6c176_like; Type: INDEX; Schema: public; Owner: oifadmin
--

CREATE INDEX params_categoriequestion_libelle_3ee6c176_like ON public.params_categoriequestion USING btree (libelle varchar_pattern_ops);


--
-- Name: params_chiffreaffaires_libelle_d8a9cf21_like; Type: INDEX; Schema: public; Owner: oifadmin
--

CREATE INDEX params_chiffreaffaires_libelle_d8a9cf21_like ON public.params_chiffreaffaires USING btree (libelle varchar_pattern_ops);


--
-- Name: params_contactpageparams_confidentialite_8023d9d9_like; Type: INDEX; Schema: public; Owner: oifadmin
--

CREATE INDEX params_contactpageparams_confidentialite_8023d9d9_like ON public.params_contactpageparams USING btree (confidentialite varchar_pattern_ops);


--
-- Name: params_contactpageparams_destinaire_26bd93b7_like; Type: INDEX; Schema: public; Owner: oifadmin
--

CREATE INDEX params_contactpageparams_destinaire_26bd93b7_like ON public.params_contactpageparams USING btree (destinataire varchar_pattern_ops);


--
-- Name: params_contactpageparams_email_001284e8_like; Type: INDEX; Schema: public; Owner: oifadmin
--

CREATE INDEX params_contactpageparams_email_001284e8_like ON public.params_contactpageparams USING btree (email varchar_pattern_ops);


--
-- Name: params_contactpageparams_entreprise_e0f9207e_like; Type: INDEX; Schema: public; Owner: oifadmin
--

CREATE INDEX params_contactpageparams_entreprise_e0f9207e_like ON public.params_contactpageparams USING btree (entreprise varchar_pattern_ops);


--
-- Name: params_contactpageparams_message_3f48c86d_like; Type: INDEX; Schema: public; Owner: oifadmin
--

CREATE INDEX params_contactpageparams_message_3f48c86d_like ON public.params_contactpageparams USING btree (message varchar_pattern_ops);


--
-- Name: params_contactpageparams_nom_bbaa8547_like; Type: INDEX; Schema: public; Owner: oifadmin
--

CREATE INDEX params_contactpageparams_nom_bbaa8547_like ON public.params_contactpageparams USING btree (nom varchar_pattern_ops);


--
-- Name: params_contactpageparams_prenom_af7111d6_like; Type: INDEX; Schema: public; Owner: oifadmin
--

CREATE INDEX params_contactpageparams_prenom_af7111d6_like ON public.params_contactpageparams USING btree (prenom varchar_pattern_ops);


--
-- Name: params_contactpageparams_telephone_8df13d7c_like; Type: INDEX; Schema: public; Owner: oifadmin
--

CREATE INDEX params_contactpageparams_telephone_8df13d7c_like ON public.params_contactpageparams USING btree (telephone varchar_pattern_ops);


--
-- Name: params_experienceinternationale_libelle_93abcee2_like; Type: INDEX; Schema: public; Owner: oifadmin
--

CREATE INDEX params_experienceinternationale_libelle_93abcee2_like ON public.params_experienceinternationale USING btree (libelle varchar_pattern_ops);


--
-- Name: params_formejuridique_libelle_c7750edc_like; Type: INDEX; Schema: public; Owner: oifadmin
--

CREATE INDEX params_formejuridique_libelle_c7750edc_like ON public.params_formejuridique USING btree (libelle varchar_pattern_ops);


--
-- Name: params_mission_libelle_af755dcb_like; Type: INDEX; Schema: public; Owner: oifadmin
--

CREATE INDEX params_mission_libelle_af755dcb_like ON public.params_mission USING btree (libelle varchar_pattern_ops);


--
-- Name: params_objectif_libelle_24381900_like; Type: INDEX; Schema: public; Owner: oifadmin
--

CREATE INDEX params_objectif_libelle_24381900_like ON public.params_objectif USING btree (libelle varchar_pattern_ops);


--
-- Name: params_pays_code_iso_fe54ad8f_like; Type: INDEX; Schema: public; Owner: oifadmin
--

CREATE INDEX params_pays_code_iso_fe54ad8f_like ON public.params_pays USING btree (code_iso varchar_pattern_ops);


--
-- Name: params_pays_nom_f28c92ff_like; Type: INDEX; Schema: public; Owner: oifadmin
--

CREATE INDEX params_pays_nom_f28c92ff_like ON public.params_pays USING btree (nom varchar_pattern_ops);


--
-- Name: params_regioncible_libelle_70c0b1d3_like; Type: INDEX; Schema: public; Owner: oifadmin
--

CREATE INDEX params_regioncible_libelle_70c0b1d3_like ON public.params_regioncible USING btree (libelle varchar_pattern_ops);


--
-- Name: params_secteur_code_naf_032e5e98_like; Type: INDEX; Schema: public; Owner: oifadmin
--

CREATE INDEX params_secteur_code_naf_032e5e98_like ON public.params_secteur USING btree (code_naf varchar_pattern_ops);


--
-- Name: params_secteur_nom_e253ec3c_like; Type: INDEX; Schema: public; Owner: oifadmin
--

CREATE INDEX params_secteur_nom_e253ec3c_like ON public.params_secteur USING btree (nom varchar_pattern_ops);


--
-- Name: params_secteur_parent_id_6da6de6f; Type: INDEX; Schema: public; Owner: oifadmin
--

CREATE INDEX params_secteur_parent_id_6da6de6f ON public.params_secteur USING btree (parent_id);


--
-- Name: params_sexe_libelle_03f67c68_like; Type: INDEX; Schema: public; Owner: oifadmin
--

CREATE INDEX params_sexe_libelle_03f67c68_like ON public.params_sexe USING btree (libelle varchar_pattern_ops);


--
-- Name: params_stattype_libelle_0dca8531_like; Type: INDEX; Schema: public; Owner: oifadmin
--

CREATE INDEX params_stattype_libelle_0dca8531_like ON public.params_stattype USING btree (libelle varchar_pattern_ops);


--
-- Name: params_statutopportunite_libelle_0302afaf_like; Type: INDEX; Schema: public; Owner: oifadmin
--

CREATE INDEX params_statutopportunite_libelle_0302afaf_like ON public.params_statutopportunite USING btree (libelle varchar_pattern_ops);


--
-- Name: params_tag_nom_9aba672c_like; Type: INDEX; Schema: public; Owner: oifadmin
--

CREATE INDEX params_tag_nom_9aba672c_like ON public.params_tag USING btree (nom varchar_pattern_ops);


--
-- Name: params_taille_libelle_d02e9aa4_like; Type: INDEX; Schema: public; Owner: oifadmin
--

CREATE INDEX params_taille_libelle_d02e9aa4_like ON public.params_taille USING btree (libelle varchar_pattern_ops);


--
-- Name: params_typedocument_libelle_ee14d966_like; Type: INDEX; Schema: public; Owner: oifadmin
--

CREATE INDEX params_typedocument_libelle_ee14d966_like ON public.params_typedocument USING btree (libelle varchar_pattern_ops);


--
-- Name: params_typeevenement_libelle_19811996_like; Type: INDEX; Schema: public; Owner: oifadmin
--

CREATE INDEX params_typeevenement_libelle_19811996_like ON public.params_typeevenement USING btree (libelle varchar_pattern_ops);


--
-- Name: params_typeopportunite_libelle_b04fc88b_like; Type: INDEX; Schema: public; Owner: oifadmin
--

CREATE INDEX params_typeopportunite_libelle_b04fc88b_like ON public.params_typeopportunite USING btree (libelle varchar_pattern_ops);


--
-- Name: params_typeressource_libelle_50312389_like; Type: INDEX; Schema: public; Owner: oifadmin
--

CREATE INDEX params_typeressource_libelle_50312389_like ON public.params_typeressource USING btree (libelle varchar_pattern_ops);


--
-- Name: params_typeuser_code_e50dd3eb_like; Type: INDEX; Schema: public; Owner: oifadmin
--

CREATE INDEX params_typeuser_code_e50dd3eb_like ON public.params_typeusager USING btree (code varchar_pattern_ops);


--
-- Name: params_typeuser_libelle_8d53dc92_like; Type: INDEX; Schema: public; Owner: oifadmin
--

CREATE INDEX params_typeuser_libelle_8d53dc92_like ON public.params_typeusager USING btree (libelle varchar_pattern_ops);


--
-- Name: params_typeuser_user_group_id_8826c72b; Type: INDEX; Schema: public; Owner: oifadmin
--

CREATE INDEX params_typeuser_user_group_id_8826c72b ON public.params_typeusager USING btree (user_group_id);


--
-- Name: params_verificationstatut_libelle_25feb036_like; Type: INDEX; Schema: public; Owner: oifadmin
--

CREATE INDEX params_verificationstatut_libelle_25feb036_like ON public.params_verificationstatut USING btree (libelle varchar_pattern_ops);


--
-- Name: ressource_opportunite_entreprise_id_e8179f01; Type: INDEX; Schema: public; Owner: oifadmin
--

CREATE INDEX ressource_opportunite_entreprise_id_e8179f01 ON public.ressource_opportunite USING btree (entreprise_id);


--
-- Name: ressource_opportunite_mots_cles_opportunite_id_27333f1d; Type: INDEX; Schema: public; Owner: oifadmin
--

CREATE INDEX ressource_opportunite_mots_cles_opportunite_id_27333f1d ON public.ressource_opportunite_mots_cles USING btree (opportunite_id);


--
-- Name: ressource_opportunite_mots_cles_tag_id_186bcc7a; Type: INDEX; Schema: public; Owner: oifadmin
--

CREATE INDEX ressource_opportunite_mots_cles_tag_id_186bcc7a ON public.ressource_opportunite_mots_cles USING btree (tag_id);


--
-- Name: ressource_opportunite_pays_cible_id_3b225222; Type: INDEX; Schema: public; Owner: oifadmin
--

CREATE INDEX ressource_opportunite_pays_cible_id_3b225222 ON public.ressource_opportunite USING btree (pays_cible_id);


--
-- Name: ressource_opportunite_secteur_id_18344221; Type: INDEX; Schema: public; Owner: oifadmin
--

CREATE INDEX ressource_opportunite_secteur_id_18344221 ON public.ressource_opportunite USING btree (secteur_id);


--
-- Name: ressource_opportunite_statut_id_9c43489d; Type: INDEX; Schema: public; Owner: oifadmin
--

CREATE INDEX ressource_opportunite_statut_id_9c43489d ON public.ressource_opportunite USING btree (statut_id);


--
-- Name: ressource_opportunite_type_opportunite_id_f98df40b; Type: INDEX; Schema: public; Owner: oifadmin
--

CREATE INDEX ressource_opportunite_type_opportunite_id_f98df40b ON public.ressource_opportunite USING btree (type_opportunite_id);


--
-- Name: ressource_opportunite_utilisateur_id_8b31ffe6; Type: INDEX; Schema: public; Owner: oifadmin
--

CREATE INDEX ressource_opportunite_utilisateur_id_8b31ffe6 ON public.ressource_opportunite USING btree (utilisateur_id);


--
-- Name: ressource_ressource_contributeur_id_f714d0fc; Type: INDEX; Schema: public; Owner: oifadmin
--

CREATE INDEX ressource_ressource_contributeur_id_f714d0fc ON public.ressource_ressource USING btree (contributeur_id);


--
-- Name: ressource_ressource_mots_cles_ressource_id_b7e9a6cf; Type: INDEX; Schema: public; Owner: oifadmin
--

CREATE INDEX ressource_ressource_mots_cles_ressource_id_b7e9a6cf ON public.ressource_ressource_mots_cles USING btree (ressource_id);


--
-- Name: ressource_ressource_mots_cles_tag_id_4662b45e; Type: INDEX; Schema: public; Owner: oifadmin
--

CREATE INDEX ressource_ressource_mots_cles_tag_id_4662b45e ON public.ressource_ressource_mots_cles USING btree (tag_id);


--
-- Name: ressource_ressource_pays_pays_id_8f0aa42a; Type: INDEX; Schema: public; Owner: oifadmin
--

CREATE INDEX ressource_ressource_pays_pays_id_8f0aa42a ON public.ressource_ressource_pays USING btree (pays_id);


--
-- Name: ressource_ressource_pays_ressource_id_2c63be76; Type: INDEX; Schema: public; Owner: oifadmin
--

CREATE INDEX ressource_ressource_pays_ressource_id_2c63be76 ON public.ressource_ressource_pays USING btree (ressource_id);


--
-- Name: ressource_ressource_secteurs_ressource_id_c331a869; Type: INDEX; Schema: public; Owner: oifadmin
--

CREATE INDEX ressource_ressource_secteurs_ressource_id_c331a869 ON public.ressource_ressource_secteurs USING btree (ressource_id);


--
-- Name: ressource_ressource_secteurs_secteur_id_8dbd51d8; Type: INDEX; Schema: public; Owner: oifadmin
--

CREATE INDEX ressource_ressource_secteurs_secteur_id_8dbd51d8 ON public.ressource_ressource_secteurs USING btree (secteur_id);


--
-- Name: ressource_ressource_type_ressource_id_7c9df559; Type: INDEX; Schema: public; Owner: oifadmin
--

CREATE INDEX ressource_ressource_type_ressource_id_7c9df559 ON public.ressource_ressource USING btree (type_ressource_id);


--
-- Name: accounts_favorite accounts_favorite_user_id_081a5fb5_fk_accounts_user_id; Type: FK CONSTRAINT; Schema: public; Owner: oifadmin
--

ALTER TABLE ONLY public.accounts_favorite
    ADD CONSTRAINT accounts_favorite_user_id_081a5fb5_fk_accounts_user_id FOREIGN KEY (user_id) REFERENCES public.accounts_user(id) DEFERRABLE INITIALLY DEFERRED;


--
-- Name: accounts_user accounts_user_age_id_c02abcf0_fk_params_agerange_id; Type: FK CONSTRAINT; Schema: public; Owner: oifadmin
--

ALTER TABLE ONLY public.accounts_user
    ADD CONSTRAINT accounts_user_age_id_c02abcf0_fk_params_agerange_id FOREIGN KEY (age_id) REFERENCES public.params_agerange(id) DEFERRABLE INITIALLY DEFERRED;


--
-- Name: accounts_user_groups accounts_user_groups_group_id_bd11a704_fk_auth_group_id; Type: FK CONSTRAINT; Schema: public; Owner: oifadmin
--

ALTER TABLE ONLY public.accounts_user_groups
    ADD CONSTRAINT accounts_user_groups_group_id_bd11a704_fk_auth_group_id FOREIGN KEY (group_id) REFERENCES public.auth_group(id) DEFERRABLE INITIALLY DEFERRED;


--
-- Name: accounts_user_groups accounts_user_groups_user_id_52b62117_fk_accounts_user_id; Type: FK CONSTRAINT; Schema: public; Owner: oifadmin
--

ALTER TABLE ONLY public.accounts_user_groups
    ADD CONSTRAINT accounts_user_groups_user_id_52b62117_fk_accounts_user_id FOREIGN KEY (user_id) REFERENCES public.accounts_user(id) DEFERRABLE INITIALLY DEFERRED;


--
-- Name: accounts_user_multimedia accounts_user_multim_multimedia_id_b04735e2_fk_params_mu; Type: FK CONSTRAINT; Schema: public; Owner: oifadmin
--

ALTER TABLE ONLY public.accounts_user_multimedia
    ADD CONSTRAINT accounts_user_multim_multimedia_id_b04735e2_fk_params_mu FOREIGN KEY (multimedia_id) REFERENCES public.params_multimedia(id) DEFERRABLE INITIALLY DEFERRED;


--
-- Name: accounts_user_multimedia accounts_user_multimedia_user_id_809c3e43_fk_accounts_user_id; Type: FK CONSTRAINT; Schema: public; Owner: oifadmin
--

ALTER TABLE ONLY public.accounts_user_multimedia
    ADD CONSTRAINT accounts_user_multimedia_user_id_809c3e43_fk_accounts_user_id FOREIGN KEY (user_id) REFERENCES public.accounts_user(id) DEFERRABLE INITIALLY DEFERRED;


--
-- Name: accounts_user_secteurs accounts_user_secteurs_secteur_id_5ab41d8f_fk_params_secteur_id; Type: FK CONSTRAINT; Schema: public; Owner: oifadmin
--

ALTER TABLE ONLY public.accounts_user_secteurs
    ADD CONSTRAINT accounts_user_secteurs_secteur_id_5ab41d8f_fk_params_secteur_id FOREIGN KEY (secteur_id) REFERENCES public.params_secteur(id) DEFERRABLE INITIALLY DEFERRED;


--
-- Name: accounts_user_secteurs accounts_user_secteurs_user_id_6d83dd6b_fk_accounts_user_id; Type: FK CONSTRAINT; Schema: public; Owner: oifadmin
--

ALTER TABLE ONLY public.accounts_user_secteurs
    ADD CONSTRAINT accounts_user_secteurs_user_id_6d83dd6b_fk_accounts_user_id FOREIGN KEY (user_id) REFERENCES public.accounts_user(id) DEFERRABLE INITIALLY DEFERRED;


--
-- Name: accounts_user accounts_user_sexe_id_7362b686_fk_params_sexe_id; Type: FK CONSTRAINT; Schema: public; Owner: oifadmin
--

ALTER TABLE ONLY public.accounts_user
    ADD CONSTRAINT accounts_user_sexe_id_7362b686_fk_params_sexe_id FOREIGN KEY (sexe_id) REFERENCES public.params_sexe(id) DEFERRABLE INITIALLY DEFERRED;


--
-- Name: accounts_user_user_permissions accounts_user_user_p_permission_id_113bb443_fk_auth_perm; Type: FK CONSTRAINT; Schema: public; Owner: oifadmin
--

ALTER TABLE ONLY public.accounts_user_user_permissions
    ADD CONSTRAINT accounts_user_user_p_permission_id_113bb443_fk_auth_perm FOREIGN KEY (permission_id) REFERENCES public.auth_permission(id) DEFERRABLE INITIALLY DEFERRED;


--
-- Name: accounts_user_user_permissions accounts_user_user_p_user_id_e4f0a161_fk_accounts_; Type: FK CONSTRAINT; Schema: public; Owner: oifadmin
--

ALTER TABLE ONLY public.accounts_user_user_permissions
    ADD CONSTRAINT accounts_user_user_p_user_id_e4f0a161_fk_accounts_ FOREIGN KEY (user_id) REFERENCES public.accounts_user(id) DEFERRABLE INITIALLY DEFERRED;


--
-- Name: accounts_user accounts_user_user_type_id_7573edb0_fk_params_typeusager_id; Type: FK CONSTRAINT; Schema: public; Owner: oifadmin
--

ALTER TABLE ONLY public.accounts_user
    ADD CONSTRAINT accounts_user_user_type_id_7573edb0_fk_params_typeusager_id FOREIGN KEY (user_type_id) REFERENCES public.params_typeusager(id) DEFERRABLE INITIALLY DEFERRED;


--
-- Name: analyses_autodiaganswer analyses_autodiagans_question_id_09a26202_fk_analyses_; Type: FK CONSTRAINT; Schema: public; Owner: oifadmin
--

ALTER TABLE ONLY public.analyses_autodiaganswer
    ADD CONSTRAINT analyses_autodiagans_question_id_09a26202_fk_analyses_ FOREIGN KEY (question_id) REFERENCES public.analyses_autodiagquestion(id) DEFERRABLE INITIALLY DEFERRED;


--
-- Name: analyses_autodiagcomment analyses_autodiagcom_question_id_89d00cbe_fk_analyses_; Type: FK CONSTRAINT; Schema: public; Owner: oifadmin
--

ALTER TABLE ONLY public.analyses_autodiagcomment
    ADD CONSTRAINT analyses_autodiagcom_question_id_89d00cbe_fk_analyses_ FOREIGN KEY (question_id) REFERENCES public.analyses_autodiagquestion(id) DEFERRABLE INITIALLY DEFERRED;


--
-- Name: analyses_autodiagcomment analyses_autodiagcom_ressource_id_82180fb6_fk_ressource; Type: FK CONSTRAINT; Schema: public; Owner: oifadmin
--

ALTER TABLE ONLY public.analyses_autodiagcomment
    ADD CONSTRAINT analyses_autodiagcom_ressource_id_82180fb6_fk_ressource FOREIGN KEY (ressource_id) REFERENCES public.ressource_ressource(id) DEFERRABLE INITIALLY DEFERRED;


--
-- Name: analyses_autodiagquestion analyses_autodiagque_category_id_b513eb4e_fk_params_ca; Type: FK CONSTRAINT; Schema: public; Owner: oifadmin
--

ALTER TABLE ONLY public.analyses_autodiagquestion
    ADD CONSTRAINT analyses_autodiagque_category_id_b513eb4e_fk_params_ca FOREIGN KEY (category_id) REFERENCES public.params_categoriequestion(id) DEFERRABLE INITIALLY DEFERRED;


--
-- Name: analyses_autodiagsession analyses_autodiagses_cree_par_id_8a78ddac_fk_accounts_; Type: FK CONSTRAINT; Schema: public; Owner: oifadmin
--

ALTER TABLE ONLY public.analyses_autodiagsession
    ADD CONSTRAINT analyses_autodiagses_cree_par_id_8a78ddac_fk_accounts_ FOREIGN KEY (cree_par_id) REFERENCES public.accounts_user(id) DEFERRABLE INITIALLY DEFERRED;


--
-- Name: analyses_autodiagsession analyses_autodiagses_entreprise_id_51f37c90_fk_entrepris; Type: FK CONSTRAINT; Schema: public; Owner: oifadmin
--

ALTER TABLE ONLY public.analyses_autodiagsession
    ADD CONSTRAINT analyses_autodiagses_entreprise_id_51f37c90_fk_entrepris FOREIGN KEY (entreprise_id) REFERENCES public.entreprise_entreprise(id) DEFERRABLE INITIALLY DEFERRED;


--
-- Name: analyses_autodiaguserresponse analyses_autodiaguse_autodiag_id_c92ae825_fk_analyses_; Type: FK CONSTRAINT; Schema: public; Owner: oifadmin
--

ALTER TABLE ONLY public.analyses_autodiaguserresponse
    ADD CONSTRAINT analyses_autodiaguse_autodiag_id_c92ae825_fk_analyses_ FOREIGN KEY (autodiag_id) REFERENCES public.analyses_autodiagsession(id) DEFERRABLE INITIALLY DEFERRED;


--
-- Name: analyses_autodiaguserresponse analyses_autodiaguse_question_id_0be48144_fk_analyses_; Type: FK CONSTRAINT; Schema: public; Owner: oifadmin
--

ALTER TABLE ONLY public.analyses_autodiaguserresponse
    ADD CONSTRAINT analyses_autodiaguse_question_id_0be48144_fk_analyses_ FOREIGN KEY (question_id) REFERENCES public.analyses_autodiagquestion(id) DEFERRABLE INITIALLY DEFERRED;


--
-- Name: analyses_autodiaguserresponse analyses_autodiaguse_selected_answer_id_238f2846_fk_analyses_; Type: FK CONSTRAINT; Schema: public; Owner: oifadmin
--

ALTER TABLE ONLY public.analyses_autodiaguserresponse
    ADD CONSTRAINT analyses_autodiaguse_selected_answer_id_238f2846_fk_analyses_ FOREIGN KEY (selected_answer_id) REFERENCES public.analyses_autodiaganswer(id) DEFERRABLE INITIALLY DEFERRED;


--
-- Name: analyses_autodiaguserresponse analyses_autodiaguse_user_id_c433cf55_fk_accounts_; Type: FK CONSTRAINT; Schema: public; Owner: oifadmin
--

ALTER TABLE ONLY public.analyses_autodiaguserresponse
    ADD CONSTRAINT analyses_autodiaguse_user_id_c433cf55_fk_accounts_ FOREIGN KEY (user_id) REFERENCES public.accounts_user(id) DEFERRABLE INITIALLY DEFERRED;


--
-- Name: analyses_statistiqueutilisateur analyses_statistique_type_stat_id_86e4558b_fk_params_st; Type: FK CONSTRAINT; Schema: public; Owner: oifadmin
--

ALTER TABLE ONLY public.analyses_statistiqueutilisateur
    ADD CONSTRAINT analyses_statistique_type_stat_id_86e4558b_fk_params_st FOREIGN KEY (type_stat_id) REFERENCES public.params_stattype(id) DEFERRABLE INITIALLY DEFERRED;


--
-- Name: analyses_statistiqueutilisateur analyses_statistique_user_id_5a073869_fk_accounts_; Type: FK CONSTRAINT; Schema: public; Owner: oifadmin
--

ALTER TABLE ONLY public.analyses_statistiqueutilisateur
    ADD CONSTRAINT analyses_statistique_user_id_5a073869_fk_accounts_ FOREIGN KEY (user_id) REFERENCES public.accounts_user(id) DEFERRABLE INITIALLY DEFERRED;


--
-- Name: auth_group_permissions auth_group_permissio_permission_id_84c5c92e_fk_auth_perm; Type: FK CONSTRAINT; Schema: public; Owner: oifadmin
--

ALTER TABLE ONLY public.auth_group_permissions
    ADD CONSTRAINT auth_group_permissio_permission_id_84c5c92e_fk_auth_perm FOREIGN KEY (permission_id) REFERENCES public.auth_permission(id) DEFERRABLE INITIALLY DEFERRED;


--
-- Name: auth_group_permissions auth_group_permissions_group_id_b120cbf9_fk_auth_group_id; Type: FK CONSTRAINT; Schema: public; Owner: oifadmin
--

ALTER TABLE ONLY public.auth_group_permissions
    ADD CONSTRAINT auth_group_permissions_group_id_b120cbf9_fk_auth_group_id FOREIGN KEY (group_id) REFERENCES public.auth_group(id) DEFERRABLE INITIALLY DEFERRED;


--
-- Name: auth_permission auth_permission_content_type_id_2f476e4b_fk_django_co; Type: FK CONSTRAINT; Schema: public; Owner: oifadmin
--

ALTER TABLE ONLY public.auth_permission
    ADD CONSTRAINT auth_permission_content_type_id_2f476e4b_fk_django_co FOREIGN KEY (content_type_id) REFERENCES public.django_content_type(id) DEFERRABLE INITIALLY DEFERRED;


--
-- Name: background_task_completedtask background_task_comp_creator_content_type_21d6a741_fk_django_co; Type: FK CONSTRAINT; Schema: public; Owner: oifadmin
--

ALTER TABLE ONLY public.background_task_completedtask
    ADD CONSTRAINT background_task_comp_creator_content_type_21d6a741_fk_django_co FOREIGN KEY (creator_content_type_id) REFERENCES public.django_content_type(id) DEFERRABLE INITIALLY DEFERRED;


--
-- Name: background_task background_task_creator_content_type_61cc9af3_fk_django_co; Type: FK CONSTRAINT; Schema: public; Owner: oifadmin
--

ALTER TABLE ONLY public.background_task
    ADD CONSTRAINT background_task_creator_content_type_61cc9af3_fk_django_co FOREIGN KEY (creator_content_type_id) REFERENCES public.django_content_type(id) DEFERRABLE INITIALLY DEFERRED;


--
-- Name: betterFlatPages_flatpage_sites betterFlatPages_flat_flatpage_id_eca6dcef_fk_betterFla; Type: FK CONSTRAINT; Schema: public; Owner: oifadmin
--

ALTER TABLE ONLY public."betterFlatPages_flatpage_sites"
    ADD CONSTRAINT "betterFlatPages_flat_flatpage_id_eca6dcef_fk_betterFla" FOREIGN KEY (flatpage_id) REFERENCES public."betterFlatPages_flatpage"(id) DEFERRABLE INITIALLY DEFERRED;


--
-- Name: betterFlatPages_flatpage_sites betterFlatPages_flat_site_id_204b696a_fk_django_si; Type: FK CONSTRAINT; Schema: public; Owner: oifadmin
--

ALTER TABLE ONLY public."betterFlatPages_flatpage_sites"
    ADD CONSTRAINT "betterFlatPages_flat_site_id_204b696a_fk_django_si" FOREIGN KEY (site_id) REFERENCES public.django_site(id) DEFERRABLE INITIALLY DEFERRED;


--
-- Name: django_admin_log django_admin_log_content_type_id_c4bce8eb_fk_django_co; Type: FK CONSTRAINT; Schema: public; Owner: oifadmin
--

ALTER TABLE ONLY public.django_admin_log
    ADD CONSTRAINT django_admin_log_content_type_id_c4bce8eb_fk_django_co FOREIGN KEY (content_type_id) REFERENCES public.django_content_type(id) DEFERRABLE INITIALLY DEFERRED;


--
-- Name: django_admin_log django_admin_log_user_id_c564eba6_fk_accounts_user_id; Type: FK CONSTRAINT; Schema: public; Owner: oifadmin
--

ALTER TABLE ONLY public.django_admin_log
    ADD CONSTRAINT django_admin_log_user_id_c564eba6_fk_accounts_user_id FOREIGN KEY (user_id) REFERENCES public.accounts_user(id) DEFERRABLE INITIALLY DEFERRED;


--
-- Name: entreprise_bureau entreprise_bureau_entreprise_id_ffe9d350_fk_entrepris; Type: FK CONSTRAINT; Schema: public; Owner: oifadmin
--

ALTER TABLE ONLY public.entreprise_bureau
    ADD CONSTRAINT entreprise_bureau_entreprise_id_ffe9d350_fk_entrepris FOREIGN KEY (entreprise_id) REFERENCES public.entreprise_entreprise(id) DEFERRABLE INITIALLY DEFERRED;


--
-- Name: entreprise_bureau entreprise_bureau_pays_id_2bc804a3_fk_params_pays_id; Type: FK CONSTRAINT; Schema: public; Owner: oifadmin
--

ALTER TABLE ONLY public.entreprise_bureau
    ADD CONSTRAINT entreprise_bureau_pays_id_2bc804a3_fk_params_pays_id FOREIGN KEY (pays_id) REFERENCES public.params_pays(id) DEFERRABLE INITIALLY DEFERRED;


--
-- Name: entreprise_bureau entreprise_bureau_representant_id_0f3710ab_fk_accounts_user_id; Type: FK CONSTRAINT; Schema: public; Owner: oifadmin
--

ALTER TABLE ONLY public.entreprise_bureau
    ADD CONSTRAINT entreprise_bureau_representant_id_0f3710ab_fk_accounts_user_id FOREIGN KEY (representant_id) REFERENCES public.accounts_user(id) DEFERRABLE INITIALLY DEFERRED;


--
-- Name: entreprise_bureau entreprise_bureau_secteur_id_1a69ac9c_fk_params_secteur_id; Type: FK CONSTRAINT; Schema: public; Owner: oifadmin
--

ALTER TABLE ONLY public.entreprise_bureau
    ADD CONSTRAINT entreprise_bureau_secteur_id_1a69ac9c_fk_params_secteur_id FOREIGN KEY (secteur_id) REFERENCES public.params_secteur(id) DEFERRABLE INITIALLY DEFERRED;


--
-- Name: entreprise_bureau_tags entreprise_bureau_ta_bureau_id_aacdc78b_fk_entrepris; Type: FK CONSTRAINT; Schema: public; Owner: oifadmin
--

ALTER TABLE ONLY public.entreprise_bureau_tags
    ADD CONSTRAINT entreprise_bureau_ta_bureau_id_aacdc78b_fk_entrepris FOREIGN KEY (bureau_id) REFERENCES public.entreprise_bureau(id) DEFERRABLE INITIALLY DEFERRED;


--
-- Name: entreprise_bureau_tags entreprise_bureau_tags_tag_id_ae0deecb_fk_params_tag_id; Type: FK CONSTRAINT; Schema: public; Owner: oifadmin
--

ALTER TABLE ONLY public.entreprise_bureau_tags
    ADD CONSTRAINT entreprise_bureau_tags_tag_id_ae0deecb_fk_params_tag_id FOREIGN KEY (tag_id) REFERENCES public.params_tag(id) DEFERRABLE INITIALLY DEFERRED;


--
-- Name: entreprise_communaute entreprise_communaut_entreprise_id_848b98c3_fk_entrepris; Type: FK CONSTRAINT; Schema: public; Owner: oifadmin
--

ALTER TABLE ONLY public.entreprise_communaute
    ADD CONSTRAINT entreprise_communaut_entreprise_id_848b98c3_fk_entrepris FOREIGN KEY (entreprise_id) REFERENCES public.entreprise_entreprise(id) DEFERRABLE INITIALLY DEFERRED;


--
-- Name: entreprise_communaute entreprise_communaut_proprietaire_id_a5b0d76d_fk_accounts_; Type: FK CONSTRAINT; Schema: public; Owner: oifadmin
--

ALTER TABLE ONLY public.entreprise_communaute
    ADD CONSTRAINT entreprise_communaut_proprietaire_id_a5b0d76d_fk_accounts_ FOREIGN KEY (proprietaire_id) REFERENCES public.accounts_user(id) DEFERRABLE INITIALLY DEFERRED;


--
-- Name: entreprise_documentverification entreprise_documentv_entreprise_id_fc2dbfde_fk_entrepris; Type: FK CONSTRAINT; Schema: public; Owner: oifadmin
--

ALTER TABLE ONLY public.entreprise_documentverification
    ADD CONSTRAINT entreprise_documentv_entreprise_id_fc2dbfde_fk_entrepris FOREIGN KEY (entreprise_id) REFERENCES public.entreprise_entreprise(id) DEFERRABLE INITIALLY DEFERRED;


--
-- Name: entreprise_documentverification entreprise_documentv_type_document_id_8afce92b_fk_params_ty; Type: FK CONSTRAINT; Schema: public; Owner: oifadmin
--

ALTER TABLE ONLY public.entreprise_documentverification
    ADD CONSTRAINT entreprise_documentv_type_document_id_8afce92b_fk_params_ty FOREIGN KEY (type_document_id) REFERENCES public.params_typedocument(id) DEFERRABLE INITIALLY DEFERRED;


--
-- Name: entreprise_entreprise entreprise_entrepris_chiffre_affaires_id_9eaec2c9_fk_params_ch; Type: FK CONSTRAINT; Schema: public; Owner: oifadmin
--

ALTER TABLE ONLY public.entreprise_entreprise
    ADD CONSTRAINT entreprise_entrepris_chiffre_affaires_id_9eaec2c9_fk_params_ch FOREIGN KEY (chiffre_affaires_id) REFERENCES public.params_chiffreaffaires(id) DEFERRABLE INITIALLY DEFERRED;


--
-- Name: entreprise_entreprise_objectifs entreprise_entrepris_entreprise_id_03d91027_fk_entrepris; Type: FK CONSTRAINT; Schema: public; Owner: oifadmin
--

ALTER TABLE ONLY public.entreprise_entreprise_objectifs
    ADD CONSTRAINT entreprise_entrepris_entreprise_id_03d91027_fk_entrepris FOREIGN KEY (entreprise_id) REFERENCES public.entreprise_entreprise(id) DEFERRABLE INITIALLY DEFERRED;


--
-- Name: entreprise_entreprise_marche_cibles entreprise_entrepris_entreprise_id_2a16725c_fk_entrepris; Type: FK CONSTRAINT; Schema: public; Owner: oifadmin
--

ALTER TABLE ONLY public.entreprise_entreprise_marche_cibles
    ADD CONSTRAINT entreprise_entrepris_entreprise_id_2a16725c_fk_entrepris FOREIGN KEY (entreprise_id) REFERENCES public.entreprise_entreprise(id) DEFERRABLE INITIALLY DEFERRED;


--
-- Name: entreprise_entreprise_marches_actuels entreprise_entrepris_entreprise_id_3ce33332_fk_entrepris; Type: FK CONSTRAINT; Schema: public; Owner: oifadmin
--

ALTER TABLE ONLY public.entreprise_entreprise_marches_actuels
    ADD CONSTRAINT entreprise_entrepris_entreprise_id_3ce33332_fk_entrepris FOREIGN KEY (entreprise_id) REFERENCES public.entreprise_entreprise(id) DEFERRABLE INITIALLY DEFERRED;


--
-- Name: entreprise_entreprise_missions_participes entreprise_entrepris_entreprise_id_5b6873e6_fk_entrepris; Type: FK CONSTRAINT; Schema: public; Owner: oifadmin
--

ALTER TABLE ONLY public.entreprise_entreprise_missions_participes
    ADD CONSTRAINT entreprise_entrepris_entreprise_id_5b6873e6_fk_entrepris FOREIGN KEY (entreprise_id) REFERENCES public.entreprise_entreprise(id) DEFERRABLE INITIALLY DEFERRED;


--
-- Name: entreprise_entreprise_secteurs entreprise_entrepris_entreprise_id_be3fa258_fk_entrepris; Type: FK CONSTRAINT; Schema: public; Owner: oifadmin
--

ALTER TABLE ONLY public.entreprise_entreprise_secteurs
    ADD CONSTRAINT entreprise_entrepris_entreprise_id_be3fa258_fk_entrepris FOREIGN KEY (entreprise_id) REFERENCES public.entreprise_entreprise(id) DEFERRABLE INITIALLY DEFERRED;


--
-- Name: entreprise_entreprise_multimedia entreprise_entrepris_entreprise_id_e375e000_fk_entrepris; Type: FK CONSTRAINT; Schema: public; Owner: oifadmin
--

ALTER TABLE ONLY public.entreprise_entreprise_multimedia
    ADD CONSTRAINT entreprise_entrepris_entreprise_id_e375e000_fk_entrepris FOREIGN KEY (entreprise_id) REFERENCES public.entreprise_entreprise(id) DEFERRABLE INITIALLY DEFERRED;


--
-- Name: entreprise_entreprise_tags entreprise_entrepris_entreprise_id_f26efd22_fk_entrepris; Type: FK CONSTRAINT; Schema: public; Owner: oifadmin
--

ALTER TABLE ONLY public.entreprise_entreprise_tags
    ADD CONSTRAINT entreprise_entrepris_entreprise_id_f26efd22_fk_entrepris FOREIGN KEY (entreprise_id) REFERENCES public.entreprise_entreprise(id) DEFERRABLE INITIALLY DEFERRED;


--
-- Name: entreprise_entreprise entreprise_entrepris_experience_internati_e493037c_fk_params_ex; Type: FK CONSTRAINT; Schema: public; Owner: oifadmin
--

ALTER TABLE ONLY public.entreprise_entreprise
    ADD CONSTRAINT entreprise_entrepris_experience_internati_e493037c_fk_params_ex FOREIGN KEY (experience_internationale_id) REFERENCES public.params_experienceinternationale(id) DEFERRABLE INITIALLY DEFERRED;


--
-- Name: entreprise_entreprise entreprise_entrepris_forme_juridique_id_c37056e5_fk_params_fo; Type: FK CONSTRAINT; Schema: public; Owner: oifadmin
--

ALTER TABLE ONLY public.entreprise_entreprise
    ADD CONSTRAINT entreprise_entrepris_forme_juridique_id_c37056e5_fk_params_fo FOREIGN KEY (forme_juridique_id) REFERENCES public.params_formejuridique(id) DEFERRABLE INITIALLY DEFERRED;


--
-- Name: entreprise_entreprise_missions_participes entreprise_entrepris_mission_id_559bbf48_fk_params_mi; Type: FK CONSTRAINT; Schema: public; Owner: oifadmin
--

ALTER TABLE ONLY public.entreprise_entreprise_missions_participes
    ADD CONSTRAINT entreprise_entrepris_mission_id_559bbf48_fk_params_mi FOREIGN KEY (mission_id) REFERENCES public.params_mission(id) DEFERRABLE INITIALLY DEFERRED;


--
-- Name: entreprise_entreprise_multimedia entreprise_entrepris_multimedia_id_011f348e_fk_params_mu; Type: FK CONSTRAINT; Schema: public; Owner: oifadmin
--

ALTER TABLE ONLY public.entreprise_entreprise_multimedia
    ADD CONSTRAINT entreprise_entrepris_multimedia_id_011f348e_fk_params_mu FOREIGN KEY (multimedia_id) REFERENCES public.params_multimedia(id) DEFERRABLE INITIALLY DEFERRED;


--
-- Name: entreprise_entreprise_objectifs entreprise_entrepris_objectif_id_b4761b5e_fk_params_ob; Type: FK CONSTRAINT; Schema: public; Owner: oifadmin
--

ALTER TABLE ONLY public.entreprise_entreprise_objectifs
    ADD CONSTRAINT entreprise_entrepris_objectif_id_b4761b5e_fk_params_ob FOREIGN KEY (objectif_id) REFERENCES public.params_objectif(id) DEFERRABLE INITIALLY DEFERRED;


--
-- Name: entreprise_entreprise_marche_cibles entreprise_entrepris_pays_id_5c4c238f_fk_params_pa; Type: FK CONSTRAINT; Schema: public; Owner: oifadmin
--

ALTER TABLE ONLY public.entreprise_entreprise_marche_cibles
    ADD CONSTRAINT entreprise_entrepris_pays_id_5c4c238f_fk_params_pa FOREIGN KEY (pays_id) REFERENCES public.params_pays(id) DEFERRABLE INITIALLY DEFERRED;


--
-- Name: entreprise_entreprise_marches_actuels entreprise_entrepris_pays_id_91766056_fk_params_pa; Type: FK CONSTRAINT; Schema: public; Owner: oifadmin
--

ALTER TABLE ONLY public.entreprise_entreprise_marches_actuels
    ADD CONSTRAINT entreprise_entrepris_pays_id_91766056_fk_params_pa FOREIGN KEY (pays_id) REFERENCES public.params_pays(id) DEFERRABLE INITIALLY DEFERRED;


--
-- Name: entreprise_entreprise entreprise_entrepris_pays_origine_id_170877d7_fk_params_pa; Type: FK CONSTRAINT; Schema: public; Owner: oifadmin
--

ALTER TABLE ONLY public.entreprise_entreprise
    ADD CONSTRAINT entreprise_entrepris_pays_origine_id_170877d7_fk_params_pa FOREIGN KEY (pays_origine_id) REFERENCES public.params_pays(id) DEFERRABLE INITIALLY DEFERRED;


--
-- Name: entreprise_entreprise_secteurs entreprise_entrepris_secteur_id_b3c965ed_fk_params_se; Type: FK CONSTRAINT; Schema: public; Owner: oifadmin
--

ALTER TABLE ONLY public.entreprise_entreprise_secteurs
    ADD CONSTRAINT entreprise_entrepris_secteur_id_b3c965ed_fk_params_se FOREIGN KEY (secteur_id) REFERENCES public.params_secteur(id) DEFERRABLE INITIALLY DEFERRED;


--
-- Name: entreprise_entreprise entreprise_entrepris_verification_statut__98ea2fdb_fk_params_ve; Type: FK CONSTRAINT; Schema: public; Owner: oifadmin
--

ALTER TABLE ONLY public.entreprise_entreprise
    ADD CONSTRAINT entreprise_entrepris_verification_statut__98ea2fdb_fk_params_ve FOREIGN KEY (verification_statut_id) REFERENCES public.params_verificationstatut(id) DEFERRABLE INITIALLY DEFERRED;


--
-- Name: entreprise_entreprise_tags entreprise_entreprise_tags_tag_id_8df22273_fk_params_tag_id; Type: FK CONSTRAINT; Schema: public; Owner: oifadmin
--

ALTER TABLE ONLY public.entreprise_entreprise_tags
    ADD CONSTRAINT entreprise_entreprise_tags_tag_id_8df22273_fk_params_tag_id FOREIGN KEY (tag_id) REFERENCES public.params_tag(id) DEFERRABLE INITIALLY DEFERRED;


--
-- Name: entreprise_entreprise entreprise_entreprise_taille_id_018eab27_fk_params_taille_id; Type: FK CONSTRAINT; Schema: public; Owner: oifadmin
--

ALTER TABLE ONLY public.entreprise_entreprise
    ADD CONSTRAINT entreprise_entreprise_taille_id_018eab27_fk_params_taille_id FOREIGN KEY (taille_id) REFERENCES public.params_taille(id) DEFERRABLE INITIALLY DEFERRED;


--
-- Name: entreprise_entreprise entreprise_entreprise_user_id_41c525ea_fk_accounts_user_id; Type: FK CONSTRAINT; Schema: public; Owner: oifadmin
--

ALTER TABLE ONLY public.entreprise_entreprise
    ADD CONSTRAINT entreprise_entreprise_user_id_41c525ea_fk_accounts_user_id FOREIGN KEY (user_id) REFERENCES public.accounts_user(id) DEFERRABLE INITIALLY DEFERRED;


--
-- Name: entreprise_membrecommunaute entreprise_membrecom_communaute_id_ef77bec1_fk_entrepris; Type: FK CONSTRAINT; Schema: public; Owner: oifadmin
--

ALTER TABLE ONLY public.entreprise_membrecommunaute
    ADD CONSTRAINT entreprise_membrecom_communaute_id_ef77bec1_fk_entrepris FOREIGN KEY (communaute_id) REFERENCES public.entreprise_communaute(id) DEFERRABLE INITIALLY DEFERRED;


--
-- Name: entreprise_membrecommunaute entreprise_membrecom_utilisateur_id_3f32ecba_fk_accounts_; Type: FK CONSTRAINT; Schema: public; Owner: oifadmin
--

ALTER TABLE ONLY public.entreprise_membrecommunaute
    ADD CONSTRAINT entreprise_membrecom_utilisateur_id_3f32ecba_fk_accounts_ FOREIGN KEY (utilisateur_id) REFERENCES public.accounts_user(id) DEFERRABLE INITIALLY DEFERRED;


--
-- Name: evenement_bloccontenu evenement_blocconten_mission_id_608e362d_fk_evenement; Type: FK CONSTRAINT; Schema: public; Owner: oifadmin
--

ALTER TABLE ONLY public.evenement_bloccontenu
    ADD CONSTRAINT evenement_blocconten_mission_id_608e362d_fk_evenement FOREIGN KEY (mission_id) REFERENCES public.evenement_missioneconomique(id) DEFERRABLE INITIALLY DEFERRED;


--
-- Name: evenement_evenement_secteur_concernees evenement_evenement__evenement_id_67cfb080_fk_evenement; Type: FK CONSTRAINT; Schema: public; Owner: oifadmin
--

ALTER TABLE ONLY public.evenement_evenement_secteur_concernees
    ADD CONSTRAINT evenement_evenement__evenement_id_67cfb080_fk_evenement FOREIGN KEY (evenement_id) REFERENCES public.evenement_evenement(id) DEFERRABLE INITIALLY DEFERRED;


--
-- Name: evenement_evenement_tags evenement_evenement__evenement_id_944ae005_fk_evenement; Type: FK CONSTRAINT; Schema: public; Owner: oifadmin
--

ALTER TABLE ONLY public.evenement_evenement_tags
    ADD CONSTRAINT evenement_evenement__evenement_id_944ae005_fk_evenement FOREIGN KEY (evenement_id) REFERENCES public.evenement_evenement(id) DEFERRABLE INITIALLY DEFERRED;


--
-- Name: evenement_evenement_multimedia evenement_evenement__evenement_id_cfe1d2f4_fk_evenement; Type: FK CONSTRAINT; Schema: public; Owner: oifadmin
--

ALTER TABLE ONLY public.evenement_evenement_multimedia
    ADD CONSTRAINT evenement_evenement__evenement_id_cfe1d2f4_fk_evenement FOREIGN KEY (evenement_id) REFERENCES public.evenement_evenement(id) DEFERRABLE INITIALLY DEFERRED;


--
-- Name: evenement_evenement_pays_concernees evenement_evenement__evenement_id_e8c4f8ed_fk_evenement; Type: FK CONSTRAINT; Schema: public; Owner: oifadmin
--

ALTER TABLE ONLY public.evenement_evenement_pays_concernees
    ADD CONSTRAINT evenement_evenement__evenement_id_e8c4f8ed_fk_evenement FOREIGN KEY (evenement_id) REFERENCES public.evenement_evenement(id) DEFERRABLE INITIALLY DEFERRED;


--
-- Name: evenement_evenement_multimedia evenement_evenement__multimedia_id_453f5287_fk_params_mu; Type: FK CONSTRAINT; Schema: public; Owner: oifadmin
--

ALTER TABLE ONLY public.evenement_evenement_multimedia
    ADD CONSTRAINT evenement_evenement__multimedia_id_453f5287_fk_params_mu FOREIGN KEY (multimedia_id) REFERENCES public.params_multimedia(id) DEFERRABLE INITIALLY DEFERRED;


--
-- Name: evenement_evenement_pays_concernees evenement_evenement__pays_id_5b1c2002_fk_params_pa; Type: FK CONSTRAINT; Schema: public; Owner: oifadmin
--

ALTER TABLE ONLY public.evenement_evenement_pays_concernees
    ADD CONSTRAINT evenement_evenement__pays_id_5b1c2002_fk_params_pa FOREIGN KEY (pays_id) REFERENCES public.params_pays(id) DEFERRABLE INITIALLY DEFERRED;


--
-- Name: evenement_evenement_secteur_concernees evenement_evenement__secteur_id_144de28d_fk_params_se; Type: FK CONSTRAINT; Schema: public; Owner: oifadmin
--

ALTER TABLE ONLY public.evenement_evenement_secteur_concernees
    ADD CONSTRAINT evenement_evenement__secteur_id_144de28d_fk_params_se FOREIGN KEY (secteur_id) REFERENCES public.params_secteur(id) DEFERRABLE INITIALLY DEFERRED;


--
-- Name: evenement_evenement evenement_evenement_organisateur_id_31de1f59_fk_accounts_; Type: FK CONSTRAINT; Schema: public; Owner: oifadmin
--

ALTER TABLE ONLY public.evenement_evenement
    ADD CONSTRAINT evenement_evenement_organisateur_id_31de1f59_fk_accounts_ FOREIGN KEY (organisateur_id) REFERENCES public.accounts_user(id) DEFERRABLE INITIALLY DEFERRED;


--
-- Name: evenement_evenement_tags evenement_evenement_tags_tag_id_60774767_fk_params_tag_id; Type: FK CONSTRAINT; Schema: public; Owner: oifadmin
--

ALTER TABLE ONLY public.evenement_evenement_tags
    ADD CONSTRAINT evenement_evenement_tags_tag_id_60774767_fk_params_tag_id FOREIGN KEY (tag_id) REFERENCES public.params_tag(id) DEFERRABLE INITIALLY DEFERRED;


--
-- Name: evenement_evenement evenement_evenement_type_evenement_id_5d6b118c_fk_params_ty; Type: FK CONSTRAINT; Schema: public; Owner: oifadmin
--

ALTER TABLE ONLY public.evenement_evenement
    ADD CONSTRAINT evenement_evenement_type_evenement_id_5d6b118c_fk_params_ty FOREIGN KEY (type_evenement_id) REFERENCES public.params_typeevenement(id) DEFERRABLE INITIALLY DEFERRED;


--
-- Name: evenement_inscriptionevenement evenement_inscriptio_evenement_id_3e3959d5_fk_evenement; Type: FK CONSTRAINT; Schema: public; Owner: oifadmin
--

ALTER TABLE ONLY public.evenement_inscriptionevenement
    ADD CONSTRAINT evenement_inscriptio_evenement_id_3e3959d5_fk_evenement FOREIGN KEY (evenement_id) REFERENCES public.evenement_evenement(id) DEFERRABLE INITIALLY DEFERRED;


--
-- Name: evenement_inscriptionevenement evenement_inscriptio_utilisateur_id_fdc11292_fk_accounts_; Type: FK CONSTRAINT; Schema: public; Owner: oifadmin
--

ALTER TABLE ONLY public.evenement_inscriptionevenement
    ADD CONSTRAINT evenement_inscriptio_utilisateur_id_fdc11292_fk_accounts_ FOREIGN KEY (utilisateur_id) REFERENCES public.accounts_user(id) DEFERRABLE INITIALLY DEFERRED;


--
-- Name: evenement_missioneconomique evenement_missioneco_secteur_id_09c68d6e_fk_params_se; Type: FK CONSTRAINT; Schema: public; Owner: oifadmin
--

ALTER TABLE ONLY public.evenement_missioneconomique
    ADD CONSTRAINT evenement_missioneco_secteur_id_09c68d6e_fk_params_se FOREIGN KEY (secteur_id) REFERENCES public.params_secteur(id) DEFERRABLE INITIALLY DEFERRED;


--
-- Name: evenement_missioneconomique evenement_missioneconomique_pays_id_63a2b591_fk_params_pays_id; Type: FK CONSTRAINT; Schema: public; Owner: oifadmin
--

ALTER TABLE ONLY public.evenement_missioneconomique
    ADD CONSTRAINT evenement_missioneconomique_pays_id_63a2b591_fk_params_pays_id FOREIGN KEY (pays_id) REFERENCES public.params_pays(id) DEFERRABLE INITIALLY DEFERRED;


--
-- Name: evenement_missionstat evenement_missionsta_mission_id_5fe98be8_fk_evenement; Type: FK CONSTRAINT; Schema: public; Owner: oifadmin
--

ALTER TABLE ONLY public.evenement_missionstat
    ADD CONSTRAINT evenement_missionsta_mission_id_5fe98be8_fk_evenement FOREIGN KEY (mission_id) REFERENCES public.evenement_missioneconomique(id) DEFERRABLE INITIALLY DEFERRED;


--
-- Name: evenement_temoignage evenement_temoignage_auteur_user_id_eff99ce0_fk_accounts_; Type: FK CONSTRAINT; Schema: public; Owner: oifadmin
--

ALTER TABLE ONLY public.evenement_temoignage
    ADD CONSTRAINT evenement_temoignage_auteur_user_id_eff99ce0_fk_accounts_ FOREIGN KEY (auteur_user_id) REFERENCES public.accounts_user(id) DEFERRABLE INITIALLY DEFERRED;


--
-- Name: evenement_temoignage evenement_temoignage_mission_id_5a51d01d_fk_evenement; Type: FK CONSTRAINT; Schema: public; Owner: oifadmin
--

ALTER TABLE ONLY public.evenement_temoignage
    ADD CONSTRAINT evenement_temoignage_mission_id_5a51d01d_fk_evenement FOREIGN KEY (mission_id) REFERENCES public.evenement_missioneconomique(id) DEFERRABLE INITIALLY DEFERRED;


--
-- Name: evenement_temoignage evenement_temoignage_organisation_id_41e065e0_fk_entrepris; Type: FK CONSTRAINT; Schema: public; Owner: oifadmin
--

ALTER TABLE ONLY public.evenement_temoignage
    ADD CONSTRAINT evenement_temoignage_organisation_id_41e065e0_fk_entrepris FOREIGN KEY (organisation_id) REFERENCES public.entreprise_entreprise(id) DEFERRABLE INITIALLY DEFERRED;


--
-- Name: evenement_temoignage evenement_temoignage_pays_id_01277bf8_fk_params_pays_id; Type: FK CONSTRAINT; Schema: public; Owner: oifadmin
--

ALTER TABLE ONLY public.evenement_temoignage
    ADD CONSTRAINT evenement_temoignage_pays_id_01277bf8_fk_params_pays_id FOREIGN KEY (pays_id) REFERENCES public.params_pays(id) DEFERRABLE INITIALLY DEFERRED;


--
-- Name: extension_cours extension_cours_instructeur_id_886e8cf1_fk_accounts_user_id; Type: FK CONSTRAINT; Schema: public; Owner: oifadmin
--

ALTER TABLE ONLY public.extension_cours
    ADD CONSTRAINT extension_cours_instructeur_id_886e8cf1_fk_accounts_user_id FOREIGN KEY (instructeur_id) REFERENCES public.accounts_user(id) DEFERRABLE INITIALLY DEFERRED;


--
-- Name: extension_cours_participants extension_cours_part_cours_id_4d0e08aa_fk_extension; Type: FK CONSTRAINT; Schema: public; Owner: oifadmin
--

ALTER TABLE ONLY public.extension_cours_participants
    ADD CONSTRAINT extension_cours_part_cours_id_4d0e08aa_fk_extension FOREIGN KEY (cours_id) REFERENCES public.extension_cours(id) DEFERRABLE INITIALLY DEFERRED;


--
-- Name: extension_cours_participants extension_cours_part_user_id_1fcbf9ce_fk_accounts_; Type: FK CONSTRAINT; Schema: public; Owner: oifadmin
--

ALTER TABLE ONLY public.extension_cours_participants
    ADD CONSTRAINT extension_cours_part_user_id_1fcbf9ce_fk_accounts_ FOREIGN KEY (user_id) REFERENCES public.accounts_user(id) DEFERRABLE INITIALLY DEFERRED;


--
-- Name: extension_cours_pays extension_cours_pays_cours_id_b13e5be2_fk_extension_cours_id; Type: FK CONSTRAINT; Schema: public; Owner: oifadmin
--

ALTER TABLE ONLY public.extension_cours_pays
    ADD CONSTRAINT extension_cours_pays_cours_id_b13e5be2_fk_extension_cours_id FOREIGN KEY (cours_id) REFERENCES public.extension_cours(id) DEFERRABLE INITIALLY DEFERRED;


--
-- Name: extension_cours_pays extension_cours_pays_pays_id_b911fc7e_fk_params_pays_id; Type: FK CONSTRAINT; Schema: public; Owner: oifadmin
--

ALTER TABLE ONLY public.extension_cours_pays
    ADD CONSTRAINT extension_cours_pays_pays_id_b911fc7e_fk_params_pays_id FOREIGN KEY (pays_id) REFERENCES public.params_pays(id) DEFERRABLE INITIALLY DEFERRED;


--
-- Name: extension_cours_secteurs extension_cours_sect_cours_id_d53e48f2_fk_extension; Type: FK CONSTRAINT; Schema: public; Owner: oifadmin
--

ALTER TABLE ONLY public.extension_cours_secteurs
    ADD CONSTRAINT extension_cours_sect_cours_id_d53e48f2_fk_extension FOREIGN KEY (cours_id) REFERENCES public.extension_cours(id) DEFERRABLE INITIALLY DEFERRED;


--
-- Name: extension_cours_secteurs extension_cours_sect_secteur_id_b3bc78d6_fk_params_se; Type: FK CONSTRAINT; Schema: public; Owner: oifadmin
--

ALTER TABLE ONLY public.extension_cours_secteurs
    ADD CONSTRAINT extension_cours_sect_secteur_id_b3bc78d6_fk_params_se FOREIGN KEY (secteur_id) REFERENCES public.params_secteur(id) DEFERRABLE INITIALLY DEFERRED;


--
-- Name: extension_cours_tags extension_cours_tags_cours_id_8ac71812_fk_extension_cours_id; Type: FK CONSTRAINT; Schema: public; Owner: oifadmin
--

ALTER TABLE ONLY public.extension_cours_tags
    ADD CONSTRAINT extension_cours_tags_cours_id_8ac71812_fk_extension_cours_id FOREIGN KEY (cours_id) REFERENCES public.extension_cours(id) DEFERRABLE INITIALLY DEFERRED;


--
-- Name: extension_cours_tags extension_cours_tags_tag_id_25155507_fk_params_tag_id; Type: FK CONSTRAINT; Schema: public; Owner: oifadmin
--

ALTER TABLE ONLY public.extension_cours_tags
    ADD CONSTRAINT extension_cours_tags_tag_id_25155507_fk_params_tag_id FOREIGN KEY (tag_id) REFERENCES public.params_tag(id) DEFERRABLE INITIALLY DEFERRED;


--
-- Name: extension_marketplace_tags extension_marketplac_marketplace_id_4ab8a91e_fk_extension; Type: FK CONSTRAINT; Schema: public; Owner: oifadmin
--

ALTER TABLE ONLY public.extension_marketplace_tags
    ADD CONSTRAINT extension_marketplac_marketplace_id_4ab8a91e_fk_extension FOREIGN KEY (marketplace_id) REFERENCES public.extension_marketplace(id) DEFERRABLE INITIALLY DEFERRED;


--
-- Name: extension_marketplace_tags extension_marketplace_tags_tag_id_a5f50c34_fk_params_tag_id; Type: FK CONSTRAINT; Schema: public; Owner: oifadmin
--

ALTER TABLE ONLY public.extension_marketplace_tags
    ADD CONSTRAINT extension_marketplace_tags_tag_id_a5f50c34_fk_params_tag_id FOREIGN KEY (tag_id) REFERENCES public.params_tag(id) DEFERRABLE INITIALLY DEFERRED;


--
-- Name: extension_marketplace extension_marketplace_vendeur_id_0554463f_fk_accounts_user_id; Type: FK CONSTRAINT; Schema: public; Owner: oifadmin
--

ALTER TABLE ONLY public.extension_marketplace
    ADD CONSTRAINT extension_marketplace_vendeur_id_0554463f_fk_accounts_user_id FOREIGN KEY (vendeur_id) REFERENCES public.accounts_user(id) DEFERRABLE INITIALLY DEFERRED;


--
-- Name: message_discussion message_discussion_auteur_id_cfa9c818_fk_accounts_user_id; Type: FK CONSTRAINT; Schema: public; Owner: oifadmin
--

ALTER TABLE ONLY public.message_discussion
    ADD CONSTRAINT message_discussion_auteur_id_cfa9c818_fk_accounts_user_id FOREIGN KEY (auteur_id) REFERENCES public.accounts_user(id) DEFERRABLE INITIALLY DEFERRED;


--
-- Name: message_discussion message_discussion_communaute_id_6599a370_fk_entrepris; Type: FK CONSTRAINT; Schema: public; Owner: oifadmin
--

ALTER TABLE ONLY public.message_discussion
    ADD CONSTRAINT message_discussion_communaute_id_6599a370_fk_entrepris FOREIGN KEY (communaute_id) REFERENCES public.entreprise_communaute(id) DEFERRABLE INITIALLY DEFERRED;


--
-- Name: message_discussion message_discussion_entreprise_id_f2c8c8f9_fk_entrepris; Type: FK CONSTRAINT; Schema: public; Owner: oifadmin
--

ALTER TABLE ONLY public.message_discussion
    ADD CONSTRAINT message_discussion_entreprise_id_f2c8c8f9_fk_entrepris FOREIGN KEY (entreprise_id) REFERENCES public.entreprise_entreprise(id) DEFERRABLE INITIALLY DEFERRED;


--
-- Name: message_discussion message_discussion_parent_id_16e08740_fk_message_discussion_id; Type: FK CONSTRAINT; Schema: public; Owner: oifadmin
--

ALTER TABLE ONLY public.message_discussion
    ADD CONSTRAINT message_discussion_parent_id_16e08740_fk_message_discussion_id FOREIGN KEY (parent_id) REFERENCES public.message_discussion(id) DEFERRABLE INITIALLY DEFERRED;


--
-- Name: message_matchmaking message_matchmaking_user1_id_1ca14b1b_fk_accounts_user_id; Type: FK CONSTRAINT; Schema: public; Owner: oifadmin
--

ALTER TABLE ONLY public.message_matchmaking
    ADD CONSTRAINT message_matchmaking_user1_id_1ca14b1b_fk_accounts_user_id FOREIGN KEY (user1_id) REFERENCES public.accounts_user(id) DEFERRABLE INITIALLY DEFERRED;


--
-- Name: message_matchmaking message_matchmaking_user2_id_0a4f0401_fk_accounts_user_id; Type: FK CONSTRAINT; Schema: public; Owner: oifadmin
--

ALTER TABLE ONLY public.message_matchmaking
    ADD CONSTRAINT message_matchmaking_user2_id_0a4f0401_fk_accounts_user_id FOREIGN KEY (user2_id) REFERENCES public.accounts_user(id) DEFERRABLE INITIALLY DEFERRED;


--
-- Name: message_message message_message_discussion_id_1f779537_fk_message_discussion_id; Type: FK CONSTRAINT; Schema: public; Owner: oifadmin
--

ALTER TABLE ONLY public.message_message
    ADD CONSTRAINT message_message_discussion_id_1f779537_fk_message_discussion_id FOREIGN KEY (discussion_id) REFERENCES public.message_discussion(id) DEFERRABLE INITIALLY DEFERRED;


--
-- Name: message_message message_message_parent_id_068d3893_fk_message_message_id; Type: FK CONSTRAINT; Schema: public; Owner: oifadmin
--

ALTER TABLE ONLY public.message_message
    ADD CONSTRAINT message_message_parent_id_068d3893_fk_message_message_id FOREIGN KEY (parent_id) REFERENCES public.message_message(id) DEFERRABLE INITIALLY DEFERRED;


--
-- Name: message_message message_message_receiver_id_dc38e7dd_fk_accounts_user_id; Type: FK CONSTRAINT; Schema: public; Owner: oifadmin
--

ALTER TABLE ONLY public.message_message
    ADD CONSTRAINT message_message_receiver_id_dc38e7dd_fk_accounts_user_id FOREIGN KEY (receiver_id) REFERENCES public.accounts_user(id) DEFERRABLE INITIALLY DEFERRED;


--
-- Name: message_message message_message_sender_id_b8690ab2_fk_accounts_user_id; Type: FK CONSTRAINT; Schema: public; Owner: oifadmin
--

ALTER TABLE ONLY public.message_message
    ADD CONSTRAINT message_message_sender_id_b8690ab2_fk_accounts_user_id FOREIGN KEY (sender_id) REFERENCES public.accounts_user(id) DEFERRABLE INITIALLY DEFERRED;


--
-- Name: notifications_notification notifications_notifi_action_object_conten_7d2b8ee9_fk_django_co; Type: FK CONSTRAINT; Schema: public; Owner: oifadmin
--

ALTER TABLE ONLY public.notifications_notification
    ADD CONSTRAINT notifications_notifi_action_object_conten_7d2b8ee9_fk_django_co FOREIGN KEY (action_object_content_type_id) REFERENCES public.django_content_type(id) DEFERRABLE INITIALLY DEFERRED;


--
-- Name: notifications_notification notifications_notifi_actor_content_type_i_0c69d7b7_fk_django_co; Type: FK CONSTRAINT; Schema: public; Owner: oifadmin
--

ALTER TABLE ONLY public.notifications_notification
    ADD CONSTRAINT notifications_notifi_actor_content_type_i_0c69d7b7_fk_django_co FOREIGN KEY (actor_content_type_id) REFERENCES public.django_content_type(id) DEFERRABLE INITIALLY DEFERRED;


--
-- Name: notifications_notification notifications_notifi_recipient_id_d055f3f0_fk_accounts_; Type: FK CONSTRAINT; Schema: public; Owner: oifadmin
--

ALTER TABLE ONLY public.notifications_notification
    ADD CONSTRAINT notifications_notifi_recipient_id_d055f3f0_fk_accounts_ FOREIGN KEY (recipient_id) REFERENCES public.accounts_user(id) DEFERRABLE INITIALLY DEFERRED;


--
-- Name: notifications_notification notifications_notifi_target_content_type__ccb24d88_fk_django_co; Type: FK CONSTRAINT; Schema: public; Owner: oifadmin
--

ALTER TABLE ONLY public.notifications_notification
    ADD CONSTRAINT notifications_notifi_target_content_type__ccb24d88_fk_django_co FOREIGN KEY (target_content_type_id) REFERENCES public.django_content_type(id) DEFERRABLE INITIALLY DEFERRED;


--
-- Name: pages_custompage pages_custompage_bloc_id_545e8b56_fk_pages_bloc_id; Type: FK CONSTRAINT; Schema: public; Owner: oifadmin
--

ALTER TABLE ONLY public.pages_custompage
    ADD CONSTRAINT pages_custompage_bloc_id_545e8b56_fk_pages_bloc_id FOREIGN KEY (bloc_id) REFERENCES public.pages_bloc(id) DEFERRABLE INITIALLY DEFERRED;


--
-- Name: pages_custompage pages_custompage_flatpage_ptr_id_90a354ae_fk_betterFla; Type: FK CONSTRAINT; Schema: public; Owner: oifadmin
--

ALTER TABLE ONLY public.pages_custompage
    ADD CONSTRAINT "pages_custompage_flatpage_ptr_id_90a354ae_fk_betterFla" FOREIGN KEY (flatpage_ptr_id) REFERENCES public."betterFlatPages_flatpage"(id) DEFERRABLE INITIALLY DEFERRED;


--
-- Name: pages_media pages_media_page_id_410dcb3a_fk_pages_cus; Type: FK CONSTRAINT; Schema: public; Owner: oifadmin
--

ALTER TABLE ONLY public.pages_media
    ADD CONSTRAINT pages_media_page_id_410dcb3a_fk_pages_cus FOREIGN KEY (page_id) REFERENCES public.pages_custompage(flatpage_ptr_id) DEFERRABLE INITIALLY DEFERRED;


--
-- Name: pages_tile pages_tile_bloc_id_ded92256_fk_pages_bloc_id; Type: FK CONSTRAINT; Schema: public; Owner: oifadmin
--

ALTER TABLE ONLY public.pages_tile
    ADD CONSTRAINT pages_tile_bloc_id_ded92256_fk_pages_bloc_id FOREIGN KEY (bloc_id) REFERENCES public.pages_bloc(id) DEFERRABLE INITIALLY DEFERRED;


--
-- Name: pages_url pages_url_tile_id_08a73258_fk_pages_tile_id; Type: FK CONSTRAINT; Schema: public; Owner: oifadmin
--

ALTER TABLE ONLY public.pages_url
    ADD CONSTRAINT pages_url_tile_id_08a73258_fk_pages_tile_id FOREIGN KEY (tile_id) REFERENCES public.pages_tile(id) DEFERRABLE INITIALLY DEFERRED;


--
-- Name: params_secteur params_secteur_parent_id_6da6de6f_fk_params_secteur_id; Type: FK CONSTRAINT; Schema: public; Owner: oifadmin
--

ALTER TABLE ONLY public.params_secteur
    ADD CONSTRAINT params_secteur_parent_id_6da6de6f_fk_params_secteur_id FOREIGN KEY (parent_id) REFERENCES public.params_secteur(id) DEFERRABLE INITIALLY DEFERRED;


--
-- Name: params_typeusager params_typeuser_user_group_id_8826c72b_fk_auth_group_id; Type: FK CONSTRAINT; Schema: public; Owner: oifadmin
--

ALTER TABLE ONLY public.params_typeusager
    ADD CONSTRAINT params_typeuser_user_group_id_8826c72b_fk_auth_group_id FOREIGN KEY (user_group_id) REFERENCES public.auth_group(id) DEFERRABLE INITIALLY DEFERRED;


--
-- Name: ressource_opportunite ressource_opportunit_entreprise_id_e8179f01_fk_entrepris; Type: FK CONSTRAINT; Schema: public; Owner: oifadmin
--

ALTER TABLE ONLY public.ressource_opportunite
    ADD CONSTRAINT ressource_opportunit_entreprise_id_e8179f01_fk_entrepris FOREIGN KEY (entreprise_id) REFERENCES public.entreprise_entreprise(id) DEFERRABLE INITIALLY DEFERRED;


--
-- Name: ressource_opportunite_mots_cles ressource_opportunit_opportunite_id_27333f1d_fk_ressource; Type: FK CONSTRAINT; Schema: public; Owner: oifadmin
--

ALTER TABLE ONLY public.ressource_opportunite_mots_cles
    ADD CONSTRAINT ressource_opportunit_opportunite_id_27333f1d_fk_ressource FOREIGN KEY (opportunite_id) REFERENCES public.ressource_opportunite(id) DEFERRABLE INITIALLY DEFERRED;


--
-- Name: ressource_opportunite ressource_opportunit_statut_id_9c43489d_fk_params_st; Type: FK CONSTRAINT; Schema: public; Owner: oifadmin
--

ALTER TABLE ONLY public.ressource_opportunite
    ADD CONSTRAINT ressource_opportunit_statut_id_9c43489d_fk_params_st FOREIGN KEY (statut_id) REFERENCES public.params_statutopportunite(id) DEFERRABLE INITIALLY DEFERRED;


--
-- Name: ressource_opportunite_mots_cles ressource_opportunit_tag_id_186bcc7a_fk_params_ta; Type: FK CONSTRAINT; Schema: public; Owner: oifadmin
--

ALTER TABLE ONLY public.ressource_opportunite_mots_cles
    ADD CONSTRAINT ressource_opportunit_tag_id_186bcc7a_fk_params_ta FOREIGN KEY (tag_id) REFERENCES public.params_tag(id) DEFERRABLE INITIALLY DEFERRED;


--
-- Name: ressource_opportunite ressource_opportunit_type_opportunite_id_f98df40b_fk_params_ty; Type: FK CONSTRAINT; Schema: public; Owner: oifadmin
--

ALTER TABLE ONLY public.ressource_opportunite
    ADD CONSTRAINT ressource_opportunit_type_opportunite_id_f98df40b_fk_params_ty FOREIGN KEY (type_opportunite_id) REFERENCES public.params_typeopportunite(id) DEFERRABLE INITIALLY DEFERRED;


--
-- Name: ressource_opportunite ressource_opportunit_utilisateur_id_8b31ffe6_fk_accounts_; Type: FK CONSTRAINT; Schema: public; Owner: oifadmin
--

ALTER TABLE ONLY public.ressource_opportunite
    ADD CONSTRAINT ressource_opportunit_utilisateur_id_8b31ffe6_fk_accounts_ FOREIGN KEY (utilisateur_id) REFERENCES public.accounts_user(id) DEFERRABLE INITIALLY DEFERRED;


--
-- Name: ressource_opportunite ressource_opportunite_pays_cible_id_3b225222_fk_params_pays_id; Type: FK CONSTRAINT; Schema: public; Owner: oifadmin
--

ALTER TABLE ONLY public.ressource_opportunite
    ADD CONSTRAINT ressource_opportunite_pays_cible_id_3b225222_fk_params_pays_id FOREIGN KEY (pays_cible_id) REFERENCES public.params_pays(id) DEFERRABLE INITIALLY DEFERRED;


--
-- Name: ressource_opportunite ressource_opportunite_secteur_id_18344221_fk_params_secteur_id; Type: FK CONSTRAINT; Schema: public; Owner: oifadmin
--

ALTER TABLE ONLY public.ressource_opportunite
    ADD CONSTRAINT ressource_opportunite_secteur_id_18344221_fk_params_secteur_id FOREIGN KEY (secteur_id) REFERENCES public.params_secteur(id) DEFERRABLE INITIALLY DEFERRED;


--
-- Name: ressource_ressource_pays ressource_ressource__ressource_id_2c63be76_fk_ressource; Type: FK CONSTRAINT; Schema: public; Owner: oifadmin
--

ALTER TABLE ONLY public.ressource_ressource_pays
    ADD CONSTRAINT ressource_ressource__ressource_id_2c63be76_fk_ressource FOREIGN KEY (ressource_id) REFERENCES public.ressource_ressource(id) DEFERRABLE INITIALLY DEFERRED;


--
-- Name: ressource_ressource_mots_cles ressource_ressource__ressource_id_b7e9a6cf_fk_ressource; Type: FK CONSTRAINT; Schema: public; Owner: oifadmin
--

ALTER TABLE ONLY public.ressource_ressource_mots_cles
    ADD CONSTRAINT ressource_ressource__ressource_id_b7e9a6cf_fk_ressource FOREIGN KEY (ressource_id) REFERENCES public.ressource_ressource(id) DEFERRABLE INITIALLY DEFERRED;


--
-- Name: ressource_ressource_secteurs ressource_ressource__ressource_id_c331a869_fk_ressource; Type: FK CONSTRAINT; Schema: public; Owner: oifadmin
--

ALTER TABLE ONLY public.ressource_ressource_secteurs
    ADD CONSTRAINT ressource_ressource__ressource_id_c331a869_fk_ressource FOREIGN KEY (ressource_id) REFERENCES public.ressource_ressource(id) DEFERRABLE INITIALLY DEFERRED;


--
-- Name: ressource_ressource_secteurs ressource_ressource__secteur_id_8dbd51d8_fk_params_se; Type: FK CONSTRAINT; Schema: public; Owner: oifadmin
--

ALTER TABLE ONLY public.ressource_ressource_secteurs
    ADD CONSTRAINT ressource_ressource__secteur_id_8dbd51d8_fk_params_se FOREIGN KEY (secteur_id) REFERENCES public.params_secteur(id) DEFERRABLE INITIALLY DEFERRED;


--
-- Name: ressource_ressource ressource_ressource_contributeur_id_f714d0fc_fk_accounts_; Type: FK CONSTRAINT; Schema: public; Owner: oifadmin
--

ALTER TABLE ONLY public.ressource_ressource
    ADD CONSTRAINT ressource_ressource_contributeur_id_f714d0fc_fk_accounts_ FOREIGN KEY (contributeur_id) REFERENCES public.accounts_user(id) DEFERRABLE INITIALLY DEFERRED;


--
-- Name: ressource_ressource_mots_cles ressource_ressource_mots_cles_tag_id_4662b45e_fk_params_tag_id; Type: FK CONSTRAINT; Schema: public; Owner: oifadmin
--

ALTER TABLE ONLY public.ressource_ressource_mots_cles
    ADD CONSTRAINT ressource_ressource_mots_cles_tag_id_4662b45e_fk_params_tag_id FOREIGN KEY (tag_id) REFERENCES public.params_tag(id) DEFERRABLE INITIALLY DEFERRED;


--
-- Name: ressource_ressource_pays ressource_ressource_pays_pays_id_8f0aa42a_fk_params_pays_id; Type: FK CONSTRAINT; Schema: public; Owner: oifadmin
--

ALTER TABLE ONLY public.ressource_ressource_pays
    ADD CONSTRAINT ressource_ressource_pays_pays_id_8f0aa42a_fk_params_pays_id FOREIGN KEY (pays_id) REFERENCES public.params_pays(id) DEFERRABLE INITIALLY DEFERRED;


--
-- Name: ressource_ressource ressource_ressource_type_ressource_id_7c9df559_fk_params_ty; Type: FK CONSTRAINT; Schema: public; Owner: oifadmin
--

ALTER TABLE ONLY public.ressource_ressource
    ADD CONSTRAINT ressource_ressource_type_ressource_id_7c9df559_fk_params_ty FOREIGN KEY (type_ressource_id) REFERENCES public.params_typeressource(id) DEFERRABLE INITIALLY DEFERRED;


--
--

